255
CDUS43 KMKX 242141
CLIMSN


CLIMATE REPORT
NATIONAL WEATHER SERVICE IN MILWAUKEE
437 PM CDT SUN SEP 24 2017


...................................

...THE MADISON WI CLIMATE SUMMARY FOR SEPTEMBER 24 2017...
VALID TODAY AS OF 0400 PM LOCAL TIME.

CLIMATE NORMAL PERIOD 1981 TO 2010
CLIMATE RECORD PERIOD 1871 TO 2017


WEATHER ITEM   OBSERVED TIME   RECORD YEAR NORMAL DEPARTURE LAST
                VALUE   (LST)  VALUE       VALUE  FROM      YEAR
                                                  NORMAL
..................................................................
TEMPERATURE (F)
 TODAY
  MAXIMUM         89R   259 PM  88    1935  68     21       71
  MINIMUM         64    550 AM  26    1976  47     17       61
  AVERAGE         77                        57     20       66

PRECIPITATION (IN)
  TODAY            0.00          2.07 1899   0.10  -0.10     0.07
  MONTH TO DATE    0.55                      2.58  -2.03     7.97
  SINCE SEP 1      0.55                      2.58  -2.03     7.97
  SINCE JAN 1     33.31                     27.40   5.91    36.21

SNOWFALL (IN)
  TODAY            0.0           0.0    MM   0.0    0.0      0.0
  MONTH TO DATE    0.0                       0.0    0.0      0.0
  SINCE SEP 1      0.0                       0.0    0.0      0.0
  SINCE JUL 1      0.0                       0.0    0.0      0.0
  SNOW DEPTH       0

DEGREE DAYS
 HEATING
  TODAY            0                         8     -8        0
  MONTH TO DATE   76                       114    -38        9
  SINCE SEP 1     76                       114    -38        9
  SINCE JUL 1    101                       151    -50       16

 COOLING
  TODAY           12                         1     11        1
  MONTH TO DATE   94                        48     46       71
  SINCE SEP 1     94                        48     46       71
  SINCE JAN 1    554                       561     -7      766
..................................................................


WIND (MPH)
  HIGHEST WIND SPEED    18   HIGHEST WIND DIRECTION     S (180)
  HIGHEST GUST SPEED    24   HIGHEST GUST DIRECTION     S (170)
  AVERAGE WIND SPEED     7.6


SKY COVER
  POSSIBLE SUNSHINE  MM
  AVERAGE SKY COVER 0.0


WEATHER CONDITIONS
 THE FOLLOWING WEATHER WAS RECORDED TODAY.
  FOG
  HAZE


RELATIVE HUMIDITY (PERCENT)
 HIGHEST   100           500 AM
 LOWEST     34           300 PM
 AVERAGE    67

..........................................................


THE MADISON WI CLIMATE NORMALS FOR TOMORROW
                         NORMAL    RECORD    YEAR
 MAXIMUM TEMPERATURE (F)   68        89      1920
 MINIMUM TEMPERATURE (F)   46        30      1942


SUNRISE AND SUNSET
SEPTEMBER 24 2017.....SUNRISE   647 AM CDT   SUNSET   651 PM CDT
SEPTEMBER 25 2017.....SUNRISE   648 AM CDT   SUNSET   649 PM CDT


-  INDICATES NEGATIVE NUMBERS.
R  INDICATES RECORD WAS SET OR TIED.
MM INDICATES DATA IS MISSING.
T  INDICATES TRACE AMOUNT.




$$

HAHN
