000
CDUS43 KMKX 082233
CLIMSN


CLIMATE REPORT
NATIONAL WEATHER SERVICE IN MILWAUKEE
432 PM CST FRI DEC 8 2017


...................................

...THE MADISON WI CLIMATE SUMMARY FOR DECEMBER 8 2017...
VALID TODAY AS OF 0400 PM LOCAL TIME.

CLIMATE NORMAL PERIOD 1981 TO 2010
CLIMATE RECORD PERIOD 1871 TO 2017


WEATHER ITEM   OBSERVED TIME   RECORD YEAR NORMAL DEPARTURE LAST
                VALUE   (LST)  VALUE       VALUE  FROM      YEAR
                                                  NORMAL
..................................................................
TEMPERATURE (F)
 TODAY
  MAXIMUM         34    259 PM  60    1946  32      2       23
  MINIMUM         18    408 AM -16    1876  18      0       14
  AVERAGE         26                        25      1       19

PRECIPITATION (IN)
  TODAY            0.00          0.82 1966   0.07  -0.07      T
  MONTH TO DATE    0.47                      0.57  -0.10     0.47
  SINCE DEC 1      0.47                      0.57  -0.10     0.47
  SINCE JAN 1     38.02                     33.31   4.71    44.00

SNOWFALL (IN)
  TODAY            0.0           7.1  2009   0.5   -0.5      0.1
  MONTH TO DATE    T                         3.3   -3.3      5.8
  SINCE DEC 1      T                         3.3   -3.3      5.8
  SINCE JUL 1      0.3                       7.4   -7.1      5.8
  SNOW DEPTH       0

DEGREE DAYS
 HEATING
  TODAY           39                        40     -1       46
  MONTH TO DATE  255                       306    -51      282
  SINCE DEC 1    255                       306    -51      282
  SINCE JUL 1   1614                      1885   -271     1304

 COOLING
  TODAY            0                         0      0        0
  MONTH TO DATE    0                         0      0        0
  SINCE DEC 1      0                         0      0        0
  SINCE JAN 1    580                       568     12      780
..................................................................


WIND (MPH)
  HIGHEST WIND SPEED    13   HIGHEST WIND DIRECTION    SW (230)
  HIGHEST GUST SPEED    23   HIGHEST GUST DIRECTION     W (260)
  AVERAGE WIND SPEED     7.4


SKY COVER
  POSSIBLE SUNSHINE  MM
  AVERAGE SKY COVER 0.3


WEATHER CONDITIONS
 THE FOLLOWING WEATHER WAS RECORDED TODAY.
  NO SIGNIFICANT WEATHER WAS OBSERVED.


RELATIVE HUMIDITY (PERCENT)
 HIGHEST    67           500 AM
 LOWEST     51          1200 AM
 AVERAGE    59

..........................................................


THE MADISON WI CLIMATE NORMALS FOR TOMORROW
                         NORMAL    RECORD    YEAR
 MAXIMUM TEMPERATURE (F)   32        60      1946
 MINIMUM TEMPERATURE (F)   18       -22      1876


SUNRISE AND SUNSET
DECEMBER  8 2017......SUNRISE   717 AM CST   SUNSET   422 PM CST
DECEMBER  9 2017......SUNRISE   717 AM CST   SUNSET   422 PM CST


-  INDICATES NEGATIVE NUMBERS.
R  INDICATES RECORD WAS SET OR TIED.
MM INDICATES DATA IS MISSING.
T  INDICATES TRACE AMOUNT.




$$
