000
CDUS43 KMKX 260701
CLIMSN


CLIMATE REPORT
NATIONAL WEATHER SERVICE IN MILWAUKEE
200 AM CDT SUN MAR 26 2017


...................................

...THE MADISON WI CLIMATE SUMMARY FOR MARCH 25 2017...

CLIMATE NORMAL PERIOD 1981 TO 2010
CLIMATE RECORD PERIOD 1871 TO 2017


WEATHER ITEM   OBSERVED TIME   RECORD YEAR NORMAL DEPARTURE LAST
                VALUE   (LST)  VALUE       VALUE  FROM      YEAR
                                                  NORMAL
..................................................................
TEMPERATURE (F)
 YESTERDAY
  MAXIMUM         39   1159 PM  77    2007  47     -8       47
  MINIMUM         36    725 AM  -4    1960  28      8       18
  AVERAGE         38                        38      0       33

PRECIPITATION (IN)
  YESTERDAY        0.13          1.41 1920   0.08   0.05     0.00
  MONTH TO DATE    1.89                      1.66   0.23     2.94
  SINCE MAR 1      1.89                      1.66   0.23     2.94
  SINCE JAN 1      6.59                      4.34   2.25     4.44

SNOWFALL (IN)
  YESTERDAY       MM             5.0  1899   0.2   MM        0.0
  MONTH TO DATE    8.3                       6.0    2.3      4.0
  SINCE MAR 1      8.3                       6.0    2.3      4.0
  SINCE JUL 1     44.0                      47.1   -3.1     28.5
  SNOW DEPTH       0

DEGREE DAYS
 HEATING
  YESTERDAY       27                        27      0       32
  MONTH TO DATE  809                       806      3      645
  SINCE MAR 1    809                       806      3      645
  SINCE JUL 1   5321                      6292   -971     5245

 COOLING
  YESTERDAY        0                         0      0        0
  MONTH TO DATE    0                         0      0        0
  SINCE MAR 1      0                         0      0        0
  SINCE JAN 1      0                         0      0        0
..................................................................


WIND (MPH)
  HIGHEST WIND SPEED    23   HIGHEST WIND DIRECTION    NE (60)
  HIGHEST GUST SPEED    30   HIGHEST GUST DIRECTION    NE (60)
  AVERAGE WIND SPEED    14.4


SKY COVER
  POSSIBLE SUNSHINE  MM
  AVERAGE SKY COVER 1.0


WEATHER CONDITIONS
 THE FOLLOWING WEATHER WAS RECORDED YESTERDAY.
  RAIN
  LIGHT RAIN
  FOG


RELATIVE HUMIDITY (PERCENT)
 HIGHEST    92           500 AM
 LOWEST     85          1200 AM
 AVERAGE    89

..........................................................


THE MADISON WI CLIMATE NORMALS FOR TODAY
                         NORMAL    RECORD    YEAR
 MAXIMUM TEMPERATURE (F)   48        79      2007
 MINIMUM TEMPERATURE (F)   28        -9      1960


SUNRISE AND SUNSET
MARCH 26 2017.........SUNRISE   649 AM CDT   SUNSET   717 PM CDT
MARCH 27 2017.........SUNRISE   648 AM CDT   SUNSET   718 PM CDT


-  INDICATES NEGATIVE NUMBERS.
R  INDICATES RECORD WAS SET OR TIED.
MM INDICATES DATA IS MISSING.
T  INDICATES TRACE AMOUNT.




$$
