000
CDUS43 KMKX 210656
CLIMSN


CLIMATE REPORT
NATIONAL WEATHER SERVICE IN MILWAUKEE
155 AM CDT THU AUG 21 2014


...................................

...THE MADISON WI CLIMATE SUMMARY FOR AUGUST 20 2014...

CLIMATE NORMAL PERIOD 1981 TO 2010
CLIMATE RECORD PERIOD 1871 TO 2014


WEATHER ITEM   OBSERVED TIME   RECORD YEAR NORMAL DEPARTURE LAST
                VALUE   (LST)  VALUE       VALUE  FROM      YEAR
                                                  NORMAL
..................................................................
TEMPERATURE (F)
 YESTERDAY
  MAXIMUM         85    336 PM  98    1955  79      6       87
                                      1916
  MINIMUM         61    516 AM  39    1967  59      2       64
                                      1950
  AVERAGE         73                        69      4       76

PRECIPITATION (IN)
  YESTERDAY        0.00          1.61 1952   0.14  -0.14     0.00
  MONTH TO DATE    3.27                      2.83   0.44     0.30
  SINCE JUN 1     13.90                     11.55   2.35    15.16
  SINCE JAN 1     25.65                     23.38   2.27    35.25

SNOWFALL (IN)
  YESTERDAY        0.0           0.0    MM   0.0    0.0      0.0
  MONTH TO DATE    0.0                       0.0    0.0      0.0
  SINCE JUN 1      0.0                       0.0    0.0      0.0
  SINCE JUL 1      0.0                       0.0    0.0      0.0
  SNOW DEPTH       0

DEGREE DAYS
 HEATING
  YESTERDAY        0                         1     -1        0
  MONTH TO DATE    4                        17    -13       12
  SINCE JUN 1     26                        87    -61       82
  SINCE JUL 1     17                        27    -10       30

 COOLING
  YESTERDAY        8                         5      3       11
  MONTH TO DATE  106                       112     -6       67
  SINCE JUN 1    431                       438     -7      435
  SINCE JAN 1    482                       468     14      488
..................................................................


WIND (MPH)
  HIGHEST WIND SPEED    10   HIGHEST WIND DIRECTION     W (290)
  HIGHEST GUST SPEED    17   HIGHEST GUST DIRECTION    NW (300)
  AVERAGE WIND SPEED     2.6


SKY COVER
  POSSIBLE SUNSHINE  MM
  AVERAGE SKY COVER 0.5


WEATHER CONDITIONS
 THE FOLLOWING WEATHER WAS RECORDED YESTERDAY.
  FOG


RELATIVE HUMIDITY (PERCENT)
 HIGHEST    93           300 AM
 LOWEST     48           200 PM
 AVERAGE    71

..........................................................


THE MADISON WI CLIMATE NORMALS FOR TODAY
                         NORMAL    RECORD    YEAR
 MAXIMUM TEMPERATURE (F)   79       101      1955
 MINIMUM TEMPERATURE (F)   59        43      1970
                                             1969


SUNRISE AND SUNSET
AUGUST 21 2014........SUNRISE   610 AM CDT   SUNSET   751 PM CDT
AUGUST 22 2014........SUNRISE   611 AM CDT   SUNSET   749 PM CDT


-  INDICATES NEGATIVE NUMBERS.
R  INDICATES RECORD WAS SET OR TIED.
MM INDICATES DATA IS MISSING.
T  INDICATES TRACE AMOUNT.




$$
