150
CDUS43 KMKX 250648
CLIMSN


CLIMATE REPORT
NATIONAL WEATHER SERVICE IN MILWAUKEE
148 AM CDT TUE APR 25 2017


...................................

...THE MADISON WI CLIMATE SUMMARY FOR APRIL 24 2017...

CLIMATE NORMAL PERIOD 1981 TO 2010
CLIMATE RECORD PERIOD 1871 TO 2017


WEATHER ITEM   OBSERVED TIME   RECORD YEAR NORMAL DEPARTURE LAST
                VALUE   (LST)  VALUE       VALUE  FROM      YEAR
                                                  NORMAL
..................................................................
TEMPERATURE (F)
 YESTERDAY
  MAXIMUM         72    305 PM  85    1990  61     11       73
  MINIMUM         35    514 AM  21    1910  39     -4       40
  AVERAGE         54                        50      4       57

PRECIPITATION (IN)
  YESTERDAY        0.00          1.56 1955   0.11  -0.11     0.04
  MONTH TO DATE    2.98                      2.70   0.28     1.06
  SINCE MAR 1      5.81                      4.90   0.91     5.02
  SINCE JAN 1     10.51                      7.58   2.93     6.52

SNOWFALL (IN)
  YESTERDAY        0.0           0.4  1910   0.1   -0.1      0.0
  MONTH TO DATE    T                         2.4   -2.4      4.2
  SINCE MAR 1      8.3                       9.4   -1.1      8.2
  SINCE JUL 1     44.0                      50.5   -6.5     32.7
  SNOW DEPTH       0

DEGREE DAYS
 HEATING
  YESTERDAY       11                        15     -4        8
  MONTH TO DATE  338                       474   -136      464
  SINCE MAR 1   1287                      1437   -150     1234
  SINCE JUL 1   5799                      6923  -1124     5834

 COOLING
  YESTERDAY        0                         0      0        0
  MONTH TO DATE    0                         0      0        0
  SINCE MAR 1      0                         0      0        0
  SINCE JAN 1      0                         0      0        0
..................................................................


WIND (MPH)
  HIGHEST WIND SPEED    22   HIGHEST WIND DIRECTION     S (180)
  HIGHEST GUST SPEED    28   HIGHEST GUST DIRECTION     S (170)
  AVERAGE WIND SPEED    11.4


SKY COVER
  POSSIBLE SUNSHINE  MM
  AVERAGE SKY COVER 0.5


WEATHER CONDITIONS
 THE FOLLOWING WEATHER WAS RECORDED YESTERDAY.
  NO SIGNIFICANT WEATHER WAS OBSERVED.


RELATIVE HUMIDITY (PERCENT)
 HIGHEST    89           500 AM
 LOWEST     18           600 PM
 AVERAGE    54

..........................................................


THE MADISON WI CLIMATE NORMALS FOR TODAY
                         NORMAL    RECORD    YEAR
 MAXIMUM TEMPERATURE (F)   61        85      1990
 MINIMUM TEMPERATURE (F)   39        21      1972


SUNRISE AND SUNSET
APRIL 25 2017.........SUNRISE   559 AM CDT   SUNSET   752 PM CDT
APRIL 26 2017.........SUNRISE   558 AM CDT   SUNSET   753 PM CDT


-  INDICATES NEGATIVE NUMBERS.
R  INDICATES RECORD WAS SET OR TIED.
MM INDICATES DATA IS MISSING.
T  INDICATES TRACE AMOUNT.




$$
