000
CDUS43 KMKX 160657
CLIMSN


CLIMATE REPORT
NATIONAL WEATHER SERVICE IN MILWAUKEE
1256 AM CST SAT DEC 16 2017


...................................

...THE MADISON WI CLIMATE SUMMARY FOR DECEMBER 15 2017...

CLIMATE NORMAL PERIOD 1981 TO 2010
CLIMATE RECORD PERIOD 1871 TO 2017


WEATHER ITEM   OBSERVED TIME   RECORD YEAR NORMAL DEPARTURE LAST
                VALUE   (LST)  VALUE       VALUE  FROM      YEAR
                                                  NORMAL
..................................................................
TEMPERATURE (F)
 YESTERDAY
  MAXIMUM         31   1159 PM  52    2011  30      1       10
  MINIMUM         22    541 AM -16    1901  16      6       -5
  AVERAGE         27                        23      4        3

PRECIPITATION (IN)
  YESTERDAY        T             1.57 1971   0.06  -0.06     0.00
  MONTH TO DATE    0.53                      0.99  -0.46     0.92
  SINCE DEC 1      0.53                      0.99  -0.46     0.92
  SINCE JAN 1     38.08                     33.73   4.35    44.45

SNOWFALL (IN)
  YESTERDAY        T            13.2  1987   0.5   -0.5      0.0
  MONTH TO DATE    1.5                       6.6   -5.1     13.8
  SINCE DEC 1      1.5                       6.6   -5.1     13.8
  SINCE JUL 1      1.8                      10.7   -8.9     13.8
  SNOW DEPTH       0

DEGREE DAYS
 HEATING
  YESTERDAY       38                        42     -4       62
  MONTH TO DATE  551                       594    -43      639
  SINCE DEC 1    551                       594    -43      639
  SINCE JUL 1   1910                      2173   -263     1661

 COOLING
  YESTERDAY        0                         0      0        0
  MONTH TO DATE    0                         0      0        0
  SINCE DEC 1      0                         0      0        0
  SINCE JAN 1    580                       568     12      780
..................................................................


WIND (MPH)
  HIGHEST WIND SPEED    15   HIGHEST WIND DIRECTION    NW (310)
  HIGHEST GUST SPEED    27   HIGHEST GUST DIRECTION    NW (300)
  AVERAGE WIND SPEED     7.2


SKY COVER
  POSSIBLE SUNSHINE  MM
  AVERAGE SKY COVER 0.9


WEATHER CONDITIONS
 THE FOLLOWING WEATHER WAS RECORDED YESTERDAY.
  LIGHT SNOW


RELATIVE HUMIDITY (PERCENT)
 HIGHEST    85           700 PM
 LOWEST     55          1000 AM
 AVERAGE    70

..........................................................


THE MADISON WI CLIMATE NORMALS FOR TODAY
                         NORMAL    RECORD    YEAR
 MAXIMUM TEMPERATURE (F)   30        57      1959
 MINIMUM TEMPERATURE (F)   16       -18      1876


SUNRISE AND SUNSET
DECEMBER 16 2017......SUNRISE   723 AM CST   SUNSET   423 PM CST
DECEMBER 17 2017......SUNRISE   724 AM CST   SUNSET   424 PM CST


-  INDICATES NEGATIVE NUMBERS.
R  INDICATES RECORD WAS SET OR TIED.
MM INDICATES DATA IS MISSING.
T  INDICATES TRACE AMOUNT.




$$
