000
CXUS53 KMKX 012211
CLMMSN


CLIMATE REPORT
NATIONAL WEATHER SERVICE IN MILWAUKEE
408 PM CST MON FEB 1 2016

...................................

...THE MADISON WI CLIMATE SUMMARY FOR THE MONTH OF JANUARY 2016...

CLIMATE NORMAL PERIOD 1981 TO 2010
CLIMATE RECORD PERIOD 1871 TO 2016

WEATHER         OBSERVED          NORMAL  DEPART  LAST YEAR`S
                 VALUE   DATE(S)  VALUE   FROM    VALUE  DATE(S)
                                          NORMAL
................................................................
TEMPERATURE (F)
RECORD
 HIGH              58   01/06/1880
 LOW              -37   01/30/1951
HIGHEST            42   01/30        44      -2       42  01/18
LOWEST             -9   01/18       -14       5       -8  01/08
                                                          01/07
                                                          01/05
AVG. MAXIMUM     26.7              26.4     0.3     27.2
AVG. MINIMUM     13.2              11.1     2.1     12.5
MEAN             19.9              18.8     1.1     19.9
DAYS MAX >= 90      0               0.0     0.0        0
DAYS MAX <= 32     21              20.4     0.6       19
DAYS MIN <= 32     30              29.9     0.1       31
DAYS MIN <= 0       8               7.1     0.9       10

PRECIPITATION (INCHES)
RECORD
 MAXIMUM         3.64   1874
 MINIMUM         0.10   1903
TOTALS           0.98              1.23   -0.25     0.66
DAILY AVG.       0.03              0.04   -0.01     0.02
DAYS >= .01         9              10.2    -1.2       11
DAYS >= .10         4               3.8     0.2        4
DAYS >= .50         0               0.5    -0.5        0
DAYS >= 1.00        0               0.1    -0.1        0
GREATEST
 24 HR. TOTAL    0.46   01/07 TO 01/08              0.13

SNOWFALL (INCHES)
RECORDS
 TOTAL           31.8   5
                        0
                        -26215
TOTALS            6.9              12.9    -6.0     10.2
SINCE 7/1        18.4              30.5   -12.1     18.8
SNOWDEPTH AVG.      2                 5      -3        1
DAYS >= 1.0         3               3.6    -0.6        5
GREATEST
 SNOW DEPTH         6   01/27                          3  01/15
                        01/26                             01/14
                                                          01/13
 24 HR TOTAL      2.8   01/25 TO 01/25               2.7

DEGREE_DAYS
HEATING TOTAL    1390              1434     -44     1392
 SINCE 7/1       3502              4313    -811     4204
COOLING TOTAL       0                 0       0        0
 SINCE 1/1          0                 0       0        0
.................................................................

WIND (MPH)
AVERAGE WIND SPEED              6.9
HIGHEST WIND SPEED/DIRECTION    22/160    DATE  01/29
HIGHEST GUST SPEED/DIRECTION    41/330    DATE  01/21

SKY COVER
POSSIBLE SUNSHINE (PERCENT)   MM
AVERAGE SKY COVER           0.70
NUMBER OF DAYS FAIR            5
NUMBER OF DAYS PC             15
NUMBER OF DAYS CLOUDY         11

AVERAGE RH (PERCENT)     75

WEATHER CONDITIONS. NUMBER OF DAYS WITH
THUNDERSTORM              0     MIXED PRECIP               0
HEAVY RAIN                0     RAIN                       1
LIGHT RAIN                4     FREEZING RAIN              0
LT FREEZING RAIN          2     HAIL                       0
HEAVY SNOW                1     SNOW                       2
LIGHT SNOW               17     SLEET                      3
FOG                      11     FOG W/VIS <= 1/4 MILE      1
HAZE                      8

-  INDICATES NEGATIVE NUMBERS.
R  INDICATES RECORD WAS SET OR TIED.
MM INDICATES DATA IS MISSING.
T  INDICATES TRACE AMOUNT.

$$
