000
CXUS53 KMKX 011954
CLMMSN


CLIMATE REPORT
NATIONAL WEATHER SERVICE IN MILWAUKEE
245 PM CDT SAT NOV 1 2014

...................................

...THE MADISON WI CLIMATE SUMMARY FOR THE MONTH OF OCTOBER 2014...

CLIMATE NORMAL PERIOD 1981 TO 2010
CLIMATE RECORD PERIOD 1871 TO 2014

WEATHER         OBSERVED          NORMAL  DEPART  LAST YEAR`S
                 VALUE   DATE(S)  VALUE   FROM    VALUE  DATE(S)
                                          NORMAL
................................................................
TEMPERATURE (F)
RECORD
 HIGH              90   10/13/1975
                        10/06/1963
 LOW               12   10/25/1887
HIGHEST            75   10/27        78      -3       79  10/01
LOWEST             26   10/31        26       0       27  10/27
                                                          10/23
                                                          10/22
AVG. MAXIMUM     59.4              58.9     0.5     60.0
AVG. MINIMUM     40.5              38.8     1.7     39.8
MEAN             49.9              48.9     1.0     49.9
DAYS MAX >= 90      0               0.0     0.0        0
DAYS MAX <= 32      0               0.0     0.0        0
DAYS MIN <= 32      7               7.9    -0.9        9
DAYS MIN <= 0       0               0.0     0.0        0

PRECIPITATION (INCHES)
RECORD
 MAXIMUM         9.12   1881
 MINIMUM            T   1889
TOTALS           3.09              2.40    0.69     1.89
DAILY AVG.       0.10              0.08    0.02     0.06
DAYS >= .01        11               9.8     1.2       12
DAYS >= .10         4               5.4    -1.4        4
DAYS >= .50         3               1.4     1.6        2
DAYS >= 1.00        1               0.3     0.7        0
GREATEST
 24 HR. TOTAL    2.03   10/13 TO 10/14              0.61  10/04

SNOWFALL (INCHES)
RECORDS
 TOTAL            5.2   1917
TOTALS            0.2               0.5    -0.3        T
SINCE 7/1         0.2               0.5    -0.3        T
SNOWDEPTH AVG.      0                MM      MM        0
DAYS >= 1.0         0               0.1    -0.1        0
GREATEST
 SNOW DEPTH         0                                  0
 24 HR TOTAL      0.2   10/31 TO 10/31                 T 10/23 10/24

DEGREE_DAYS
HEATING TOTAL     460               505     -45      461
 SINCE 7/1        643               713     -70      618
COOLING TOTAL       0                 4      -4        2
 SINCE 1/1        620               568      52      709
.................................................................

WIND (MPH)
AVERAGE WIND SPEED              7.0
HIGHEST WIND SPEED/DIRECTION    32/360    DATE  10/31
HIGHEST GUST SPEED/DIRECTION    40/010    DATE  10/31

SKY COVER
POSSIBLE SUNSHINE (PERCENT)   MM
AVERAGE SKY COVER           0.60
NUMBER OF DAYS FAIR            6
NUMBER OF DAYS PC             16
NUMBER OF DAYS CLOUDY          9

AVERAGE RH (PERCENT)     69

WEATHER CONDITIONS. NUMBER OF DAYS WITH
THUNDERSTORM              2     MIXED PRECIP               0
HEAVY RAIN                3     RAIN                       5
LIGHT RAIN               15     FREEZING RAIN              0
LT FREEZING RAIN          0     HAIL                       0
HEAVY SNOW                0     SNOW                       0
LIGHT SNOW                1     SLEET                      1
FOG                      15     FOG W/VIS <= 1/4 MILE      2
HAZE                      2

-  INDICATES NEGATIVE NUMBERS.
R  INDICATES RECORD WAS SET OR TIED.
MM INDICATES DATA IS MISSING.
T  INDICATES TRACE AMOUNT.

$$
