000
CXUS53 KMKX 011347
CLMMSN


CLIMATE REPORT
NATIONAL WEATHER SERVICE IN MILWAUKEE
829 AM CDT THU SEP 1 2016

...................................

...THE MADISON WI CLIMATE SUMMARY FOR THE SEASON, FROM
6/1/2016 TO 8/31/2016...

CLIMATE NORMAL PERIOD 1981 TO 2010
CLIMATE RECORD PERIOD 1871 TO 2016

WEATHER         OBSERVED          NORMAL  DEPART  LAST YEAR`S
                 VALUE   DATE(S)  VALUE   FROM    VALUE  DATE(S)
                                          NORMAL
................................................................
TEMPERATURE (F)
RECORD
 HIGH             107   07/14/1936
 LOW               31   06/10/1972
HIGHEST            94   07/21        94       0       92  08/14
LOWEST             45   06/08        43       2       38  06/02
                                                          06/01
AVG. MAXIMUM     81.5              79.6     1.9     79.1
AVG. MINIMUM     61.5              58.7     2.8     59.1
MEAN             71.5              69.2     2.3     69.1
DAYS MAX >= 90      6               5.6     0.4        5
DAYS MAX <= 32      0               0.0     0.0        0
DAYS MIN <= 32      0               0.0     0.0        0
DAYS MIN <= 0       0               0.0     0.0        0

PRECIPITATION (INCHES)
RECORD
 MAXIMUM        22.69   2007
 MINIMUM         3.88   1895
TOTALS          18.45             12.99    5.46    12.27
DAILY AVG.       0.20              0.14    0.06     0.13
DAYS >= .01        32              31.1     0.9       25
DAYS >= .10        24              20.1     3.9       14
DAYS >= .50        10               8.2     1.8       11
DAYS >= 1.00        6               3.7     2.3        4
GREATEST
 24 HR. TOTAL    2.79   08/19 TO 08/19              1.90 5/11-5/12

DEGREE_DAYS
HEATING TOTAL      21                98     -77       69
 SINCE 7/1          7                37     -30       32
COOLING TOTAL     643               483     160      479
 SINCE 1/1        695               513     182      529

FREEZE DATES
RECORD
 EARLIEST     09/12/1955
 LATEST       05/31/1966
EARLIEST                        10/01
LATEST                          05/10
.................................................................

WIND (MPH)
AVERAGE WIND SPEED              6.0
RESULTANT WIND SPEED/DIRECTION   1/185
HIGHEST WIND SPEED/DIRECTION    48/010    DATE  07/21
HIGHEST GUST SPEED/DIRECTION    63/020    DATE  07/21

SKY COVER
POSSIBLE SUNSHINE (PERCENT)   MM
AVERAGE SKY COVER           0.50
NUMBER OF DAYS FAIR           19
NUMBER OF DAYS PC             61
NUMBER OF DAYS CLOUDY         12

AVERAGE RH (PERCENT)     73

WEATHER CONDITIONS. NUMBER OF DAYS WITH
THUNDERSTORM             24     MIXED PRECIP               0
HEAVY RAIN               17     RAIN                      21
LIGHT RAIN               30     FREEZING RAIN              0
LT FREEZING RAIN          0     HAIL                       0
HEAVY SNOW                0     SNOW                       0
LIGHT SNOW                0     SLEET                      0
FOG                      56     FOG W/VIS <= 1/4 MILE      7
HAZE                      4

-  INDICATES NEGATIVE NUMBERS.
R  INDICATES RECORD WAS SET OR TIED.
MM INDICATES DATA IS MISSING.
T  INDICATES TRACE AMOUNT.

&&

This was the 8th wettest JJA on record.

$$
