000
CXUS53 KMKX 011613
CLMMSN


CLIMATE REPORT
NATIONAL WEATHER SERVICE IN MILWAUKEE
1110 AM CDT MON SEP 1 2014

...................................

...THE MADISON WI CLIMATE SUMMARY FOR THE SEASON, FROM
6/1/2014 TO 8/31/2014...

CLIMATE NORMAL PERIOD 1981 TO 2010
CLIMATE RECORD PERIOD 1871 TO 2014

WEATHER         OBSERVED          NORMAL  DEPART  LAST YEAR`S
                 VALUE   DATE(S)  VALUE   FROM    VALUE  DATE(S)
                                          NORMAL
................................................................
TEMPERATURE (F)
RECORD
 HIGH             107   07/14/1936
 LOW               31   06/10/1972
HIGHEST            93   07/22        94      -1       93  08/27
                                                          07/17
LOWEST             47   06/09        43       4       41  06/03
AVG. MAXIMUM     80.3              79.6     0.7     80.1
AVG. MINIMUM     60.0              58.7     1.3     59.7
MEAN             70.1              69.2     0.9     69.9
DAYS MAX >= 90      2               5.6    -3.6        8
DAYS MAX <= 32      0               0.0     0.0        0
DAYS MIN <= 32      0               0.0     0.0        0
DAYS MIN <= 0       0               0.0     0.0        0

PRECIPITATION (INCHES)
RECORD
 MAXIMUM        22.69   2007
 MINIMUM         3.88   1895
TOTALS          16.06             12.99    3.07    16.39
DAILY AVG.       0.18              0.14    0.04     0.18
DAYS >= .01        32              31.1     0.9       25
DAYS >= .10        20              20.1    -0.1       20
DAYS >= .50        13               8.2     4.8       10
DAYS >= 1.00        6               3.7     2.3        6
GREATEST
 24 HR. TOTAL    2.68   06/01 TO 06/02              3.28

DEGREE_DAYS
HEATING TOTAL      26                98     -72       82
 SINCE 7/1         17                37     -20       30
COOLING TOTAL     525               483      42      560
 SINCE 1/1        576               513      63      613

FREEZE DATES
RECORD
 EARLIEST     09/12/1955
 LATEST       05/31/1966
EARLIEST                        10/01
LATEST                          05/10
.................................................................

WIND (MPH)
AVERAGE WIND SPEED              6.5
RESULTANT WIND SPEED/DIRECTION   1/169
HIGHEST WIND SPEED/DIRECTION    44/040    DATE  08/01
HIGHEST GUST SPEED/DIRECTION    52/030    DATE  08/01

SKY COVER
POSSIBLE SUNSHINE (PERCENT)   MM
AVERAGE SKY COVER           0.60
NUMBER OF DAYS FAIR           13
NUMBER OF DAYS PC             65
NUMBER OF DAYS CLOUDY         14

AVERAGE RH (PERCENT)     70

WEATHER CONDITIONS. NUMBER OF DAYS WITH
THUNDERSTORM             24     MIXED PRECIP               0
HEAVY RAIN               11     RAIN                      16
LIGHT RAIN               37     FREEZING RAIN              0
LT FREEZING RAIN          0     HAIL                       1
HEAVY SNOW                0     SNOW                       0
LIGHT SNOW                0     SLEET                      0
FOG                      53     FOG W/VIS <= 1/4 MILE      9
HAZE                     17

-  INDICATES NEGATIVE NUMBERS.
R  INDICATES RECORD WAS SET OR TIED.
MM INDICATES DATA IS MISSING.
T  INDICATES TRACE AMOUNT.

$$
