000
CXUS53 KMKX 020240 CCA
CLMMSN

CLIMATE REPORT
NATIONAL WEATHER SERVICE IN MILWAUKEE
840 PM CST TUE MAR 1 2016

...................................

...THE MADISON WI CLIMATE SUMMARY FOR THE MONTH OF FEBRUARY 2016...

CLIMATE NORMAL PERIOD 1981 TO 2010
CLIMATE RECORD PERIOD 1871 TO 2016

WEATHER         OBSERVED          NORMAL  DEPART  LAST YEAR`S
                 VALUE   DATE(S)  VALUE   FROM    VALUE  DATE(S)
                                          NORMAL
................................................................
TEMPERATURE (F)
RECORD
 HIGH              64   02/25/2000
 LOW              -29   02/03/1996
HIGHEST            58   02/28        47      11       38  02/07
LOWEST             -3   02/13        -9       6      -12  02/23
AVG. MAXIMUM     33.7              31.1     2.6     20.6
AVG. MINIMUM     20.1              15.1     5.0      1.2
MEAN             26.9              23.1     3.8     10.9
DAYS MAX >= 90      0               0.0     0.0        0
DAYS MAX <= 32     12              14.4    -2.4       24
DAYS MIN <= 32     27              26.3     0.7       28
DAYS MIN <= 0       2               4.1    -2.1       15

PRECIPITATION (INCHES)
RECORD
 MAXIMUM         5.42   1881
 MINIMUM         0.06   1995
TOTALS           0.52              1.45   -0.93     0.54
DAILY AVG.       0.02                MM      MM     0.02
DAYS >= .01         8               9.2    -1.2        5
DAYS >= .10         1               4.1    -3.1        2
DAYS >= .50         0               0.6    -0.6        0
DAYS >= 1.00        0               0.2    -0.2        0
GREATEST
 24 HR. TOTAL    0.38   02/02 TO 02/03              0.44 1/31-2/1

SNOWFALL (INCHES)
RECORDS
 TOTAL           37.0  1994
TOTALS            6.1              10.6    -4.5     10.7
SINCE 7/1        24.5              41.1   -16.6     29.5
SNOWDEPTH AVG.      2                MM      MM        6
DAYS >= 1.0         3               3.2    -0.2        3
GREATEST
 SNOW DEPTH         4   02/18                          9  02/05
                        02/17                             02/04
                        02/16
 24 HR TOTAL      2.0   02/02 TO 02/02               6.6 1/31-2/1

DEGREE_DAYS
HEATING TOTAL    1098              1173     -75     1507
 SINCE 7/1       4600              5523    -923     5711
COOLING TOTAL       0                 0       0        0
 SINCE 1/1          0                 0       0        0
.................................................................

WIND (MPH)
AVERAGE WIND SPEED              8.1
HIGHEST WIND SPEED/DIRECTION    30/160    DATE  02/18
HIGHEST GUST SPEED/DIRECTION    47/160    DATE  02/18

SKY COVER
POSSIBLE SUNSHINE (PERCENT)   MM
AVERAGE SKY COVER           0.70
NUMBER OF DAYS FAIR            4
NUMBER OF DAYS PC             11
NUMBER OF DAYS CLOUDY         14

AVERAGE RH (PERCENT)     70

WEATHER CONDITIONS. NUMBER OF DAYS WITH
THUNDERSTORM              1     MIXED PRECIP               0
HEAVY RAIN                0     RAIN                       1
LIGHT RAIN                2     FREEZING RAIN              0
LT FREEZING RAIN          0     HAIL                       0
HEAVY SNOW                1     SNOW                       3
LIGHT SNOW               13     SLEET                      1
FOG                      13     FOG W/VIS <= 1/4 MILE      1
HAZE                      5

-  INDICATES NEGATIVE NUMBERS.
R  INDICATES RECORD WAS SET OR TIED.
MM INDICATES DATA IS MISSING.
T  INDICATES TRACE AMOUNT.

$$
