000
CXUS53 KMKX 011614
CLMMSN


CLIMATE REPORT
NATIONAL WEATHER SERVICE IN MILWAUKEE
1100 AM CDT TUE SEP 1 2015

...................................

...THE MADISON WI CLIMATE SUMMARY FOR THE SEASON, FROM
6/1/2015 TO 8/31/2015...

CLIMATE NORMAL PERIOD 1981 TO 2010
CLIMATE RECORD PERIOD 1871 TO 2015

WEATHER         OBSERVED          NORMAL  DEPART  LAST YEAR`S
                 VALUE   DATE(S)  VALUE   FROM    VALUE  DATE(S)
                                          NORMAL
................................................................
TEMPERATURE (F)
RECORD
 HIGH             107   07/14/1936
 LOW               31   06/10/1972
HIGHEST            92   08/14        94      -2       93  07/22
LOWEST             38   06/02        43      -5       47  06/09
                        06/01
AVG. MAXIMUM     79.1              79.6    -0.5     80.3
AVG. MINIMUM     59.1              58.7     0.4     60.0
MEAN             69.1              69.2    -0.1     70.1
DAYS MAX >= 90      5               5.6    -0.6        2
DAYS MAX <= 32      0               0.0     0.0        0
DAYS MIN <= 32      0               0.0     0.0        0
DAYS MIN <= 0       0               0.0     0.0        0

PRECIPITATION (INCHES)
RECORD
 MAXIMUM        22.69   2007
 MINIMUM         3.88   1895
TOTALS          12.27             12.99   -0.72    16.06
DAILY AVG.       0.13              0.14   -0.01     0.18
DAYS >= .01        25              31.1    -6.1       32
DAYS >= .10        14              20.1    -6.1       20
DAYS >= .50        11               8.2     2.8       13
DAYS >= 1.00        4               3.7     0.3        6
GREATEST
 24 HR. TOTAL    1.90   06/11 TO 06/12              2.68 06/01 TO 06/02

DEGREE_DAYS
HEATING TOTAL      69                98     -29       26
 SINCE 7/1         32                37      -5       17
COOLING TOTAL     479               483      -4      525
 SINCE 1/1        529               513      16      576

FREEZE DATES
RECORD
 EARLIEST     09/12/1955
 LATEST       05/31/1966
EARLIEST                        10/01
LATEST                          05/10
.................................................................

WIND (MPH)
AVERAGE WIND SPEED              5.8
RESULTANT WIND SPEED/DIRECTION   1/178
HIGHEST WIND SPEED/DIRECTION    35/340    DATE  07/13
HIGHEST GUST SPEED/DIRECTION    51/320    DATE  07/13

SKY COVER
POSSIBLE SUNSHINE (PERCENT)   MM
AVERAGE SKY COVER           0.60
NUMBER OF DAYS FAIR           19
NUMBER OF DAYS PC             58
NUMBER OF DAYS CLOUDY         15

AVERAGE RH (PERCENT)     70

WEATHER CONDITIONS. NUMBER OF DAYS WITH
THUNDERSTORM             14     MIXED PRECIP               0
HEAVY RAIN               12     RAIN                      12
LIGHT RAIN               30     FREEZING RAIN              0
LT FREEZING RAIN          0     HAIL                       0
HEAVY SNOW                0     SNOW                       0
LIGHT SNOW                0     SLEET                      0
FOG                      44     FOG W/VIS <= 1/4 MILE      3
HAZE                     16

-  INDICATES NEGATIVE NUMBERS.
R  INDICATES RECORD WAS SET OR TIED.
MM INDICATES DATA IS MISSING.
T  INDICATES TRACE AMOUNT.

$$
