000
CXUS53 KMKX 011308 CCA
CLMMSN

CLIMATE REPORT
NATIONAL WEATHER SERVICE IN MILWAUKEE
709 AM CST FRI DEC 1 2017

...................................

...THE MADISON WI CLIMATE SUMMARY FOR THE MONTH OF NOVEMBER 2017...

CLIMATE NORMAL PERIOD 1981 TO 2010
CLIMATE RECORD PERIOD 1871 TO 2017

WEATHER         OBSERVED          NORMAL  DEPART  LAST YEAR`S
                 VALUE   DATE(S)  VALUE   FROM    VALUE  DATE(S)
                                          NORMAL
................................................................
TEMPERATURE (F)
RECORD
 HIGH              76   11/03/1964
                        11/07/1915
 LOW              -14   11/28/1887
HIGHEST            64   11/24        63       1       73  11/01
LOWEST              9   11/10         9       0       18  11/21
AVG. MAXIMUM     44.4              44.1     0.3     53.1
AVG. MINIMUM     26.8              28.2    -1.4     34.6
MEAN             35.6              36.2    -0.6     43.8
DAYS MAX >= 90      0               0.0     0.0        0
DAYS MAX <= 32      2               4.4    -2.4        1
DAYS MIN <= 32     24              19.6     4.4        9
DAYS MIN <= 0       0               0.1    -0.1        0

PRECIPITATION (INCHES)
RECORD
 MAXIMUM         7.86   1934
 MINIMUM         0.03   1904
TOTALS           0.68              2.39   -1.71     1.87
DAILY AVG.       0.02              0.08   -0.06     0.06
DAYS >= .01         6              10.6    -4.6        6
DAYS >= .10         4               5.5    -1.5        4
DAYS >= .50         0               1.3    -1.3        2
DAYS >= 1.00        0               0.5    -0.5        0
GREATEST
 24 HR. TOTAL    0.26   11/04 TO 11/04              1.05

SNOWFALL (INCHES)
RECORDS
 TOTAL           18.3  1985
TOTALS            0.3               3.6    -3.3        T
SINCE 7/1         0.3               4.1    -3.8        T
SNOWDEPTH AVG.      0                MM      MM        0
DAYS >= 1.0         0               1.2    -1.2        0
GREATEST
 SNOW DEPTH         0   MM                             0  MM
 24 HR TOTAL      0.3   11/18 TO 11/18                 T

DEGREE_DAYS
HEATING TOTAL     874               866       8      626
 SINCE 7/1       1359              1579    -220     1022
COOLING TOTAL       0                 0       0        0
 SINCE 1/1        580               568      12      780
.................................................................

WIND (MPH)
AVERAGE WIND SPEED              8.0
HIGHEST WIND SPEED/DIRECTION    26/180    DATE  11/17
HIGHEST GUST SPEED/DIRECTION    39/300    DATE  11/21

SKY COVER
POSSIBLE SUNSHINE (PERCENT)   MM
AVERAGE SKY COVER           0.60
NUMBER OF DAYS FAIR            5
NUMBER OF DAYS PC             12
NUMBER OF DAYS CLOUDY         13

AVERAGE RH (PERCENT)     69

WEATHER CONDITIONS. NUMBER OF DAYS WITH
  0
  5
  0
  0
  0
  1
  1
HAZE                      3

-  INDICATES NEGATIVE NUMBERS.
R  INDICATES RECORD WAS SET OR TIED.
MM INDICATES DATA IS MISSING.
T  INDICATES TRACE AMOUNT.

$$
