000
CXUS53 KMKX 011518
CLMMSN


CLIMATE REPORT
NATIONAL WEATHER SERVICE IN MILWAUKEE
1012 AM CDT WED JUN 1 2016

...................................

...THE MADISON WI CLIMATE SUMMARY FOR THE SEASON, FROM
3/1/2016 TO 5/31/2016...

CLIMATE NORMAL PERIOD 1981 TO 2010
CLIMATE RECORD PERIOD 1871 TO 2016

WEATHER         OBSERVED          NORMAL  DEPART  LAST YEAR`S
                 VALUE   DATE(S)  VALUE   FROM    VALUE  DATE(S)
                                          NORMAL
................................................................
TEMPERATURE (F)
RECORD
 HIGH             101   05/31/1934
 LOW              -29   03/01/1962
HIGHEST            86   05/06        85       1       82  05/28
                                                          05/07
LOWEST              0   03/02         3      -3       -5  03/05
AVG. MAXIMUM     58.5              56.3     2.2     59.1
AVG. MINIMUM     37.6              35.6     2.0     36.4
MEAN             48.0              45.9     2.1     47.7
DAYS MAX >= 90      0               0.1    -0.1        0
DAYS MAX <= 32      4               5.2    -1.2        6
DAYS MIN <= 32     29              35.7    -6.7       36
DAYS MIN <= 0       1               0.4     0.6        1

PRECIPITATION (INCHES)
RECORD
 MAXIMUM        17.42   1973
 MINIMUM         2.35   1936
TOTALS           8.29              9.15   -0.86     9.32
DAILY AVG.       0.09              0.10   -0.01     0.10
DAYS >= .01        39              34.5     4.5       32
DAYS >= .10        23              19.2     3.8       22
DAYS >= .50         4               5.7    -1.7        4
DAYS >= 1.00        0               1.7    -1.7        2
GREATEST
 24 HR. TOTAL    1.33   03/15 TO 05/16              1.98

SNOWFALL (INCHES)
RECORDS
 TOTAL           32.7   1923
TOTALS            8.2               9.8    -1.6      4.2
SINCE 7/1        32.7              50.9   -18.2     33.7
SNOWDEPTH AVG.      0                MM      MM        1
DAYS >= 1.0         3               2.8     0.2        1
GREATEST
 SNOW DEPTH         2   03/04                          6  03/07
                        03/02                             03/05
                        03/03                             03/06
 24 HR TOTAL      2.6   03/01 TO 03/01               3.0

DEGREE_DAYS
HEATING TOTAL    1584              1786    -202     1619
 SINCE 7/1         MM              7273      MM       MM
COOLING TOTAL      52                30      22       50
 SINCE 1/1         52                30      22       50

FREEZE DATES
RECORD
 EARLIEST     09/12/1955
 LATEST       05/31/1966
EARLIEST                        10/01
LATEST                          05/10
.................................................................

WIND (MPH)
AVERAGE WIND SPEED              8.1
RESULTANT WIND SPEED/DIRECTION   1/110
HIGHEST WIND SPEED/DIRECTION    36/350    DATE  05/03
HIGHEST GUST SPEED/DIRECTION    50/310    DATE  04/02

SKY COVER
POSSIBLE SUNSHINE (PERCENT)   MM
AVERAGE SKY COVER           0.70
NUMBER OF DAYS FAIR           12
NUMBER OF DAYS PC             42
NUMBER OF DAYS CLOUDY         38

AVERAGE RH (PERCENT)     67

WEATHER CONDITIONS. NUMBER OF DAYS WITH
THUNDERSTORM             11     MIXED PRECIP               0
HEAVY RAIN                9     RAIN                      17
LIGHT RAIN               41     FREEZING RAIN              2
LT FREEZING RAIN          3     HAIL                       2
HEAVY SNOW                2     SNOW                       3
LIGHT SNOW                9     SLEET                      2
FOG                      45     FOG W/VIS <= 1/4 MILE      6
HAZE                     14

-  INDICATES NEGATIVE NUMBERS.
R  INDICATES RECORD WAS SET OR TIED.
MM INDICATES DATA IS MISSING.
T  INDICATES TRACE AMOUNT.

$$
