878
CXUS53 KMKX 011606
CLMMSN


CLIMATE REPORT
NATIONAL WEATHER SERVICE IN MILWAUKEE
1004 AM CST WED FEB 1 2017

...................................

...THE MADISON WI CLIMATE SUMMARY FOR THE MONTH OF JANUARY 2017...

CLIMATE NORMAL PERIOD 1981 TO 2010
CLIMATE RECORD PERIOD 1871 TO 2017

WEATHER         OBSERVED          NORMAL  DEPART  LAST YEAR`S
                 VALUE   DATE(S)  VALUE   FROM    VALUE  DATE(S)
                                          NORMAL
................................................................
TEMPERATURE (F)
RECORD
 HIGH              58   01/06/1880
 LOW              -37   01/30/1951
HIGHEST            45   01/21        44       1       42  01/30
LOWEST             -5   01/06       -14       9       -9  01/18
AVG. MAXIMUM     29.5              26.4     3.1     26.7
AVG. MINIMUM     17.9              11.1     6.8     13.2
MEAN             23.7              18.8     4.9     19.9
DAYS MAX >= 90      0               0.0     0.0        0
DAYS MAX <= 32     14              20.4    -6.4       21
DAYS MIN <= 32     26              29.9    -3.9       30
DAYS MIN <= 0       4               7.1    -3.1        8

PRECIPITATION (INCHES)
RECORD
 MAXIMUM         3.64   1874
 MINIMUM         0.10   1903
TOTALS           2.76              1.23    1.53     0.98
DAILY AVG.       0.09              0.04    0.05     0.03
DAYS >= .01        14              10.2     3.8        9
DAYS >= .10         7               3.8     3.2        4
DAYS >= .50         3               0.5     2.5        0
DAYS >= 1.00        0               0.1    -0.1        0
GREATEST
 24 HR. TOTAL    0.67   01/24 TO 01/25              0.46

SNOWFALL (INCHES)
RECORDS
 TOTAL           31.8   5
                        0
                        -26215
TOTALS           11.1              12.9    -1.8      6.9
SINCE 7/1        33.8              30.5     3.3     18.4
SNOWDEPTH AVG.      2                 5      -3        2
DAYS >= 1.0         3               3.6    -0.6        3
GREATEST
 SNOW DEPTH         5   01/31                          6  01/27
                                                          01/26
 24 HR TOTAL      5.2   01/25 TO 01/25               2.8

DEGREE_DAYS
HEATING TOTAL    1273              1434    -161     1390
 SINCE 7/1       3604              4313    -709     3502
COOLING TOTAL       0                 0       0        0
 SINCE 1/1          0                 0       0        0
.................................................................

WIND (MPH)
AVERAGE WIND SPEED              6.9
HIGHEST WIND SPEED/DIRECTION    22/280    DATE  01/10
HIGHEST GUST SPEED/DIRECTION    36/290    DATE  01/10

SKY COVER
POSSIBLE SUNSHINE (PERCENT)   MM
AVERAGE SKY COVER           0.80
NUMBER OF DAYS FAIR            3
NUMBER OF DAYS PC              8
NUMBER OF DAYS CLOUDY         20

AVERAGE RH (PERCENT)     80

WEATHER CONDITIONS. NUMBER OF DAYS WITH
THUNDERSTORM              1     MIXED PRECIP               0
HEAVY RAIN                0     RAIN                       4
LIGHT RAIN                9     FREEZING RAIN              0
LT FREEZING RAIN          2     HAIL                       0
HEAVY SNOW                1     SNOW                       1
LIGHT SNOW               12     SLEET                      2
FOG                      21     FOG W/VIS <= 1/4 MILE      7
HAZE                      4

-  INDICATES NEGATIVE NUMBERS.
R  INDICATES RECORD WAS SET OR TIED.
MM INDICATES DATA IS MISSING.
T  INDICATES TRACE AMOUNT.

$$
