000
CXUS53 KMKX 011426
CLSMSN
CLIMATE REPORT
NATIONAL WEATHER SERVICE MILWAUKEE/SULLIVAN WI
826 AM CST THU DEC 01 2022
...................................
...THE MADISON WI CLIMATE SUMMARY FOR THE SEASON, FROM
9/1/2022 TO 11/30/2022...
CLIMATE NORMAL PERIOD 1991 TO 2020
CLIMATE RECORD PERIOD 1871 TO 2022
WEATHER OBSERVED NORMAL DEPART LAST YEAR`S
VALUE DATE(S) VALUE FROM VALUE DATE(S)
NORMAL
................................................................
TEMPERATURE (F)
RECORD
HIGH 99 09/01/1953
LOW -14 11/28/1887
HIGHEST 85 09/01 87 -2 88 09/19
LOWEST 10 11/20 9 1 13 11/26
AVG. MAXIMUM 60.6 59.1 1.5 62.5
AVG. MINIMUM 40.5 39.8 0.7 41.9
MEAN 50.6 49.5 1.1 52.2
DAYS MAX >= 90 0 0.6 -0.6 0
DAYS MAX <= 32 5 4.1 0.9 2
DAYS MIN <= 32 27 27.4 -0.4 27
DAYS MIN <= 0 0 0.1 -0.1 0
PRECIPITATION (INCHES)
RECORD
MAXIMUM 19.85 1881
MINIMUM 2.10 1976
TOTALS 8.25 8.42 -0.17 4.54
DAILY AVG. 0.09 0.09 -0.00 0.05
DAYS >= .01 24 28.9 -4.9 24
DAYS >= .10 13 16.1 -3.1 10
DAYS >= .50 5 5.4 -0.4 3
DAYS >= 1.00 2 1.8 0.2 1
GREATEST
24 HR. TOTAL 2.64 09/11 TO 09/12 1.17 9/12 TO 9/13
SNOWFALL (INCHES)
RECORDS
TOTAL 18.3 1985
TOTALS 4.8 4.1 0.7 0.6
SINCE 7/1 4.8 4.1 0.7 0.6
SNOWDEPTH AVG. 0 0
DAYS >= 1.0 2 1.0 1.0 0
GREATEST
SNOW DEPTH 2 11/16 & 11/18 T 11/26
24 HR TOTAL 2.8 11/15 TO 11/15 0.4 11/13 TO 11/13
DEGREE DAYS
HEATING TOTAL 1370 1478 -108 1207
SINCE 7/1 1375 1506 -131 1375
COOLING TOTAL 84 65 19 68
SINCE 1/1 787 628 159 787
FREEZE DATES
RECORD
EARLIEST 09/12/1955
LATEST 05/31/1966
EARLIEST 10/15
LATEST 05/04
................................................................
WIND (MPH)
AVERAGE WIND SPEED 6.8
RESULTANT WIND SPEED/DIRECTION 1/230
HIGHEST WIND SPEED/DIRECTION 35/190 DATE 11/05
HIGHEST GUST SPEED/DIRECTION 52/190 DATE 11/05
SKY COVER
AVERAGE SKY COVER 0.50
NUMBER OF DAYS FAIR 30
NUMBER OF DAYS PC 39
NUMBER OF DAYS CLOUDY 22
AVERAGE RH (PERCENT) 69
WEATHER CONDITIONS. NUMBER OF DAYS WITH
THUNDERSTORM 5 MIXED PRECIP 0
HEAVY RAIN 6 RAIN 10
LIGHT RAIN 24 FREEZING RAIN 0
LT FREEZING RAIN 0 HAIL 2
HEAVY SNOW 1 SNOW 1
LIGHT SNOW 8 SLEET 2
FOG 40 FOG W/VIS <= 1/4 MILE 3
HAZE 6
- INDICATES NEGATIVE NUMBERS.
R INDICATES RECORD WAS SET OR TIED.
MM INDICATES DATA IS MISSING.
T INDICATES TRACE AMOUNT.
$$