000
CXUS51 KOKX 010910
CF6NYC
PRELIMINARY LOCAL CLIMATOLOGICAL DATA (WS FORM: F-6)
STATION: CENTRAL PARK NY
MONTH: OCTOBER
YEAR: 2021
LATITUDE: 40 46 N
LONGITUDE: 73 58 W
TEMPERATURE IN F: :PCPN: SNOW: WIND :SUNSHINE: SKY :PK WND
================================================================================
1 2 3 4 5 6A 6B 7 8 9 10 11 12 13 14 15 16 17 18
12Z AVG MX 2MIN
DY MAX MIN AVG DEP HDD CDD WTR SNW DPTH SPD SPD DIR MIN PSBL S-S WX SPD DR
================================================================================
1 67 51 59 -5 6 0 0.00 0.0 0 M M M M M 1 M M
2 74 57 66 3 0 1 0.00 0.0 0 M M M M M 0 M M
3 77 61 69 6 0 4 0.00 0.0 0 M M M M M 2 M M
4 73 62 68 6 0 3 0.15 0.0 0 M M M M M 10 1 M M
5 65 60 63 1 2 0 T 0.0 0 2.5 8 50 M M 10 1 11 60
6 69 61 65 3 0 0 0.00 0.0 0 1.3 8 60 M M 10 10 60
7 73 62 68 7 0 3 0.00 0.0 0 1.1 7 240 M M 4 1 9 240
8 76 61 69 8 0 4 0.00 0.0 0 3.8 10 70 M M 3 1 17 110
9 67 60 64 4 1 0 0.00 0.0 0 8.4 15 60 M M 10 24 80
10 66 61 64 4 1 0 0.11 0.0 0 9.8 16 60 M M 10 1 24 50
11 71 61 66 6 0 1 0.00 0.0 0 6.8 17 60 M M 7 27 90
12 69 61 65 6 0 0 0.00 0.0 0 2.7 7 99 M M 7 M M
13 69 61 65 6 0 0 0.00 0.0 0 1.4 7 250 M M 9 11 240
14 76 62 69 11 0 4 0.00 0.0 0 2.6 10 290 M M 2 1 14 280
15 79 63 71 13 0 6 0.00 0.0 0 2.2 9 210 0 M 1 14 220
16 76 56 66 8 0 1 0.25 0.0 0 4.7 20 280 M M 5 18 32 290
17 61 51 56 -2 9 0 T 0.0 0 6.3 15 280 M M 2 23 280
18 58 49 54 -3 11 0 0.00 0.0 0 6.8 17 290 M M 4 28 310
19 66 47 57 0 8 0 0.00 0.0 0 5.3 14 240 M M 0 22 250
20 75 56 66 10 0 1 0.00 0.0 0 3.2 12 280 M M 0 20 240
21 73 59 66 10 0 1 0.00 0.0 0 3.7 12 230 M M 0 8 20 220
22 69 57 63 7 2 0 0.00 0.0 0 4.6 13 230 M M 4 23 240
23 59 48 54 -1 11 0 0.01 0.0 0 2.7 10 40 M M 8 16 290
24 59 47 53 -2 12 0 0.03 0.0 0 3.1 8 210 M M 5 1 13 210
25 73 55 64 9 1 0 0.23 0.0 0 3.7 14 60 M M 5 13 21 80
26 63 54 59 5 6 0 3.30 0.0 0 6.1 20 70 M M 10 1 29 70
27 61 53 57 3 8 0 0.16 0.0 0 8.4 16 30 M M 10 1 28 20
28 57 49 53 -1 12 0 0.00 0.0 0 4.8 12 60 M M 5 17 60
29 56 47 52 -2 13 0 0.41 0.0 0 8.8 20 90 M M 9 13 35 100
30 64 53 59 6 6 0 0.57 0.0 0 4.4 20 70 M M 8 1 30 70
31 63 55 59 6 6 0 0.04 0.0 0 5.2 13 250 M M 8 1 21 240
================================================================================
SM 2104 1740 115 29 5.26 0.0 124.4 0 169
================================================================================
AV 67.9 56.1 4.6 FASTST 0 M 5 MAX(MPH)
MISC ----> # 20 280 35 100
================================================================================
NOTES:
# LAST OF SEVERAL OCCURRENCES
COLUMN 17 PEAK WIND IN M.P.H.
PRELIMINARY LOCAL CLIMATOLOGICAL DATA (WS FORM: F-6) , PAGE 2
STATION: CENTRAL PARK NY
MONTH: OCTOBER
YEAR: 2021
LATITUDE: 40 46 N
LONGITUDE: 73 58 W
[TEMPERATURE DATA] [PRECIPITATION DATA] SYMBOLS USED IN COLUMN 16
AVERAGE MONTHLY: 62.0 TOTAL FOR MONTH: 5.26 1 = FOG OR MIST
DPTR FM NORMAL: 4.1 DPTR FM NORMAL: 0.88 2 = FOG REDUCING VISIBILITY
HIGHEST: 79 ON 15 GRTST 24HR 3.43 ON 25-26 TO 1/4 MILE OR LESS
LOWEST: 47 ON 29,24 3 = THUNDER
SNOW, ICE PELLETS, HAIL 4 = ICE PELLETS
TOTAL MONTH: 0.0 INCH 5 = HAIL
GRTST 24HR 0.0 6 = FREEZING RAIN OR DRIZZLE
GRTST DEPTH: 0 7 = DUSTSTORM OR SANDSTORM:
VSBY 1/2 MILE OR LESS
8 = SMOKE OR HAZE
[NO. OF DAYS WITH] [WEATHER - DAYS WITH] 9 = BLOWING SNOW
X = TORNADO
MAX 32 OR BELOW: 0 0.01 INCH OR MORE: 11
MAX 90 OR ABOVE: 0 0.10 INCH OR MORE: 8
MIN 32 OR BELOW: 0 0.50 INCH OR MORE: 2
MIN 0 OR BELOW: 0 1.00 INCH OR MORE: 1
[HDD (BASE 65) ]
TOTAL THIS MO. 115 CLEAR (SCALE 0-3) 10
DPTR FM NORMAL -125 PTCLDY (SCALE 4-7) 11
TOTAL FM JUL 1 126 CLOUDY (SCALE 8-10) 10
DPTR FM NORMAL -147
[CDD (BASE 65) ]
TOTAL THIS MO. 29
DPTR FM NORMAL 7 [PRESSURE DATA]
TOTAL FM JAN 1 1325 HIGHEST SLP M ON M
DPTR FM NORMAL 104 LOWEST SLP 29.32 ON 26
[REMARKS]
#FINAL-10-21#