000
CXUS51 KOKX 010701
CF6NYC
PRELIMINARY LOCAL CLIMATOLOGICAL DATA (WS FORM: F-6)

                                          STATION:   CENTRAL PARK NY
                                          MONTH:     SEPTEMBER
                                          YEAR:      2011
                                          LATITUDE:   40 46 N
                                          LONGITUDE:  73 58 W

  TEMPERATURE IN F:       :PCPN:    SNOW:  WIND      :SUNSHINE: SKY     :PK WND
================================================================================
1   2   3   4   5  6A  6B    7    8   9   10  11  12  13   14  15   16   17  18
                                     12Z  AVG MX 2MIN
DY MAX MIN AVG DEP HDD CDD  WTR  SNW DPTH SPD SPD DIR MIN PSBL S-S WX    SPD DR
================================================================================

 1  83  66  75   2   0  10 0.00  0.0    0  3.5 10 140   M    M   0        16 150
 2  78  65  72   0   0   7 0.00  0.0    0  3.6 10  50   M    M   1        13 220
 3  83  66  75   3   0  10 0.00  0.0    0  4.5 10 220   M    M   1        15 220
 4  86  72  79   7   0  14 0.00  0.0    0  5.1 13 230   M    M   5 8      18 220
 5  81  72  77   5   0  12    T  0.0    0  5.2 13 230   M    M   4 1      21 240
 6  75  60  68  -3   0   3 3.22  0.0    0  8.4 18  50   M    M  10 1      25  70
 7  68  62  65  -6   0   0 1.21  0.0    0 10.8 18  60   M    M  10 1      26  60
 8  79  63  71   0   0   6 0.90  0.0    0  6.6 17  60   M    M   6 1      23  50
 9  84  67  76   6   0  11 0.00  0.0    0  4.4 10  60   M    M   3        14 230
10  80  68  74   4   0   9    T  0.0    0  3.7 12  50   M    M   7        16  50
11  71  64  68  -2   0   3 0.01  0.0    0  4.4 10  60   M    M   7 1      16  60
12  80  66  73   3   0   8 0.00  0.0    0  2.0  9 160   M    M   2 1      15 160
13  82  67  75   6   0  10 0.00  0.0    0  4.7 13 230   M    M   1 18     18 200
14  85  70  78   9   0  13 0.00  0.0    0  4.8 12 230   M    M   2 18     18 240
15  76  53  65  -3   0   0 0.07  0.0    0  4.6 15 340   M    M   5 18     25 300
16  65  51  58 -10   7   0 0.00  0.0    0  5.3 13 280   M    M   0        21 340
17  65  53  59  -9   6   0 0.00  0.0    0  5.4 16  70   M    M   2        21  80
18  68  53  61  -6   4   0 0.00  0.0    0  7.4 17  60   M    M   4        26  70
19  68  52  60  -7   5   0 0.00  0.0    0  4.8 10  50   M    M   1        15 230
20  68  61  65  -1   0   0 0.06  0.0    0  4.0 13 130   M    M   9 1      20 220
21  73  63  68   2   0   3 0.06  0.0    0  2.3  9 120   M    M   7 18     16 170
22  80  68  74   8   0   9 0.02  0.0    0  1.5  9 170   M    M   7 1      15 150
23  73  69  71   6   0   6 2.61  0.0    0  4.2 10 150   M    M   9 12     15 160
24  76  70  73   8   0   8 0.00  0.0    0  2.0  9 330   M    M   5 1      15 310
25  80  70  75  11   0  10 0.00  0.0    0  0.9  7  40   M    M   4        10  60
26  80  68  74  10   0   9 0.00  0.0    0  1.0  9 140   M    M   3 18     12 140
27  77  69  73   9   0   8 0.00  0.0    0  3.5 12 140   M    M   7 18     15 140
28  74  68  71   8   0   6 0.11  0.0    0  5.7 13 130   M    M  10 1      18  80
29  73  61  67   4   0   2 0.40  0.0    0  4.6 17 250   M    M   6 18     29 250
30  76  58  67   5   0   2 0.72  0.0    0  3.8 12 260   M    M   4 1      17 150
================================================================================
SM 2287 1915        22 179  9.39     0.0 132.7          M      142
================================================================================
AV 76.2 63.8                               4.4 FASTST   M    M   5    MAX(MPH)
                                 MISC ---->  # 18  50               # 29  250
================================================================================
NOTES:
# LAST OF SEVERAL OCCURRENCES

COLUMN 17 PEAK WIND IN M.P.H.

PRELIMINARY LOCAL CLIMATOLOGICAL DATA (WS FORM: F-6) , PAGE 2

                                          STATION:  CENTRAL PARK NY
                                          MONTH:    SEPTEMBER
                                          YEAR:     2011
                                          LATITUDE:   40 46 N
                                          LONGITUDE:  73 58 W

[TEMPERATURE DATA]      [PRECIPITATION DATA]       SYMBOLS USED IN COLUMN 16

AVERAGE MONTHLY: 70.0   TOTAL FOR MONTH:   9.39    1 = FOG OR MIST
DPTR FM NORMAL:   2.0   DPTR FM NORMAL:    5.11    2 = FOG REDUCING VISIBILITY
HIGHEST:    86 ON  4    GRTST 24HR  3.22 ON  6- 6      TO 1/4 MILE OR LESS
LOWEST:     51 ON 16                               3 = THUNDER
                        SNOW, ICE PELLETS, HAIL    4 = ICE PELLETS
                        TOTAL MONTH:   0.0 INCH    5 = HAIL
                        GRTST 24HR     0.0         6 = FREEZING RAIN OR DRIZZLE
                        GRTST DEPTH:   0           7 = DUSTSTORM OR SANDSTORM:
                                                       VSBY 1/2 MILE OR LESS
                                                   8 = SMOKE OR HAZE
[NO. OF DAYS WITH]      [WEATHER - DAYS WITH]      9 = BLOWING SNOW
                                                   X = TORNADO
MAX 32 OR BELOW:   0    0.01 INCH OR MORE:  12
MAX 90 OR ABOVE:   0    0.10 INCH OR MORE:   7
MIN 32 OR BELOW:   0    0.50 INCH OR MORE:   5
MIN  0 OR BELOW:   0    1.00 INCH OR MORE:   3

[HDD (BASE 65) ]
TOTAL THIS MO.    22    CLEAR  (SCALE 0-3)  11
DPTR FM NORMAL   -21    PTCLDY (SCALE 4-7)  14
TOTAL FM JUL 1    22    CLOUDY (SCALE 8-10)  5
DPTR FM NORMAL   -23

[CDD (BASE 65) ]
TOTAL THIS MO.   179
DPTR FM NORMAL    46    [PRESSURE DATA]
TOTAL FM JAN 1  1314    HIGHEST SLP M ON M
DPTR FM NORMAL   227    LOWEST  SLP 29.59 ON 29

[REMARKS]
#FINAL-09-11#
