000
CXUS51 KOKX 010701
CF6NYC
PRELIMINARY LOCAL CLIMATOLOGICAL DATA (WS FORM: F-6)

                                          STATION:   CENTRAL PARK NY
                                          MONTH:     JUNE
                                          YEAR:      2011
                                          LATITUDE:   40 46 N
                                          LONGITUDE:  73 58 W

  TEMPERATURE IN F:       :PCPN:    SNOW:  WIND      :SUNSHINE: SKY     :PK WND
================================================================================
1   2   3   4   5  6A  6B    7    8   9   10  11  12  13   14  15   16   17  18
                                     12Z  AVG MX 2MIN
DY MAX MIN AVG DEP HDD CDD  WTR  SNW DPTH SPD SPD DIR MIN PSBL S-S WX    SPD DR
================================================================================

 1  90  69  80  13   0  15 0.00  0.0    0  5.5 13 210   M    M   1 18     21 210
 2  80  62  71   3   0   6 0.00  0.0    0  8.6 20 290   M    M   0        33 300
 3  76  57  67  -1   0   2 0.00  0.0    0  6.7 18 280   M    M   0        26 270
 4  75  59  67  -1   0   2    T  0.0    0  4.8 14 270   M    M   2        20 270
 5  70  56  63  -6   2   0 0.00  0.0    0  4.1 13  90   M    M   5        15 120
 6  81  60  71   2   0   6 0.00  0.0    0  4.0 12 240   M    M   3        16 230
 7  87  66  77   8   0  12 0.00  0.0    0  5.5 14 260   M    M   0 8      22 220
 8  94  73  84  15   0  19 0.00  0.0    0  3.7  7  99   M    M   0 8       M  M
 9  95  69  82  12   0  17 0.07  0.0    0  3.6  9 260   M    M   1 138    18 260
10  87  70  79   9   0  14 0.00  0.0    0  4.6 12  70   M    M   2 1      16 140
11  72  60  66  -4   0   1 0.55  0.0    0  9.9 16  50   M    M  10 1      24  50
12  74  58  66  -4   0   1 0.05  0.0    0  5.9 15  50   M    M   9 1      21  50
13  73  60  67  -4   0   2 0.05  0.0    0  4.5 13 290   M    M   5 1      18 280
14  72  58  65  -6   0   0 0.05  0.0    0  4.7 15  60   M    M   6 1      18  60
15  83  56  70  -1   0   5 0.00  0.0    0  4.8 12  50   M    M   1        17  50
16  84  62  73   2   0   8 0.00  0.0    0  4.1  9 260   M    M   2         M  M
17  76  64  70  -2   0   5 1.82  0.0    0  2.5  8 120   M    M   6 12     20  99
18  83  64  74   2   0   9 0.00  0.0    0  1.7  7 260   M    M   1 18      M  M
19  83  69  76   4   0  11 0.00  0.0    0  4.0  9  50   M    M   0        16  10
20  81  67  74   2   0   9 0.00  0.0    0  3.1  7  99   M    M   0         M  M
21  82  70  76   3   0  11 0.00  0.0    0  4.3 12 240   M    M   2        16 220
22  80  71  76   3   0  11 0.27  0.0    0  3.2 13  70   M    M   3 18     17 150
23  71  66  69  -4   0   4 0.26  0.0    0  6.5 16  40   M    M   9 1      23  30
24  70  65  68  -5   0   3 0.03  0.0    0  6.0 12  50   M    M  10 1       M  60
25  80  64  72  -2   0   7 0.00  0.0    0  4.0 10 260   M    M   8 18     15 270
26  79  66  73  -1   0   8 0.00  0.0    0  4.3 10 280   M    M   4        15 270
27  82  66  74   0   0   9 0.00  0.0    0  2.3  9 160   M    M   2        13 150
28  83  72  78   4   0  13 0.00  0.0    0  2.5 10 150   M    M   5 18     16 150
29  82  69  76   2   0  11 0.10  0.0    0  3.9 14 310   M    M   3 1      20 280
30  82  65  74  -1   0   9 0.00  0.0    0  4.8 12 270   M    M   1        16 250
================================================================================
SM 2407 1933         2 230  3.25     0.0 138.1          M      101
================================================================================
AV 80.2 64.4                               4.6 FASTST   M    M   3    MAX(MPH)
                                 MISC ---->  # 20 290               # 33  300
================================================================================
NOTES:
# LAST OF SEVERAL OCCURRENCES

COLUMN 17 PEAK WIND IN M.P.H.

PRELIMINARY LOCAL CLIMATOLOGICAL DATA (WS FORM: F-6) , PAGE 2

                                          STATION:  CENTRAL PARK NY
                                          MONTH:    JUNE
                                          YEAR:     2011
                                          LATITUDE:   40 46 N
                                          LONGITUDE:  73 58 W

[TEMPERATURE DATA]      [PRECIPITATION DATA]       SYMBOLS USED IN COLUMN 16

AVERAGE MONTHLY: 72.3   TOTAL FOR MONTH:   3.25    1 = FOG OR MIST
DPTR FM NORMAL:   1.1   DPTR FM NORMAL:   -0.59    2 = FOG REDUCING VISIBILITY
HIGHEST:    95 ON  9    GRTST 24HR  1.82 ON 17-17      TO 1/4 MILE OR LESS
LOWEST:     56 ON 15, 5                            3 = THUNDER
                        SNOW, ICE PELLETS, HAIL    4 = ICE PELLETS
                        TOTAL MONTH:   0.0 INCH    5 = HAIL
                        GRTST 24HR     0.0         6 = FREEZING RAIN OR DRIZZLE
                        GRTST DEPTH:   0           7 = DUSTSTORM OR SANDSTORM:
                                                       VSBY 1/2 MILE OR LESS
                                                   8 = SMOKE OR HAZE
[NO. OF DAYS WITH]      [WEATHER - DAYS WITH]      9 = BLOWING SNOW
                                                   X = TORNADO
MAX 32 OR BELOW:   0    0.01 INCH OR MORE:  10
MAX 90 OR ABOVE:   3    0.10 INCH OR MORE:   5
MIN 32 OR BELOW:   0    0.50 INCH OR MORE:   2
MIN  0 OR BELOW:   0    1.00 INCH OR MORE:   1

[HDD (BASE 65) ]
TOTAL THIS MO.     2    CLEAR  (SCALE 0-3)  17
DPTR FM NORMAL   -14    PTCLDY (SCALE 4-7)   9
TOTAL FM JUL 1  4726    CLOUDY (SCALE 8-10)  4
DPTR FM NORMAL   -55

[CDD (BASE 65) ]
TOTAL THIS MO.   230
DPTR FM NORMAL    16    [PRESSURE DATA]
TOTAL FM JAN 1   330    HIGHEST SLP M ON M
DPTR FM NORMAL    41    LOWEST  SLP 29.68 ON 24

[REMARKS]
#FINAL-06-11#
