000
CXUS51 KOKX 010701
CF6NYC
PRELIMINARY LOCAL CLIMATOLOGICAL DATA (WS FORM: F-6)

                                          STATION:   CENTRAL PARK NY
                                          MONTH:     MAY
                                          YEAR:      2012
                                          LATITUDE:   40 46 N
                                          LONGITUDE:  73 58 W

  TEMPERATURE IN F:       :PCPN:    SNOW:  WIND      :SUNSHINE: SKY     :PK WND
================================================================================
1   2   3   4   5  6A  6B    7    8   9   10  11  12  13   14  15   16   17  18
                                     12Z  AVG MX 2MIN
DY MAX MIN AVG DEP HDD CDD  WTR  SNW DPTH SPD SPD DIR MIN PSBL S-S WX    SPD DR
================================================================================

 1  68  51  60   2   5   0 0.62  0.0    0  4.0 13 170   M    M   7 18     22 180
 2  53  50  52  -6  13   0 0.08  0.0    0  5.7 13  80   M    M  10 1      18  40
 3  58  50  54  -5  11   0 0.47  0.0    0  2.4  8 150   M    M  10 18     14 170
 4  73  54  64   5   1   0 0.10  0.0    0  2.1 10 350   M    M   6 18     16 260
 5  63  56  60   1   5   0 0.00  0.0    0  3.1  9  70   M    M  10 18     13  80
 6  65  53  59  -1   6   0 0.00  0.0    0  3.5 10 160   M    M   6 1      17 150
 7  65  52  59  -1   6   0 0.01  0.0    0  3.6 10 190   M    M   8        23 180
 8  66  55  61   1   4   0 0.04  0.0    0  5.0 15 180   M    M   8 18     27 180
 9  69  57  63   3   2   0 0.33  0.0    0  3.0 10 290   M    M   9 18     17 230
10  64  52  58  -3   7   0 0.19  0.0    0  5.8 13 310   M    M   6 1      30 320
11  68  49  59  -2   6   0 0.00  0.0    0  5.5 16 270   M    M   0        30 280
12  78  53  66   5   0   1 0.00  0.0    0  4.1 12 250   M    M   0        20 240
13  81  63  72  10   0   7 0.00  0.0    0  4.4 12 230   M    M   1        19 240
14  70  63  67   5   0   2    T  0.0    0  4.0 14 250   M    M   9 8      22 250
15  65  61  63   1   2   0 0.54  0.0    0  3.3 10 170   M    M   8 1      20 180
16  78  61  70   8   0   5 0.09  0.0    0  2.1  9 350   M    M   6 18     17 360
17  72  53  63   0   2   0 0.00  0.0    0  4.2 15 350   M    M   1        25 360
18  72  54  63   0   2   0 0.00  0.0    0  4.3 12 150   M    M   0        17 150
19  80  53  67   4   0   2 0.00  0.0    0  3.1 10  50   M    M   0        17 100
20  78  57  68   4   0   3 0.00  0.0    0  6.1 15  60   M    M   1        21  50
21  62  57  60  -4   5   0 1.40  0.0    0  7.2 17  70   M    M  10 1      22  70
22  70  60  65   1   0   0 0.23  0.0    0  4.6 13  50   M    M  10 1      18  60
23  75  64  70   6   0   5 0.03  0.0    0  2.8 12 160   M    M   5 18     19 170
24  66  62  64  -1   1   0 0.95  0.0    0  4.1  7  60   M    M  10 1       M  M
25  75  60  68   3   0   3    T  0.0    0  3.6  9  60   M    M   8 18     15 160
26  84  67  76  11   0  11 0.02  0.0    0  2.7 10  50   M    M   2 1      19  10
27  81  64  73   7   0   8 0.06  0.0    0  1.6  7  99   M    M   5 1       M  M
28  89  71  80  14   0  15 0.00  0.0    0  2.7 12 240   M    M   0        19 250
29  89  68  79  13   0  14 0.21  0.0    0  4.5 12 360   M    M   2 1      25 250
30  76  68  72   6   0   7 0.01  0.0    0  3.1  9 250   M    M   4 1      13 240
31  79  66  73   6   0   8 0.00  0.0    0  4.8 12 360   M    M   1        18 290
================================================================================
SM 2232 1804        78  91  5.38     0.0 121.0          M      163
================================================================================
AV 72.0 58.2                               3.9 FASTST   M    M   5    MAX(MPH)
                                 MISC ---->  # 17  70               # 30  280
================================================================================
NOTES:
# LAST OF SEVERAL OCCURRENCES

COLUMN 17 PEAK WIND IN M.P.H.

PRELIMINARY LOCAL CLIMATOLOGICAL DATA (WS FORM: F-6) , PAGE 2

                                          STATION:  CENTRAL PARK NY
                                          MONTH:    MAY
                                          YEAR:     2012
                                          LATITUDE:   40 46 N
                                          LONGITUDE:  73 58 W

[TEMPERATURE DATA]      [PRECIPITATION DATA]       SYMBOLS USED IN COLUMN 16

AVERAGE MONTHLY: 65.1   TOTAL FOR MONTH:   5.38    1 = FOG OR MIST
DPTR FM NORMAL:   2.7   DPTR FM NORMAL:    1.19    2 = FOG REDUCING VISIBILITY
HIGHEST:    89 ON 29,28 GRTST 24HR  1.63 ON 21-22      TO 1/4 MILE OR LESS
LOWEST:     49 ON 11                               3 = THUNDER
                        SNOW, ICE PELLETS, HAIL    4 = ICE PELLETS
                        TOTAL MONTH:   0.0 INCH    5 = HAIL
                        GRTST 24HR     0.0         6 = FREEZING RAIN OR DRIZZLE
                        GRTST DEPTH:   0           7 = DUSTSTORM OR SANDSTORM:
                                                       VSBY 1/2 MILE OR LESS
                                                   8 = SMOKE OR HAZE
[NO. OF DAYS WITH]      [WEATHER - DAYS WITH]      9 = BLOWING SNOW
                                                   X = TORNADO
MAX 32 OR BELOW:   0    0.01 INCH OR MORE:  18
MAX 90 OR ABOVE:   0    0.10 INCH OR MORE:  10
MIN 32 OR BELOW:   0    0.50 INCH OR MORE:   4
MIN  0 OR BELOW:   0    1.00 INCH OR MORE:   1

[HDD (BASE 65) ]
TOTAL THIS MO.    78    CLEAR  (SCALE 0-3)  11
DPTR FM NORMAL   -60    PTCLDY (SCALE 4-7)  10
TOTAL FM JUL 1  3700    CLOUDY (SCALE 8-10) 10
DPTR FM NORMAL -1031

[CDD (BASE 65) ]
TOTAL THIS MO.    91
DPTR FM NORMAL    34    [PRESSURE DATA]
TOTAL FM JAN 1   115    HIGHEST SLP M ON M
DPTR FM NORMAL    46    LOWEST  SLP 29.67 ON 29

[REMARKS]
#FINAL-05-12#
