000
CXUS51 KOKX 010701
CF6NYC
PRELIMINARY LOCAL CLIMATOLOGICAL DATA (WS FORM: F-6)

                                          STATION:   CENTRAL PARK NY
                                          MONTH:     FEBRUARY
                                          YEAR:      2014
                                          LATITUDE:   40 46 N
                                          LONGITUDE:  73 58 W

  TEMPERATURE IN F:       :PCPN:    SNOW:  WIND      :SUNSHINE: SKY     :PK WND
================================================================================
1   2   3   4   5  6A  6B    7    8   9   10  11  12  13   14  15   16   17  18
                                     12Z  AVG MX 2MIN
DY MAX MIN AVG DEP HDD CDD  WTR  SNW DPTH SPD SPD DIR MIN PSBL S-S WX    SPD DR
================================================================================

 1  45  36  41   8  24   0 0.00  0.0    1  3.5 13 180   M    M   0 8      19 190
 2  56  39  48  15  17   0    T  0.0    1  3.1 10 360   M    M   4 8      15 360
 3  43  27  35   2  30   0 1.17  8.0    1  6.7 10  20   M    M   9 128    16  20
 4  35  22  29  -5  36   0 0.00  0.0    8  2.2  7  60   M    M   3 8       M  M
 5  34  29  32  -2  33   0 1.43  4.0    9  7.1 15  60   M    M  10 126    28  70
 6  32  21  27  -7  38   0 0.00  0.0    9  4.0 13 310   M    M   7        19 310
 7  32  24  28  -6  37   0 0.00  0.0    9  6.8 15 280   M    M   0        24 270
 8  29  21  25  -9  40   0 0.00  0.0    9  5.0 12 280   M    M   3        17 270
 9  31  21  26  -8  39   0 0.10  1.2    8  3.5 12 270   M    M   4 18     19 270
10  29  21  25  -9  40   0 0.00  0.0   10  7.2 15 310   M    M   0        26 320
11  26  16  21 -13  44   0 0.00  0.0   10  5.3 14 280   M    M   0        20 270
12  25  13  19 -16  46   0 0.00  0.0   10  5.8 14  60   M    M   1        19  50
13  36  24  30  -5  35   0 1.78  9.5   12 12.6 25  60   M    M  10 12     39  80
14  40  31  36   1  29   0 0.30  3.0   18 10.4 22 290   M    M   3 128    38 280
15  37  27  32  -3  33   0 0.13  1.6   18  9.3 18  60   M    M   9 128    29 310
16  30  21  26  -9  39   0 0.00  0.0   18  9.0 18 310   M    M   4        31 300
17  32  18  25 -11  40   0 0.00  0.0   17  5.4 16 310   M    M   0        24 300
18  39  26  33  -3  32   0 0.16  1.5   18  5.1 16 280   M    M   6 128    30 280
19  45  34  40   4  25   0 0.26  0.0   17  5.2 16 150   M    M   3 18     26 290
20  51  37  44   8  21   0 0.03  0.0   15  5.0 14 160   M    M   3 18     20 180
21  49  36  43   7  22   0 0.09  0.0   13  7.3 21 290   M    M   9 12     32 290
22  54  40  47  11  18   0 0.00  0.0   10  7.2 17 260   M    M   0        29 260
23  54  43  49  12  16   0    T  0.0    9  5.4 18 290   M    M   2        30 300
24  44  27  36  -1  29   0 0.00  0.0    6  9.3 17 320   M    M   4        28 280
25  33  24  29  -8  36   0 0.00  0.0    6  7.0 18 280   M    M   4        27 280
26  31  20  26 -11  39   0 0.03  0.2    6  5.4 17 320   M    M   4 8      29 300
27  34  14  24 -14  41   0 0.00  0.0    6  8.4 21 290   M    M   4 8      39 290
28  24   9  17 -21  48   0 0.00  0.0    6  4.7 15 280   M    M   0        25 330
================================================================================
SM 1050  721       927   0  5.48    29.0 176.9          M      106
================================================================================
AV 37.5 25.8                               6.3 FASTST   M    M   4    MAX(MPH)
                                 MISC ---->  # 25  60               # 39   80
================================================================================
NOTES:
# LAST OF SEVERAL OCCURRENCES

COLUMN 17 PEAK WIND IN M.P.H.

PRELIMINARY LOCAL CLIMATOLOGICAL DATA (WS FORM: F-6) , PAGE 2

                                          STATION:  CENTRAL PARK NY
                                          MONTH:    FEBRUARY
                                          YEAR:     2014
                                          LATITUDE:   40 46 N
                                          LONGITUDE:  73 58 W

[TEMPERATURE DATA]      [PRECIPITATION DATA]       SYMBOLS USED IN COLUMN 16

AVERAGE MONTHLY: 31.6   TOTAL FOR MONTH:   5.48    1 = FOG OR MIST
DPTR FM NORMAL:  -3.7   DPTR FM NORMAL:    2.39    2 = FOG REDUCING VISIBILITY
HIGHEST:    56 ON  2    GRTST 24HR  1.96 ON 13-14      TO 1/4 MILE OR LESS
LOWEST:      9 ON 28                               3 = THUNDER
                        SNOW, ICE PELLETS, HAIL    4 = ICE PELLETS
                        TOTAL MONTH:  29.0 INCHES  5 = HAIL
                        GRTST 24HR   9.5 ON 13-13  6 = FREEZING RAIN OR DRIZZLE
                        GRTST DEPTH:  18 ON 18,16  7 = DUSTSTORM OR SANDSTORM:
                                                       VSBY 1/2 MILE OR LESS
                                                   8 = SMOKE OR HAZE
[NO. OF DAYS WITH]      [WEATHER - DAYS WITH]      9 = BLOWING SNOW
                                                   X = TORNADO
MAX 32 OR BELOW:  11    0.01 INCH OR MORE:  11
MAX 90 OR ABOVE:   0    0.10 INCH OR MORE:   8
MIN 32 OR BELOW:  21    0.50 INCH OR MORE:   3
MIN  0 OR BELOW:   0    1.00 INCH OR MORE:   3

[HDD (BASE 65) ]
TOTAL THIS MO.   927    CLEAR  (SCALE 0-3)  10
DPTR FM NORMAL    94    PTCLDY (SCALE 4-7)  13
TOTAL FM JUL 1  3670    CLOUDY (SCALE 8-10)  5
DPTR FM NORMAL   148

[CDD (BASE 65) ]
TOTAL THIS MO.     0
DPTR FM NORMAL     0    [PRESSURE DATA]
TOTAL FM JAN 1     0    HIGHEST SLP 29.91 ON  2
DPTR FM NORMAL     0    LOWEST  SLP 29.03 ON 13

[REMARKS]
#FINAL-02-14#
