000
CXUS51 KOKX 010701
CF6NYC
PRELIMINARY LOCAL CLIMATOLOGICAL DATA (WS FORM: F-6)

                                          STATION:   CENTRAL PARK NY
                                          MONTH:     JUNE
                                          YEAR:      2014
                                          LATITUDE:   40 46 N
                                          LONGITUDE:  73 58 W

  TEMPERATURE IN F:       :PCPN:    SNOW:  WIND      :SUNSHINE: SKY     :PK WND
================================================================================
1   2   3   4   5  6A  6B    7    8   9   10  11  12  13   14  15   16   17  18
                                     12Z  AVG MX 2MIN
DY MAX MIN AVG DEP HDD CDD  WTR  SNW DPTH SPD SPD DIR MIN PSBL S-S WX    SPD DR
================================================================================

 1  77  55  66  -1   0   1 0.00  0.0    0  3.6 10 250   M    M   1        18 250
 2  80  59  70   3   0   5 0.00  0.0    0  4.4 10 170   M    M   0        19 150
 3  87  65  76   8   0  11 0.12  0.0    0  4.0 13 160   M    M   2 1      22 170
 4  82  63  73   5   0   8 0.00  0.0    0  3.6 10  70   M    M   3 18     16 150
 5  76  61  69   1   0   4 0.87  0.0    0  5.5 13  10   M    M   8 1      20 310
 6  76  61  69   0   0   4 0.00  0.0    0  4.5 10 310   M    M   5        20 290
 7  82  60  71   2   0   6 0.00  0.0    0  2.8  9 240   M    M   0        15 240
 8  86  66  76   7   0  11 0.00  0.0    0  2.8 13 250   M    M   0        19 260
 9  73  63  68  -2   0   3 1.60  0.0    0  4.2  9  70   M    M   9 1      15 140
10  77  65  71   1   0   6 0.00  0.0    0  3.4  8 110   M    M   8 18     11 110
11  70  61  66  -4   0   1 0.02  0.0    0  7.1 16  80   M    M  10 18     23  50
12  73  60  67  -4   0   2 0.07  0.0    0  5.5 10  60   M    M  10 18     15  90
13  79  65  72   1   0   7 1.28  0.0    0  3.5  9 310   M    M   7 128    17 310
14  74  60  67  -4   0   2 0.00  0.0    0  4.7 14 310   M    M   5 1      26 290
15  80  59  70  -2   0   5 0.00  0.0    0  4.2 12 360   M    M   0        18 290
16  81  63  72   0   0   7 0.00  0.0    0  2.8 12 160   M    M   0        18 180
17  89  71  80   8   0  15 0.00  0.0    0  4.0  9 240   M    M   1        16 260
18  89  76  83  11   0  18 0.00  0.0    0  5.9 14 310   M    M   0        24 290
19  77  68  73   0   0   8 0.15  0.0    0  3.9 10  10   M    M   4 1      17  40
20  79  64  72  -1   0   7 0.00  0.0    0  4.4 12  50   M    M   0        19 320
21  78  62  70  -3   0   5 0.00  0.0    0  4.8 13  70   M    M   0        18  50
22  79  64  72  -1   0   7 0.00  0.0    0  2.0  9 160   M    M   4        15 170
23  81  65  73  -1   0   8 0.00  0.0    0  2.6 12 260   M    M   1        19 170
24  81  68  75   1   0  10 0.00  0.0    0  5.0 12 170   M    M   2        20 170
25  85  70  78   4   0  13 0.08  0.0    0  4.8 12 180   M    M   5 1      24 250
26  85  70  78   4   0  13 0.07  0.0    0  4.7 13  70   M    M   5 1      17  60
27  83  67  75   1   0  10 0.00  0.0    0  3.0 13 120   M    M   5        18 140
28  87  66  77   2   0  12 0.00  0.0    0  2.9 12 170   M    M   0        20 160
29  83  68  76   1   0  11 0.00  0.0    0  2.7 12 190   M    M   0        18 160
30  84  69  77   2   0  12 0.00  0.0    0  2.7 10 160   M    M   1        20 180
================================================================================
SM 2413 1934         0 232  4.26     0.0 120.0          M       96
================================================================================
AV 80.4 64.5                               4.0 FASTST   M    M   3    MAX(MPH)
                                 MISC ---->  # 16  80               # 26  290
================================================================================
NOTES:
# LAST OF SEVERAL OCCURRENCES

COLUMN 17 PEAK WIND IN M.P.H.

PRELIMINARY LOCAL CLIMATOLOGICAL DATA (WS FORM: F-6) , PAGE 2

                                          STATION:  CENTRAL PARK NY
                                          MONTH:    JUNE
                                          YEAR:     2014
                                          LATITUDE:   40 46 N
                                          LONGITUDE:  73 58 W

[TEMPERATURE DATA]      [PRECIPITATION DATA]       SYMBOLS USED IN COLUMN 16

AVERAGE MONTHLY: 72.4   TOTAL FOR MONTH:   4.26    1 = FOG OR MIST
DPTR FM NORMAL:   1.0   DPTR FM NORMAL:   -0.15    2 = FOG REDUCING VISIBILITY
HIGHEST:    89 ON 18,17 GRTST 24HR  1.60 ON  8- 9      TO 1/4 MILE OR LESS
LOWEST:     55 ON  1                               3 = THUNDER
                        SNOW, ICE PELLETS, HAIL    4 = ICE PELLETS
                        TOTAL MONTH:   0.0 INCH    5 = HAIL
                        GRTST 24HR     0.0         6 = FREEZING RAIN OR DRIZZLE
                        GRTST DEPTH:   0           7 = DUSTSTORM OR SANDSTORM:
                                                       VSBY 1/2 MILE OR LESS
                                                   8 = SMOKE OR HAZE
[NO. OF DAYS WITH]      [WEATHER - DAYS WITH]      9 = BLOWING SNOW
                                                   X = TORNADO
MAX 32 OR BELOW:   0    0.01 INCH OR MORE:   9
MAX 90 OR ABOVE:   0    0.10 INCH OR MORE:   5
MIN 32 OR BELOW:   0    0.50 INCH OR MORE:   3
MIN  0 OR BELOW:   0    1.00 INCH OR MORE:   2

[HDD (BASE 65) ]
TOTAL THIS MO.     0    CLEAR  (SCALE 0-3)  16
DPTR FM NORMAL   -19    PTCLDY (SCALE 4-7)  11
TOTAL FM JUL 1  4962    CLOUDY (SCALE 8-10)  3
DPTR FM NORMAL   212

[CDD (BASE 65) ]
TOTAL THIS MO.   232
DPTR FM NORMAL    20    [PRESSURE DATA]
TOTAL FM JAN 1   286    HIGHEST SLP M ON M
DPTR FM NORMAL     5    LOWEST  SLP 29.64 ON  5

[REMARKS]
#FINAL-06-14#
