000
CXUS51 KOKX 010701
CF6NYC
PRELIMINARY LOCAL CLIMATOLOGICAL DATA (WS FORM: F-6)

                                          STATION:   CENTRAL PARK NY
                                          MONTH:     FEBRUARY
                                          YEAR:      2013
                                          LATITUDE:   40 46 N
                                          LONGITUDE:  73 58 W

  TEMPERATURE IN F:       :PCPN:    SNOW:  WIND      :SUNSHINE: SKY     :PK WND
================================================================================
1   2   3   4   5  6A  6B    7    8   9   10  11  12  13   14  15   16   17  18
                                     12Z  AVG MX 2MIN
DY MAX MIN AVG DEP HDD CDD  WTR  SNW DPTH SPD SPD DIR MIN PSBL S-S WX    SPD DR
================================================================================

 1  31  24  28  -5  37   0 0.00  0.0    0  8.6 15 290   M    M   4        32 290
 2  29  19  24  -9  41   0 0.02  0.1    0  6.5 16 290   M    M   5 18     26 250
 3  30  24  27  -6  38   0 0.02  0.3    T  3.6 10 300   M    M   6 18     15 290
 4  30  23  27  -7  38   0 0.00  0.0    0  7.3 17 260   M    M   3        32 290
 5  32  28  30  -4  35   0 0.02  0.4    T  4.9 13  60   M    M  10 18     15  60
 6  39  29  34   0  31   0 0.00  0.0    0  4.6 15 310   M    M   4 18     22 290
 7  32  26  29  -5  36   0 0.00  0.0    0  5.8 10  80   M    M   2        13  90
 8  34  27  31  -3  34   0 1.15  6.3    0 13.7 25  70   M    M  10 128    37  80
 9  32  21  27  -7  38   0 0.38  5.1    0  8.6 18 320   M    M   3 128    31 310
10  36  18  27  -7  38   0 0.00  0.0   10  3.2 13 310   M    M   0        20 330
11  45  34  40   6  25   0 0.49  0.0    9  3.5 10 310   M    M   9 1      18 170
12  44  36  40   5  25   0 0.00  0.0    4  8.6 17 290   M    M   5        32 300
13  44  33  39   4  26   0 0.03    T    0  3.4 12  40   M    M   3 1      18  40
14  46  33  40   5  25   0    T    T    0  4.1 13  30   M    M   1 1      18 250
15  55  37  46  11  19   0 0.00  0.0    0  6.1 16 310   M    M   2 8      24 300
16  41  31  36   1  29   0 0.02    T    0  7.1 15  10   M    M  10 1      25  20
17  32  18  25 -11  40   0 0.00  0.0    0 12.3 25 310   M    M   4        40 320
18  35  17  26 -10  39   0 0.00  0.0    0  8.2 17 290   M    M   0        31 290
19  49  33  41   5  24   0 0.15  0.0    0  6.7 18 290   M    M   4 1      28 290
20  38  25  32  -4  33   0 0.00  0.0    0 12.0 22 290   M    M   4        34 280
21  34  24  29  -7  36   0 0.00  0.0    0 10.0 21 310   M    M   4        32 270
22  38  25  32  -4  33   0 0.00  0.0    0  7.1 16  40   M    M   3        24  40
23  42  36  39   2  26   0 0.26  0.0    0  9.0 21  60   M    M  10 1      30  70
24  47  34  41   4  24   0 0.01  0.0    0  7.1 17 310   M    M   9 1      32 320
25  45  32  39   2  26   0 0.00  0.0    0  4.6 12 310   M    M   5        18  20
26  44  35  40   3  25   0 0.14  0.0    0  7.7 20  70   M    M   6 18     28  80
27  47  36  42   4  23   0 1.56  0.0    0 11.2 24  70   M    M   8 1      37  50
28  51  39  45   7  20   0    T  0.0    0  4.5 12 290   M    M   9        19 280
================================================================================
SM 1102  797       864   0  4.25    12.2 200.0          M      143
================================================================================
AV 39.4 28.5                               7.1 FASTST   M    M   5    MAX(MPH)
                                 MISC ---->  # 25  70               # 40  320
================================================================================
NOTES:
# LAST OF SEVERAL OCCURRENCES

COLUMN 17 PEAK WIND IN M.P.H.

PRELIMINARY LOCAL CLIMATOLOGICAL DATA (WS FORM: F-6) , PAGE 2

                                          STATION:  CENTRAL PARK NY
                                          MONTH:    FEBRUARY
                                          YEAR:     2013
                                          LATITUDE:   40 46 N
                                          LONGITUDE:  73 58 W

[TEMPERATURE DATA]      [PRECIPITATION DATA]       SYMBOLS USED IN COLUMN 16

AVERAGE MONTHLY: 33.9   TOTAL FOR MONTH:   4.25    1 = FOG OR MIST
DPTR FM NORMAL:  -1.4   DPTR FM NORMAL:    1.16    2 = FOG REDUCING VISIBILITY
HIGHEST:    55 ON 15    GRTST 24HR  1.70 ON 26-27      TO 1/4 MILE OR LESS
LOWEST:     17 ON 18                               3 = THUNDER
                        SNOW, ICE PELLETS, HAIL    4 = ICE PELLETS
                        TOTAL MONTH:  12.2 INCHES  5 = HAIL
                        GRTST 24HR   6.3 ON   M    6 = FREEZING RAIN OR DRIZZLE
                        GRTST DEPTH:  10 ON 10     7 = DUSTSTORM OR SANDSTORM:
                                                       VSBY 1/2 MILE OR LESS
                                                   8 = SMOKE OR HAZE
[NO. OF DAYS WITH]      [WEATHER - DAYS WITH]      9 = BLOWING SNOW
                                                   X = TORNADO
MAX 32 OR BELOW:   8    0.01 INCH OR MORE:  13
MAX 90 OR ABOVE:   0    0.10 INCH OR MORE:   7
MIN 32 OR BELOW:  17    0.50 INCH OR MORE:   2
MIN  0 OR BELOW:   0    1.00 INCH OR MORE:   2

[HDD (BASE 65) ]
TOTAL THIS MO.   864    CLEAR  (SCALE 0-3)   9
DPTR FM NORMAL    31    PTCLDY (SCALE 4-7)  12
TOTAL FM JUL 1  3373    CLOUDY (SCALE 8-10)  7
DPTR FM NORMAL  -149

[CDD (BASE 65) ]
TOTAL THIS MO.     0
DPTR FM NORMAL     0    [PRESSURE DATA]
TOTAL FM JAN 1     0    HIGHEST SLP M ON M
DPTR FM NORMAL     0    LOWEST  SLP 29.50 ON 27

[REMARKS]
#FINAL-02-13#
