000
CXUS51 KOKX 010701
CF6NYC
PRELIMINARY LOCAL CLIMATOLOGICAL DATA (WS FORM: F-6)

                                          STATION:   CENTRAL PARK NY
                                          MONTH:     FEBRUARY
                                          YEAR:      2012
                                          LATITUDE:   40 46 N
                                          LONGITUDE:  73 58 W

  TEMPERATURE IN F:       :PCPN:    SNOW:  WIND      :SUNSHINE: SKY     :PK WND
================================================================================
1   2   3   4   5  6A  6B    7    8   9   10  11  12  13   14  15   16   17  18
                                     12Z  AVG MX 2MIN
DY MAX MIN AVG DEP HDD CDD  WTR  SNW DPTH SPD SPD DIR MIN PSBL S-S WX    SPD DR
================================================================================

 1  62  48  55  22  10   0 0.03  0.0    0  8.1 20 270   M    M   4        28 280
 2  50  35  43  10  22   0 0.00  0.0    0  6.9 16 290   M    M   4        26 290
 3  44  30  37   4  28   0 0.00  0.0    0  6.8 16 290   M    M   0        23 290
 4  46  35  41   7  24   0 0.00  0.0    0  5.1 15  40   M    M   3        20  60
 5  40  32  36   2  29   0 0.00  0.0    0  6.0 10 290   M    M   0        17  30
 6  51  33  42   8  23   0 0.00  0.0    0  8.0 16 230   M    M   0        22 230
 7  49  38  44  10  21   0 0.00  0.0    0  6.3 16 280   M    M   1        22 290
 8  38  31  35   1  30   0 0.01    T    0  4.3 13  60   M    M   4 18     15  60
 9  46  31  39   5  26   0    T    T    0  6.7 15 290   M    M   0 1      20 300
10  45  34  40   6  25   0 0.00  0.0    0  6.1 15 230   M    M   2 8      20 220
11  38  32  35   1  30   0 0.08    T    T  5.9 15 330   M    M  10 18     22 320
12  32  20  26  -9  39   0 0.01  0.2    0  9.9 23 260   M    M   5 18     32 330
13  44  28  36   1  29   0 0.00  0.0    0  8.0 18 270   M    M   2        28 270
14  47  36  42   7  23   0 0.02  0.0    0  4.2 20 220   M    M   8        25 220
15  46  39  43   8  22   0 0.01  0.0    0  3.5 10 290   M    M   9 18     14 270
16  44  36  40   5  25   0 0.19  0.0    0  4.4 12 150   M    M   7 18     18 170
17  50  41  46  10  19   0 0.03  0.0    0  6.7 16 290   M    M   5 18     26 300
18  48  35  42   6  23   0 0.02  0.0    0  6.5 16 220   M    M   3        22 270
19  44  35  40   4  25   0 0.00  0.0    0  7.0 18  40   M    M   0        23  20
20  46  31  39   3  26   0 0.00  0.0    0  7.4 17  20   M    M   0        25  30
21  46  32  39   3  26   0 0.00  0.0    0  7.4 16 170   M    M   2        27 160
22  57  43  50  14  15   0 0.00  0.0    0  6.4 16 270   M    M   4        24 240
23  58  46  52  15  13   0 0.00  0.0    0  8.1 21 260   M    M   3        30 270
24  46  36  41   4  24   0 0.60    T    0  8.0 21 270   M    M  10 1      32 310
25  45  33  39   2  26   0    T    T    0 15.0 22 260   M    M   5        41 280
26  45  29  37   0  28   0 0.00  0.0    0  8.7 28 270   M    M   0        41 270
27  59  36  48  10  17   0 0.00  0.0    0  3.2 14 220   M    M   3        22 220
28  50  40  45   7  20   0 0.00  0.0    0  5.5 21 290   M    M   2        35 310
29  42  38  40   2  25   0 0.37  0.0    0  3.9 15 130   M    M   7 1      21 110
================================================================================
SM 1358 1013       693   0  1.37     0.2 194.0          M      103
================================================================================
AV 46.8 34.9                               6.7 FASTST   M    M   4    MAX(MPH)
                                 MISC ---->  # 28 270                 41    M
================================================================================
NOTES:
# LAST OF SEVERAL OCCURRENCES

COLUMN 17 PEAK WIND IN M.P.H.

PRELIMINARY LOCAL CLIMATOLOGICAL DATA (WS FORM: F-6) , PAGE 2

                                          STATION:  CENTRAL PARK NY
                                          MONTH:    FEBRUARY
                                          YEAR:     2012
                                          LATITUDE:   40 46 N
                                          LONGITUDE:  73 58 W

[TEMPERATURE DATA]      [PRECIPITATION DATA]       SYMBOLS USED IN COLUMN 16

AVERAGE MONTHLY: 40.9   TOTAL FOR MONTH:   1.37    1 = FOG OR MIST
DPTR FM NORMAL:   5.6   DPTR FM NORMAL:   -1.72    2 = FOG REDUCING VISIBILITY
HIGHEST:    62 ON  1    GRTST 24HR  0.60 ON 24-24      TO 1/4 MILE OR LESS
LOWEST:     20 ON 12                               3 = THUNDER
                        SNOW, ICE PELLETS, HAIL    4 = ICE PELLETS
                        TOTAL MONTH:   0.2 INCH    5 = HAIL
                        GRTST 24HR   0.2 ON   M    6 = FREEZING RAIN OR DRIZZLE
                        GRTST DEPTH:   T           7 = DUSTSTORM OR SANDSTORM:
                                                       VSBY 1/2 MILE OR LESS
                                                   8 = SMOKE OR HAZE
[NO. OF DAYS WITH]      [WEATHER - DAYS WITH]      9 = BLOWING SNOW
                                                   X = TORNADO
MAX 32 OR BELOW:   1    0.01 INCH OR MORE:  11
MAX 90 OR ABOVE:   0    0.10 INCH OR MORE:   3
MIN 32 OR BELOW:  10    0.50 INCH OR MORE:   1
MIN  0 OR BELOW:   0    1.00 INCH OR MORE:   0

[HDD (BASE 65) ]
TOTAL THIS MO.   693    CLEAR  (SCALE 0-3)  15
DPTR FM NORMAL  -140    PTCLDY (SCALE 4-7)  11
TOTAL FM JUL 1  2871    CLOUDY (SCALE 8-10)  3
DPTR FM NORMAL  -678

[CDD (BASE 65) ]
TOTAL THIS MO.     0
DPTR FM NORMAL     0    [PRESSURE DATA]
TOTAL FM JAN 1     0    HIGHEST SLP M ON M
DPTR FM NORMAL     0    LOWEST  SLP 29.34 ON 24

[REMARKS]
#FINAL-02-12#
