000
CXUS51 KOKX 010701
CF6NYC
PRELIMINARY LOCAL CLIMATOLOGICAL DATA (WS FORM: F-6)

                                          STATION:   CENTRAL PARK NY
                                          MONTH:     NOVEMBER
                                          YEAR:      2013
                                          LATITUDE:   40 46 N
                                          LONGITUDE:  73 58 W

  TEMPERATURE IN F:       :PCPN:    SNOW:  WIND      :SUNSHINE: SKY     :PK WND
================================================================================
1   2   3   4   5  6A  6B    7    8   9   10  11  12  13   14  15   16   17  18
                                     12Z  AVG MX 2MIN
DY MAX MIN AVG DEP HDD CDD  WTR  SNW DPTH SPD SPD DIR MIN PSBL S-S WX    SPD DR
================================================================================

 1  70  59  65  13   0   0 0.13  0.0    0  5.0 23 280   M    M   5 18     43 260
 2  68  55  62  10   3   0 0.00  0.0    0  3.9 10 290   M    M   4        18 290
 3  55  37  46  -6  19   0 0.00  0.0    0  6.2 15 340   M    M   5        21 350
 4  46  35  41 -10  24   0 0.00  0.0    0  6.4 15  50   M    M   0        24  40
 5  55  41  48  -3  17   0 0.00  0.0    0  4.1 10 100   M    M   4        14 100
 6  61  49  55   4  10   0 0.00  0.0    0  3.5  9 210   M    M   3        19 190
 7  64  44  54   4  11   0 0.13  0.0    0  6.8 15 310   M    M   6 18     24 310
 8  50  40  45  -5  20   0 0.00  0.0    0  8.8 16 290   M    M   4        28 270
 9  50  38  44  -6  21   0 0.00  0.0    0  5.0 13 250   M    M   1        23 250
10  61  44  53   3  12   0    T  0.0    0  7.7 18 280   M    M   5        33 250
11  53  43  48  -1  17   0 0.00  0.0    0  6.4 16 290   M    M   6        26 240
12  52  31  42  -7  23   0 0.03    T    0  6.2 16 340   M    M   5 18     29 340
13  39  29  34 -15  31   0 0.00  0.0    0  6.0 14 290   M    M   1        22 300
14  52  33  43  -5  22   0 0.00  0.0    0  8.1 17 250   M    M   0        31 250
15  57  44  51   3  14   0 0.00  0.0    0  4.7 13 250   M    M   0        23 250
16  60  45  53   5  12   0 0.05  0.0    0  2.7 12 250   M    M   4 18     17 250
17  60  51  56   9   9   0 0.03  0.0    0  3.5 10 170   M    M   9 18     16 180
18  65  51  58  11   7   0 0.22  0.0    0  7.3 20 280   M    M   4 1      31 280
19  51  36  44  -3  21   0 0.00  0.0    0  9.2 20 310   M    M   3        31 320
20  44  32  38  -8  27   0 0.00  0.0    0  6.9 15  20   M    M   0        23  10
21  52  35  44  -2  21   0 0.00  0.0    0  4.9 10  60   M    M   4        14 240
22  57  51  54   8  11   0 0.07  0.0    0  6.3 12 260   M    M   8 18     18 280
23  54  31  43  -2  22   0    T    T    0  9.6 21 290   M    M   2 18     34 310
24  30  23  27 -18  38   0 0.00  0.0    0 12.1 25 310   M    M   2        43 300
25  35  23  29 -16  36   0 0.00  0.0    0  5.9 15 250   M    M   0        23 250
26  47  33  40  -4  25   0 0.51    T    0  4.2 12  60   M    M   8 1      21 250
27  62  35  49   5  16   0 1.98  0.0    0  9.7 20 280   M    M  10 1      37 180
28  35  30  33 -11  32   0 0.00  0.0    0  7.2 22 280   M    M   4        39 290
29  39  29  34  -9  31   0 0.00  0.0    0  3.8 13 360   M    M   5        19  20
30  39  25  32 -11  33   0 0.00  0.0    0  5.2 12  60   M    M   3        16  50
================================================================================
SM 1563 1152       585   0  3.15    T    187.3          M      115
================================================================================
AV 52.1 38.4                               6.2 FASTST   M    M   4    MAX(MPH)
                                 MISC ---->  # 25 310               # 43  260
================================================================================
NOTES:
# LAST OF SEVERAL OCCURRENCES

COLUMN 17 PEAK WIND IN M.P.H.

PRELIMINARY LOCAL CLIMATOLOGICAL DATA (WS FORM: F-6) , PAGE 2

                                          STATION:  CENTRAL PARK NY
                                          MONTH:    NOVEMBER
                                          YEAR:     2013
                                          LATITUDE:   40 46 N
                                          LONGITUDE:  73 58 W

[TEMPERATURE DATA]      [PRECIPITATION DATA]       SYMBOLS USED IN COLUMN 16

AVERAGE MONTHLY: 45.2   TOTAL FOR MONTH:   3.15    1 = FOG OR MIST
DPTR FM NORMAL:  -2.5   DPTR FM NORMAL:   -0.87    2 = FOG REDUCING VISIBILITY
HIGHEST:    70 ON  1    GRTST 24HR  2.43 ON 26-27      TO 1/4 MILE OR LESS
LOWEST:     23 ON 25,24                            3 = THUNDER
                        SNOW, ICE PELLETS, HAIL    4 = ICE PELLETS
                        TOTAL MONTH:    T          5 = HAIL
                        GRTST 24HR    T  ON 26-26  6 = FREEZING RAIN OR DRIZZLE
                        GRTST DEPTH:   0           7 = DUSTSTORM OR SANDSTORM:
                                                       VSBY 1/2 MILE OR LESS
                                                   8 = SMOKE OR HAZE
[NO. OF DAYS WITH]      [WEATHER - DAYS WITH]      9 = BLOWING SNOW
                                                   X = TORNADO
MAX 32 OR BELOW:   1    0.01 INCH OR MORE:   9
MAX 90 OR ABOVE:   0    0.10 INCH OR MORE:   5
MIN 32 OR BELOW:   9    0.50 INCH OR MORE:   2
MIN  0 OR BELOW:   0    1.00 INCH OR MORE:   1

[HDD (BASE 65) ]
TOTAL THIS MO.   585    CLEAR  (SCALE 0-3)  10
DPTR FM NORMAL    65    PTCLDY (SCALE 4-7)  17
TOTAL FM JUL 1   808    CLOUDY (SCALE 8-10)  3
DPTR FM NORMAL   -25

[CDD (BASE 65) ]
TOTAL THIS MO.     0
DPTR FM NORMAL    -1    [PRESSURE DATA]
TOTAL FM JAN 1  1271    HIGHEST SLP 30.00 ON 24
DPTR FM NORMAL   166    LOWEST  SLP 29.35 ON 27

[REMARKS]
#FINAL-11-13#
