000
CXUS51 KOKX 011933
CF6NYC
PRELIMINARY LOCAL CLIMATOLOGICAL DATA (WS FORM: F-6)

                                          STATION:   CENTRAL PARK NY
                                          MONTH:     JANUARY
                                          YEAR:      2013
                                          LATITUDE:   40 46 N
                                          LONGITUDE:  73 58 W

  TEMPERATURE IN F:       :PCPN:    SNOW:  WIND      :SUNSHINE: SKY     :PK WND
================================================================================
1   2   3   4   5  6A  6B    7    8   9   10  11  12  13   14  15   16   17  18
                                     12Z  AVG MX 2MIN
DY MAX MIN AVG DEP HDD CDD  WTR  SNW DPTH SPD SPD DIR MIN PSBL S-S WX    SPD DR
================================================================================

 1  40  26  33   0  32   0 0.00  0.0    0  7.0 15 310   M    M   6        26 300
 2  33  22  28  -5  37   0 0.00  0.0    0  5.8 15 310   M    M   0 8      22 340
 3  32  24  28  -5  37   0 0.00  0.0    0  4.5 13 260   M    M   2        20 260
 4  37  30  34   1  31   0 0.00  0.0    0  8.0 18 290   M    M   4        28 250
 5  42  32  37   4  28   0 0.00  0.0    0  6.6 17 310   M    M   1        26 310
 6  46  34  40   7  25   0    T    T    0  6.8 13 290   M    M   6 18     20 270
 7  45  37  41   8  24   0 0.00  0.0    0  5.4 16 310   M    M   1        25 310
 8  48  35  42   9  23   0 0.00  0.0    0  6.5 17 250   M    M   0        25 260
 9  49  39  44  12  21   0 0.00  0.0    0  4.1 14 270   M    M   4 8      22 250
10  47  40  44  12  21   0 0.00  0.0    0  6.7 15 310   M    M   0        22 290
11  46  37  42  10  23   0 0.55  0.0    0  4.5 10 120   M    M   5 18     14 180
12  47  42  45  13  20   0 0.02  0.0    0  3.9 10 350   M    M  10 1      14 350
13  50  43  47  15  18   0 0.00  0.0    0  2.7 12 180   M    M  10 18     18 170
14  56  38  47  15  18   0 0.09  0.0    0   M  14 310   M    M   9 18     21 320
15  38  35  37   5  28   0 0.12  0.0    0  6.9 13  20   M    M  10 1      19  60
16  37  32  35   3  30   0 0.69    T    0  4.9 16 310   M    M   9 14     27 310
17  43  35  39   7  26   0 0.00  0.0    0  5.6 13 310   M    M   3        20 280
18  35  25  30  -2  35   0 0.00  0.0    0  6.6 14 240   M    M   5        23 240
19  51  30  41   9  24   0 0.00  0.0    0  9.9 20 250   M    M   1        32 260
20  53  30  42  10  23   0 0.00  0.0    0 10.9 23 280   M    M   0        37 280
21  32  26  29  -3  36   0 0.00  0.0    0  5.2 15 310   M    M   6        22 320
22  27  13  20 -12  45   0    T    T    0 10.6 20 290   M    M   3 8      29 290
23  20  11  16 -16  49   0 0.00  0.0    0  7.8 17 280   M    M   2        26 280
24  22  12  17 -15  48   0 0.00  0.0    0  8.4 20 300   M    M   2        31 320
25  24  13  19 -13  46   0 0.07  1.5    0  6.6 15 280   M    M   4 18     23 290
26  27  15  21 -12  44   0 0.00  0.0    2  6.8 17 300   M    M   1        27 290
27  34  19  27  -6  38   0 0.00  0.0    1  5.8 14 280   M    M   0        21 290
28  36  29  33   0  32   0 0.22    T    1  4.8 13 250   M    M   8 18     20 250
29  49  36  43  10  22   0 0.06  0.0    0  4.4 10 140   M    M  10 18     29  90
30  59  39  49  16  16   0 0.04  0.0    0  5.1 15 170   M    M   9 128    23 170
31  61  30  46  13  19   0 0.90  0.0    0 12.2 26 280   M    M   5 1      43 290
================================================================================
SM 1266  909       919   0  2.76     1.5 195.0          M      136
================================================================================
AV 40.8 29.3                               6.5 FASTST   M    M   4    MAX(MPH)
                                 MISC ---->  # 26 280               # 43  290
================================================================================
NOTES:
# LAST OF SEVERAL OCCURRENCES

COLUMN 17 PEAK WIND IN M.P.H.

PRELIMINARY LOCAL CLIMATOLOGICAL DATA (WS FORM: F-6) , PAGE 2

                                          STATION:  CENTRAL PARK NY
                                          MONTH:    JANUARY
                                          YEAR:     2013
                                          LATITUDE:   40 46 N
                                          LONGITUDE:  73 58 W

[TEMPERATURE DATA]      [PRECIPITATION DATA]       SYMBOLS USED IN COLUMN 16

AVERAGE MONTHLY: 35.1   TOTAL FOR MONTH:   2.76    1 = FOG OR MIST
DPTR FM NORMAL:   2.5   DPTR FM NORMAL:   -0.89    2 = FOG REDUCING VISIBILITY
HIGHEST:    61 ON 31    GRTST 24HR  0.94 ON 30-31      TO 1/4 MILE OR LESS
LOWEST:     11 ON 23                               3 = THUNDER
                        SNOW, ICE PELLETS, HAIL    4 = ICE PELLETS
                        TOTAL MONTH:   1.5 INCHES  5 = HAIL
                        GRTST 24HR   1.5 ON 25-25  6 = FREEZING RAIN OR DRIZZLE
                        GRTST DEPTH:   2 ON 26     7 = DUSTSTORM OR SANDSTORM:
                                                       VSBY 1/2 MILE OR LESS
                                                   8 = SMOKE OR HAZE
[NO. OF DAYS WITH]      [WEATHER - DAYS WITH]      9 = BLOWING SNOW
                                                   X = TORNADO
MAX 32 OR BELOW:   7    0.01 INCH OR MORE:  10
MAX 90 OR ABOVE:   0    0.10 INCH OR MORE:   5
MIN 32 OR BELOW:  18    0.50 INCH OR MORE:   3
MIN  0 OR BELOW:   0    1.00 INCH OR MORE:   0

[HDD (BASE 65) ]
TOTAL THIS MO.   919    CLEAR  (SCALE 0-3)  13
DPTR FM NORMAL   -85    PTCLDY (SCALE 4-7)  11
TOTAL FM JUL 1  2509    CLOUDY (SCALE 8-10)  7
DPTR FM NORMAL  -180

[CDD (BASE 65) ]
TOTAL THIS MO.     0
DPTR FM NORMAL     0    [PRESSURE DATA]
TOTAL FM JAN 1     0    HIGHEST SLP 30.52 ON 27
DPTR FM NORMAL     0    LOWEST  SLP 29.04 ON 31

[REMARKS]
#FINAL-01-13#
