000
CXUS51 KOKX 010701
CF6NYC
PRELIMINARY LOCAL CLIMATOLOGICAL DATA (WS FORM: F-6)

                                          STATION:   CENTRAL PARK NY
                                          MONTH:     APRIL
                                          YEAR:      2011
                                          LATITUDE:   40 46 N
                                          LONGITUDE:  73 58 W

  TEMPERATURE IN F:       :PCPN:    SNOW:  WIND      :SUNSHINE: SKY     :PK WND
================================================================================
1   2   3   4   5  6A  6B    7    8   9   10  11  12  13   14  15   16   17  18
                                     12Z  AVG MX 2MIN
DY MAX MIN AVG DEP HDD CDD  WTR  SNW DPTH SPD SPD DIR MIN PSBL S-S WX    SPD DR
================================================================================

 1  44  35  40  -8  25   0 0.18    T    0  7.3 17 270   M    M  10 1      23 270
 2  55  38  47  -1  18   0 0.00  0.0    0 10.1 18 270   M    M   2        25 280
 3  58  42  50   2  15   0    T  0.0    0 10.4 17 290   M    M   2        29 290
 4  63  43  53   4  12   0 0.06  0.0    0  6.7 17 160   M    M   6        24 160
 5  67  41  54   5  11   0 0.16  0.0    0 10.5 21 290   M    M   7 18     33 310
 6  55  38  47  -2  18   0 0.09  0.0    0  6.8 18 240   M    M   4 8      24 230
 7  52  42  47  -3  18   0 0.02  0.0    0  6.4 16  60   M    M   6        22  40
 8  49  42  46  -4  19   0 0.00  0.0    0  4.5 13  60   M    M   3 8      16 200
 9  58  40  49  -1  16   0 0.00  0.0    0  4.9 12 130   M    M   1 18     16 140
10  56  46  51   0  14   0 0.00  0.0    0  4.1 13 150   M    M   9        16 140
11  81  50  66  15   0   1    T  0.0    0  6.9 14 250   M    M   6 18     22 240
12  72  45  59   8   6   0 1.09  0.0    0 10.8 26  50   M    M   7 1      33  60
13  50  43  47  -5  18   0 0.38  0.0    0 11.9 32  60   M    M   9 1      40  60
14  69  48  59   7   6   0 0.00  0.0    0  5.8 16  30   M    M   3        28  30
15  56  41  49  -3  16   0 0.00  0.0    0  9.6 22  60   M    M   5        28  60
16  55  41  48  -5  17   0 1.45  0.0    0 12.3 24  90   M    M   9 18     39 110
17  61  50  56   3   9   0 0.33  0.0    0  9.3 22 170   M    M   5 1      35 250
18  63  47  55   2  10   0 0.00  0.0    0  6.9 14 170   M    M   2        23 210
19  53  47  50  -4  15   0 0.03  0.0    0  6.2 16  70   M    M   5 1      22  60
20  65  45  55   1  10   0 0.00  0.0    0  5.9 17  50   M    M   6 18     24  70
21  63  43  53  -1  12   0 0.00  0.0    0 10.3 20 290   M    M   1        32 300
22  51  40  46  -9  19   0 0.00  0.0    0  7.1 13 160   M    M   3        17 150
23  61  43  52  -3  13   0 0.75  0.0    0  5.6 14 140   M    M   8 18     21 120
24  80  54  67  12   0   2 0.50  0.0    0  3.4 13 150   M    M   5 1      16 150
25  75  56  66  10   0   1 0.00  0.0    0  5.3 12  60   M    M   8 18     16  70
26  83  54  69  13   0   4 0.00  0.0    0  6.2 16 160   M    M   3 18     26 200
27  75  61  68  12   0   3    T  0.0    0  6.9 15 150   M    M   5        21 150
28  72  61  67  10   0   2 0.31  0.0    0  7.1 15 140   M    M   6 1      25 270
29  69  54  62   5   3   0 0.00  0.0    0  6.5 16 260   M    M   5        23 250
30  67  50  59   2   6   0 0.00  0.0    0  4.8 15  50   M    M   5        22  50
================================================================================
SM 1878 1380       326  13  5.35    T    220.5          M      156
================================================================================
AV 62.6 46.0                               7.3 FASTST   M    M   5    MAX(MPH)
                                 MISC ---->  # 32  60               # 40   60
================================================================================
NOTES:
# LAST OF SEVERAL OCCURRENCES

COLUMN 17 PEAK WIND IN M.P.H.

PRELIMINARY LOCAL CLIMATOLOGICAL DATA (WS FORM: F-6) , PAGE 2

                                          STATION:  CENTRAL PARK NY
                                          MONTH:    APRIL
                                          YEAR:     2011
                                          LATITUDE:   40 46 N
                                          LONGITUDE:  73 58 W

[TEMPERATURE DATA]      [PRECIPITATION DATA]       SYMBOLS USED IN COLUMN 16

AVERAGE MONTHLY: 54.3   TOTAL FOR MONTH:   5.35    1 = FOG OR MIST
DPTR FM NORMAL:   1.8   DPTR FM NORMAL:    1.07    2 = FOG REDUCING VISIBILITY
HIGHEST:    83 ON 26    GRTST 24HR  1.78 ON 16-17      TO 1/4 MILE OR LESS
LOWEST:     35 ON  1                               3 = THUNDER
                        SNOW, ICE PELLETS, HAIL    4 = ICE PELLETS
                        TOTAL MONTH:    T          5 = HAIL
                        GRTST 24HR    T  ON  1- 1  6 = FREEZING RAIN OR DRIZZLE
                        GRTST DEPTH:   0           7 = DUSTSTORM OR SANDSTORM:
                                                       VSBY 1/2 MILE OR LESS
                                                   8 = SMOKE OR HAZE
[NO. OF DAYS WITH]      [WEATHER - DAYS WITH]      9 = BLOWING SNOW
                                                   X = TORNADO
MAX 32 OR BELOW:   0    0.01 INCH OR MORE:  13
MAX 90 OR ABOVE:   0    0.10 INCH OR MORE:   9
MIN 32 OR BELOW:   0    0.50 INCH OR MORE:   4
MIN  0 OR BELOW:   0    1.00 INCH OR MORE:   2

[HDD (BASE 65) ]
TOTAL THIS MO.   326    CLEAR  (SCALE 0-3)   6
DPTR FM NORMAL   -46    PTCLDY (SCALE 4-7)  19
TOTAL FM JUL 1  4630    CLOUDY (SCALE 8-10)  5
DPTR FM NORMAL    -8

[CDD (BASE 65) ]
TOTAL THIS MO.    13
DPTR FM NORMAL     3    [PRESSURE DATA]
TOTAL FM JAN 1    13    HIGHEST SLP M ON M
DPTR FM NORMAL     1    LOWEST  SLP 29.22 ON  5

[REMARKS]
#FINAL-04-11#
