000
CXUS51 KOKX 010701
CF6NYC
PRELIMINARY LOCAL CLIMATOLOGICAL DATA (WS FORM: F-6)

                                          STATION:   CENTRAL PARK NY
                                          MONTH:     NOVEMBER
                                          YEAR:      2012
                                          LATITUDE:   40 46 N
                                          LONGITUDE:  73 58 W

  TEMPERATURE IN F:       :PCPN:    SNOW:  WIND      :SUNSHINE: SKY     :PK WND
================================================================================
1   2   3   4   5  6A  6B    7    8   9   10  11  12  13   14  15   16   17  18
                                     12Z  AVG MX 2MIN
DY MAX MIN AVG DEP HDD CDD  WTR  SNW DPTH SPD SPD DIR MIN PSBL S-S WX    SPD DR
================================================================================

 1  51  43  47  -5  18   0 0.00  0.0    0  5.9 14 260   M    M   5        19 250
 2  53  42  48  -4  17   0 0.00  0.0    0  6.6 16 290   M    M   9        28 270
 3  51  40  46  -6  19   0 0.00  0.0    0  8.4 18 300   M    M   4        29 310
 4  51  39  45  -6  20   0 0.00  0.0    0  6.6 14 290   M    M   3        19 340
 5  45  35  40 -11  25   0 0.00  0.0    0  4.8 13  60   M    M   5        20 300
 6  42  31  37 -14  28   0 0.00  0.0    0  5.6 12  40   M    M   0        20  10
 7  41  31  36 -14  29   0 1.12  4.3    0 10.5 22  20   M    M   7 12     33  40
 8  48  32  40 -10  25   0 0.06  0.4    4  7.2 16 300   M    M   7 18     28 310
 9  53  36  45  -5  20   0 0.00  0.0    0  8.1 16 300   M    M   0        26 290
10  55  42  49  -1  16   0 0.00  0.0    0  1.5  9 290   M    M   5 8      22  30
11  64  50  57   8   8   0 0.00  0.0    0  2.6  8 160   M    M   2 18     16 240
12  66  48  57   8   8   0 0.00  0.0    0  3.9 15 180   M    M   3 128    24 180
13  62  40  51   2  14   0 0.09  0.0    0  6.1 13  50   M    M   9 1      22 290
14  47  37  42  -6  23   0 0.00  0.0    0  6.4 15  60   M    M   1        21  30
15  45  35  40  -8  25   0 0.00  0.0    0  4.8 13  80   M    M   0        17  50
16  46  38  42  -6  23   0 0.00  0.0    0  4.8 13  30   M    M   0        18  30
17  51  39  45  -2  20   0 0.00  0.0    0  5.1 12  30   M    M   0        16  30
18  49  38  44  -3  21   0 0.00  0.0    0  6.4 13  60   M    M   1        17  60
19  47  37  42  -5  23   0 0.00  0.0    0  5.7 14  60   M    M   4        20  90
20  51  40  46   0  19   0 0.00  0.0    0  4.1  9  40   M    M   0        12  30
21  53  40  47   1  18   0 0.00  0.0    0  4.5 10  70   M    M   0        15  50
22  54  41  48   2  17   0 0.00  0.0    0  2.6  9  70   M    M   0        12  60
23  56  43  50   5  15   0 0.01  0.0    0  5.0 12 250   M    M   2        17 170
24  50  35  43  -2  22   0 0.00  0.0    0 10.2 21 290   M    M   3        34 290
25  40  33  37  -8  28   0 0.00  0.0    0  6.8 15 240   M    M   4        28 240
26  48  36  42  -2  23   0 0.00  0.0    0  5.3 15 280   M    M   1        22 290
27  42  34  38  -6  27   0 0.53    T    0  5.8 13  20   M    M  10 1      20  50
28  41  34  38  -6  27   0 0.00  0.0    0  5.5 14 280   M    M   4        21 290
29  43  34  39  -4  26   0 0.00  0.0    0  6.6 15 240   M    M   0        26 240
30  46  38  42  -1  23   0 0.00  0.0    0  5.7 18  70   M    M   5        25  50
================================================================================
SM 1491 1141       627   0  1.81     4.7 173.1          M       94
================================================================================
AV 49.7 38.0                               5.8 FASTST   M    M   3    MAX(MPH)
                                 MISC ---->  # 22  20               # 34  290
================================================================================
NOTES:
# LAST OF SEVERAL OCCURRENCES

COLUMN 17 PEAK WIND IN M.P.H.

PRELIMINARY LOCAL CLIMATOLOGICAL DATA (WS FORM: F-6) , PAGE 2

                                          STATION:  CENTRAL PARK NY
                                          MONTH:    NOVEMBER
                                          YEAR:     2012
                                          LATITUDE:   40 46 N
                                          LONGITUDE:  73 58 W

[TEMPERATURE DATA]      [PRECIPITATION DATA]       SYMBOLS USED IN COLUMN 16

AVERAGE MONTHLY: 43.9   TOTAL FOR MONTH:   1.81    1 = FOG OR MIST
DPTR FM NORMAL:  -3.8   DPTR FM NORMAL:   -2.21    2 = FOG REDUCING VISIBILITY
HIGHEST:    66 ON 12    GRTST 24HR  1.18 ON  7- 8      TO 1/4 MILE OR LESS
LOWEST:     31 ON  7, 6                            3 = THUNDER
                        SNOW, ICE PELLETS, HAIL    4 = ICE PELLETS
                        TOTAL MONTH:   4.7 INCHES  5 = HAIL
                        GRTST 24HR   4.3 ON   M    6 = FREEZING RAIN OR DRIZZLE
                        GRTST DEPTH:   4 ON  8     7 = DUSTSTORM OR SANDSTORM:
                                                       VSBY 1/2 MILE OR LESS
                                                   8 = SMOKE OR HAZE
[NO. OF DAYS WITH]      [WEATHER - DAYS WITH]      9 = BLOWING SNOW
                                                   X = TORNADO
MAX 32 OR BELOW:   0    0.01 INCH OR MORE:   5
MAX 90 OR ABOVE:   0    0.10 INCH OR MORE:   2
MIN 32 OR BELOW:   3    0.50 INCH OR MORE:   2
MIN  0 OR BELOW:   0    1.00 INCH OR MORE:   1

[HDD (BASE 65) ]
TOTAL THIS MO.   627    CLEAR  (SCALE 0-3)  14
DPTR FM NORMAL   107    PTCLDY (SCALE 4-7)  13
TOTAL FM JUL 1   871    CLOUDY (SCALE 8-10)  3
DPTR FM NORMAL    38

[CDD (BASE 65) ]
TOTAL THIS MO.     0
DPTR FM NORMAL    -1    [PRESSURE DATA]
TOTAL FM JAN 1  1277    HIGHEST SLP M ON M
DPTR FM NORMAL   172    LOWEST  SLP 29.57 ON  1

[REMARKS]
#FINAL-11-12#
