000
CXUS51 KOKX 010701
CF6NYC
PRELIMINARY LOCAL CLIMATOLOGICAL DATA (WS FORM: F-6)

                                          STATION:   CENTRAL PARK NY
                                          MONTH:     APRIL
                                          YEAR:      2013
                                          LATITUDE:   40 46 N
                                          LONGITUDE:  73 58 W

  TEMPERATURE IN F:       :PCPN:    SNOW:  WIND      :SUNSHINE: SKY     :PK WND
================================================================================
1   2   3   4   5  6A  6B    7    8   9   10  11  12  13   14  15   16   17  18
                                     12Z  AVG MX 2MIN
DY MAX MIN AVG DEP HDD CDD  WTR  SNW DPTH SPD SPD DIR MIN PSBL S-S WX    SPD DR
================================================================================

 1  62  37  50   2  15   0    T  0.0    0  6.5 20 280   M    M   4 18     31 290
 2  43  33  38 -10  27   0 0.00  0.0    0  9.6 18 280   M    M   2        30 280
 3  46  33  40  -9  25   0 0.00  0.0    0 10.7 15 310   M    M   0        31 310
 4  53  33  43  -6  22   0 0.00  0.0    0  5.9 13 230   M    M   0        22 290
 5  64  41  53   4  12   0 0.00  0.0    0  5.6 17 310   M    M   2        29 290
 6  52  35  44  -6  21   0 0.00  0.0    0  6.0 20 310   M    M   0 8      31 330
 7  55  40  48  -2  17   0 0.00  0.0    0  7.1 14 190   M    M   2        31 170
 8  73  51  62  12   3   0 0.00  0.0    0  4.3 16 170   M    M   0        26 170
 9  82  51  67  16   0   2    T  0.0    0  4.8 17 300   M    M   1 18     31 300
10  74  55  65  14   0   0 0.49  0.0    0  5.0 16 310   M    M   2 1      32 290
11  60  47  54   2  11   0    T  0.0    0  6.2 15  60   M    M   9 1      23 130
12  47  41  44  -8  21   0 0.63  0.0    0 11.2 23  70   M    M  10 18     34 100
13  58  41  50  -2  15   0 0.01  0.0    0  2.9 13  20   M    M   8 1      19  10
14  57  46  52  -1  13   0 0.00  0.0    0  5.7 16 280   M    M   3        24 300
15  59  44  52  -1  13   0 0.00  0.0    0  5.7 14  60   M    M   3        18 180
16  63  47  55   2  10   0 0.00  0.0    0  6.5 18 170   M    M   6        26 170
17  71  55  63   9   2   0 0.02  0.0    0  5.3 12  60   M    M   4        19 260
18  59  51  55   1  10   0 0.01  0.0    0  6.1 17 150   M    M   7 1      27 170
19  71  55  63   9   2   0 0.05  0.0    0  7.2 16 170   M    M   7 1      26 180
20  60  43  52  -3  13   0 0.06  0.0    0  8.5 16 310   M    M   4 1      30 300
21  55  37  46  -9  19   0 0.00  0.0    0  5.0 15  60   M    M   0        23 360
22  55  41  48  -7  17   0 0.00  0.0    0  9.6 21  70   M    M   2        26  50
23  53  41  47  -9  18   0 0.00  0.0    0  8.8 20  80   M    M   8 18     31  60
24  69  44  57   1   8   0 0.00  0.0    0  4.8 12 160   M    M   0 8      19 180
25  66  46  56   0   9   0 0.00  0.0    0  5.4 16 310   M    M   3        28 310
26  67  50  59   2   6   0 0.00  0.0    0  3.4 13  30   M    M   0        23  20
27  71  48  60   3   5   0 0.00  0.0    0  4.6 13  60   M    M   0        18 180
28  69  51  60   3   5   0 0.00  0.0    0  4.4 14 160   M    M   0        21 170
29  57  52  55  -3  10   0 0.04  0.0    0  5.1 13 180   M    M  10 1      22 180
30  68  51  60   2   5   0 0.00  0.0    0  5.3 10  60   M    M   5         M  M
================================================================================
SM 1839 1340       354   2  1.31     0.0 187.2          M      102
================================================================================
AV 61.3 44.7                               6.2 FASTST   M    M   3    MAX(MPH)
                                 MISC ---->  # 23  70               # 34  100
================================================================================
NOTES:
# LAST OF SEVERAL OCCURRENCES

COLUMN 17 PEAK WIND IN M.P.H.

PRELIMINARY LOCAL CLIMATOLOGICAL DATA (WS FORM: F-6) , PAGE 2

                                          STATION:  CENTRAL PARK NY
                                          MONTH:    APRIL
                                          YEAR:     2013
                                          LATITUDE:   40 46 N
                                          LONGITUDE:  73 58 W

[TEMPERATURE DATA]      [PRECIPITATION DATA]       SYMBOLS USED IN COLUMN 16

AVERAGE MONTHLY: 53.0   TOTAL FOR MONTH:   1.31    1 = FOG OR MIST
DPTR FM NORMAL:  -0.0   DPTR FM NORMAL:   -3.19    2 = FOG REDUCING VISIBILITY
HIGHEST:    82 ON  9    GRTST 24HR  0.64 ON 12-13      TO 1/4 MILE OR LESS
LOWEST:     33 ON  4, 3                            3 = THUNDER
                        SNOW, ICE PELLETS, HAIL    4 = ICE PELLETS
                        TOTAL MONTH:   0.0 INCH    5 = HAIL
                        GRTST 24HR     0.0         6 = FREEZING RAIN OR DRIZZLE
                        GRTST DEPTH:   0           7 = DUSTSTORM OR SANDSTORM:
                                                       VSBY 1/2 MILE OR LESS
                                                   8 = SMOKE OR HAZE
[NO. OF DAYS WITH]      [WEATHER - DAYS WITH]      9 = BLOWING SNOW
                                                   X = TORNADO
MAX 32 OR BELOW:   0    0.01 INCH OR MORE:   8
MAX 90 OR ABOVE:   0    0.10 INCH OR MORE:   2
MIN 32 OR BELOW:   0    0.50 INCH OR MORE:   1
MIN  0 OR BELOW:   0    1.00 INCH OR MORE:   0

[HDD (BASE 65) ]
TOTAL THIS MO.   354    CLEAR  (SCALE 0-3)  17
DPTR FM NORMAL   -17    PTCLDY (SCALE 4-7)   9
TOTAL FM JUL 1  4490    CLOUDY (SCALE 8-10)  4
DPTR FM NORMAL  -103

[CDD (BASE 65) ]
TOTAL THIS MO.     2
DPTR FM NORMAL    -9    [PRESSURE DATA]
TOTAL FM JAN 1     2    HIGHEST SLP M ON M
DPTR FM NORMAL   -10    LOWEST  SLP 29.62 ON  1

[REMARKS]
#FINAL-04-13#
