000
CXUS54 KCRP 011636
CF6VCT
PRELIMINARY LOCAL CLIMATOLOGICAL DATA (WS FORM: F-6)
STATION: VICTORIA
MONTH: NOVEMBER
YEAR: 2022
LATITUDE: 28 51 N
LONGITUDE: 96 55 W
TEMPERATURE IN F: :PCPN: SNOW: WIND :SUNSHINE: SKY :PK WND
================================================================================
1 2 3 4 5 6A 6B 7 8 9 10 11 12 13 14 15 16 17 18
12Z AVG MX 2MIN
DY MAX MIN AVG DEP HDD CDD WTR SNW DPTH SPD SPD DIR MIN PSBL S-S WX SPD DR
================================================================================
1 68 62 65 -2 0 0 1.57 0.0 0 8.1 16 110 M M 9 13 22 110
2 79 63 71 4 0 6 0.00 0.0 0 6.6 12 40 M M 10 18 16 360
3 88 72 80 14 0 15 0.00 0.0 0 8.6 21 140 M M 6 128 27 170
4 86 62 74 8 0 9 0.06 0.0 0 16.3 30 160 M M 10 1 38 160
5 77 60 69 3 0 4 T 0.0 0 5.8 15 40 M M 4 13 21 50
6 89 60 75 9 0 10 T 0.0 0 7.6 22 170 M M 7 18 28 160
7 88 70 79 14 0 14 0.00 0.0 0 9.0 17 140 M M 5 12 23 150
8 84 70 77 12 0 12 0.11 0.0 0 8.7 20 150 M M 8 128 25 130
9 85 68 77 13 0 12 0.00 0.0 0 8.1 17 120 M M 6 128 22 120
10 85 65 75 11 0 10 0.00 0.0 0 6.4 17 120 M M 6 12 23 130
11 87 47 67 3 0 2 T 0.0 0 10.1 28 360 M M 8 12 38 340
12 64 41 53 -11 12 0 0.00 0.0 0 12.4 24 360 M M 1 34 360
13 62 36 49 -14 16 0 0.00 0.0 0 8.1 14 50 M M 4 19 100
14 67 49 58 -5 7 0 0.46 0.0 0 10.1 22 360 M M 9 18 32 330
15 58 40 49 -14 16 0 0.00 0.0 0 10.2 20 360 M M 5 28 350
16 50 39 45 -17 20 0 0.00 0.0 0 7.3 15 30 M M 8 21 20
17 55 46 51 -11 14 0 0.00 0.0 0 5.4 13 120 M M 10 16 120
18 57 47 52 -10 13 0 0.05 0.0 0 8.2 15 50 M M 10 20 40
19 48 41 45 -17 20 0 1.07 0.0 0 13.6 23 20 M M 10 1 33 10
20 53 41 47 -14 18 0 0.00 0.0 0 9.7 15 20 M M 10 21 40
21 47 44 46 -15 19 0 0.62 0.0 0 9.0 14 10 M M 10 1 20 30
22 55 45 50 -11 15 0 0.28 0.0 0 6.4 13 20 M M 10 1 19 40
23 73 49 61 1 4 0 T 0.0 0 6.7 14 120 M M 8 19 110
24 75 62 69 9 0 4 0.22 0.0 0 8.8 18 40 M M 10 123 28 50
25 63 60 62 2 3 0 0.12 0.0 0 11.0 18 30 M M 10 13 26 30
26 66 49 58 -2 7 0 0.49 0.0 0 13.8 36 290 M M 4 13 48 290
27 80 48 64 4 1 0 0.00 0.0 0 7.1 16 240 M M 0 1 20 240
28 77 45 61 2 4 0 0.00 0.0 0 7.0 17 130 M M 3 1 21 130
29 84 61 73 14 0 8 0.00 0.0 0 9.7 21 190 M M 8 128 27 200
30 64 43 54 -5 11 0 0.00 0.0 0 12.1 24 360 M M 2 12 37 10
================================================================================
SM 2114 1585 200 106 5.05 0.0 271.9 M 211
================================================================================
AV 70.5 52.8 9.1 FASTST M M 7 MAX(MPH)
MISC ----> 36 290 48 290
================================================================================
NOTES:
# LAST OF SEVERAL OCCURRENCES
COLUMN 17 PEAK WIND IN M.P.H.
PRELIMINARY LOCAL CLIMATOLOGICAL DATA (WS FORM: F-6) , PAGE 2
STATION: VICTORIA
MONTH: NOVEMBER
YEAR: 2022
LATITUDE: 28 51 N
LONGITUDE: 96 55 W
[TEMPERATURE DATA] [PRECIPITATION DATA] SYMBOLS USED IN COLUMN 16
AVERAGE MONTHLY: 61.7 TOTAL FOR MONTH: 5.05 1 = FOG OR MIST
DPTR FM NORMAL: -1.1 DPTR FM NORMAL: 2.12 2 = FOG REDUCING VISIBILITY
HIGHEST: 89 ON 6 GRTST 24HR 1.57 ON 1- 1 TO 1/4 MILE OR LESS
LOWEST: 36 ON 13 3 = THUNDER
SNOW, ICE PELLETS, HAIL 4 = ICE PELLETS
TOTAL MONTH: 0.0 INCH 5 = HAIL
GRTST 24HR 0.0 6 = FREEZING RAIN OR DRIZZLE
GRTST DEPTH: 0 7 = DUSTSTORM OR SANDSTORM:
VSBY 1/2 MILE OR LESS
8 = SMOKE OR HAZE
[NO. OF DAYS WITH] [WEATHER - DAYS WITH] 9 = BLOWING SNOW
X = TORNADO
MAX 32 OR BELOW: 0 0.01 INCH OR MORE: 11
MAX 90 OR ABOVE: 0 0.10 INCH OR MORE: 9
MIN 32 OR BELOW: 0 0.50 INCH OR MORE: 3
MIN 0 OR BELOW: 0 1.00 INCH OR MORE: 2
[HDD (BASE 65) ]
TOTAL THIS MO. 200 CLEAR (SCALE 0-3) 4
DPTR FM NORMAL 56 PTCLDY (SCALE 4-7) 13
TOTAL FM JUL 1 212 CLOUDY (SCALE 8-10) 13
DPTR FM NORMAL 44
[CDD (BASE 65) ]
TOTAL THIS MO. 106
DPTR FM NORMAL 29 [PRESSURE DATA]
TOTAL FM JAN 1 3737 HIGHEST SLP 30.49 ON 17
DPTR FM NORMAL 480 LOWEST SLP 29.71 ON 29
[REMARKS]
#FINAL-11-22#