000
CXUS54 KCRP 011651
CF6VCT
PRELIMINARY LOCAL CLIMATOLOGICAL DATA (WS FORM: F-6)
STATION: VICTORIA
MONTH: MARCH
YEAR: 2020
LATITUDE: 28 51 N
LONGITUDE: 96 55 W
TEMPERATURE IN F: :PCPN: SNOW: WIND :SUNSHINE: SKY :PK WND
================================================================================
1 2 3 4 5 6A 6B 7 8 9 10 11 12 13 14 15 16 17 18
12Z AVG MX 2MIN
DY MAX MIN AVG DEP HDD CDD WTR SNW DPTH SPD SPD DIR MIN PSBL S-S WX SPD DR
================================================================================
1 75 57 66 6 0 1 0.03 0.0 0 11.3 28 170 M M 7 1 33 180
2 80 67 74 14 0 9 0.00 0.0 0 10.7 22 160 M M 9 18 26 170
3 80 69 75 14 0 10 0.04 0.0 0 7.9 20 120 M M 9 128 26 120
4 79 59 69 8 0 4 0.07 0.0 0 11.2 24 320 M M 6 128 30 320
5 77 49 63 2 2 0 0.00 0.0 0 11.8 22 10 M M 3 8 28 340
6 76 44 60 -1 5 0 0.00 0.0 0 8.9 22 60 M M 0 30 40
7 70 46 58 -4 7 0 0.00 0.0 0 7.1 16 110 M M 1 22 110
8 77 49 63 1 2 0 0.00 0.0 0 13.8 26 130 M M 5 1 32 130
9 79 63 71 9 0 6 T 0.0 0 9.5 25 170 M M 8 1 29 180
10 84 63 74 12 0 9 T 0.0 0 7.7 20 160 M M 8 12 22 190
11 84 63 74 12 0 9 0.00 0.0 0 10.4 21 160 M M 7 128 24 140
12 84 70 77 15 0 12 0.00 0.0 0 14.2 24 190 M M 8 30 190
13 85 71 78 15 0 13 0.00 0.0 0 14.1 24 150 M M 10 35 140
14 85 73 79 16 0 14 0.01 0.0 0 13.6 22 160 M M 7 18 27 150
15 84 67 76 13 0 11 0.00 0.0 0 10.4 20 130 M M 10 18 23 130
16 75 64 70 7 0 5 0.11 0.0 0 7.2 20 140 M M 8 128 23 130
17 80 71 76 12 0 11 T 0.0 0 12.2 23 150 M M 10 1 27 150
18 84 71 78 14 0 13 0.00 0.0 0 15.4 25 140 M M 9 18 31 150
19 85 74 80 16 0 15 0.00 0.0 0 15.4 26 160 M M 9 8 33 150
20 77 56 67 3 0 2 0.74 0.0 0 11.7 26 10 M M 9 138 34 10
21 63 55 59 -5 6 0 0.01 0.0 0 12.7 20 50 M M 10 138 25 10
22 78 62 70 5 0 5 0.29 0.0 0 8.8 20 160 M M 10 128 24 170
23 86 68 77 12 0 12 0.00 0.0 0 12.3 25 160 M M 9 12 29 150
24 87 70 79 14 0 14 0.00 0.0 0 10.2 23 200 M M 7 18 28 200
25 89 68 79 14 0 14 0.00 0.0 0 8.0 21 180 M M 6 128 25 180
26 88 69 79 14 0 14 0.00 0.0 0 13.7 29 150 M M 5 128 34 160
27 89 73 81 15 0 16 0.00 0.0 0 17.5 30 160 M M 7 18 39 150
28 84 59 72 6 0 7 T 0.0 0 9.4 26 340 M M 8 1 34 340
29 83 53 68 2 0 3 0.00 0.0 0 3.9 12 70 M M 5 14 60
30 84 67 76 10 0 11 0.00 0.0 0 13.1 28 160 M M 9 18 34 140
31 80 59 70 4 0 5 0.00 0.0 0 10.6 22 340 M M 2 1 29 10
================================================================================
SM 2511 1949 22 245 1.30 0.0 344.7 M 221
================================================================================
AV 81.0 62.9 11.1 FASTST M M 7 MAX(MPH)
MISC ----> # 30 160 # 39 150
================================================================================
NOTES:
# LAST OF SEVERAL OCCURRENCES
COLUMN 17 PEAK WIND IN M.P.H.
PRELIMINARY LOCAL CLIMATOLOGICAL DATA (WS FORM: F-6) , PAGE 2
STATION: VICTORIA
MONTH: MARCH
YEAR: 2020
LATITUDE: 28 51 N
LONGITUDE: 96 55 W
[TEMPERATURE DATA] [PRECIPITATION DATA] SYMBOLS USED IN COLUMN 16
AVERAGE MONTHLY: 71.9 TOTAL FOR MONTH: 1.30 1 = FOG OR MIST
DPTR FM NORMAL: 8.5 DPTR FM NORMAL: -1.47 2 = FOG REDUCING VISIBILITY
HIGHEST: 89 ON 27,25 GRTST 24HR 0.74 ON 20-20 TO 1/4 MILE OR LESS
LOWEST: 44 ON 6 3 = THUNDER
SNOW, ICE PELLETS, HAIL 4 = ICE PELLETS
TOTAL MONTH: 0.0 INCH 5 = HAIL
GRTST 24HR 0.0 6 = FREEZING RAIN OR DRIZZLE
GRTST DEPTH: 0 7 = DUSTSTORM OR SANDSTORM:
VSBY 1/2 MILE OR LESS
8 = SMOKE OR HAZE
[NO. OF DAYS WITH] [WEATHER - DAYS WITH] 9 = BLOWING SNOW
X = TORNADO
MAX 32 OR BELOW: 0 0.01 INCH OR MORE: 8
MAX 90 OR ABOVE: 0 0.10 INCH OR MORE: 3
MIN 32 OR BELOW: 0 0.50 INCH OR MORE: 1
MIN 0 OR BELOW: 0 1.00 INCH OR MORE: 0
[HDD (BASE 65) ]
TOTAL THIS MO. 22 CLEAR (SCALE 0-3) 4
DPTR FM NORMAL -103 PTCLDY (SCALE 4-7) 14
TOTAL FM JUL 1 900 CLOUDY (SCALE 8-10) 13
DPTR FM NORMAL -318
[CDD (BASE 65) ]
TOTAL THIS MO. 245
DPTR FM NORMAL 171 [PRESSURE DATA]
TOTAL FM JAN 1 334 HIGHEST SLP 30.50 ON 6
DPTR FM NORMAL 222 LOWEST SLP 29.64 ON 4
[REMARKS]
#FINAL-03-20#