000
CXUS54 KCRP 011300
CF6VCT
PRELIMINARY LOCAL CLIMATOLOGICAL DATA (WS FORM: F-6)

                                          STATION:   VICTORIA
                                          MONTH:     MAY
                                          YEAR:      2014
                                          LATITUDE:   28 51 N
                                          LONGITUDE:  96 55 W

  TEMPERATURE IN F:       :PCPN:    SNOW:  WIND      :SUNSHINE: SKY     :PK WND
================================================================================
1   2   3   4   5  6A  6B    7    8   9   10  11  12  13   14  15   16   17  18
                                     12Z  AVG MX 2MIN
DY MAX MIN AVG DEP HDD CDD  WTR  SNW DPTH SPD SPD DIR MIN PSBL S-S WX    SPD DR
================================================================================

 1  74  50  62 -12   3   0 0.00  0.0    0  6.5 14 150   M    M   3        18 160
 2  84  50  67  -7   0   2 0.00  0.0    0  6.8 16 320   M    M   3        21 320
 3  92  59  76   2   0  11 0.00  0.0    0 11.2 24 170   M    M   0        30 170
 4  89  54  72  -2   0   7 0.00  0.0    0 12.2 24 160   M    M   0        29 150
 5  86  55  71  -3   0   6 0.00  0.0    0 12.2 24 150   M    M   0 1      33 140
 6  84  62  73  -2   0   8 0.00  0.0    0 15.1 26 150   M    M   7        33 170
 7  84  69  77   2   0  12    T  0.0    0 17.0 32 150   M    M   5        41 160
 8  83  76  80   5   0  15 0.01  0.0    0 17.3 31 160   M    M  10 18     39 170
 9  86  67  77   2   0  12 0.38  0.0    0 11.5 41 130   M    M   9 13     49 130
10  92  63  78   2   0  13 0.00  0.0    0  9.4 22 130   M    M   4        27 140
11  89  73  81   5   0  16    T  0.0    0 15.5 24 150   M    M   9 1      29 160
12  88  76  82   6   0  17 0.02  0.0    0 17.3 28 160   M    M   8 138    34 150
13  78  60  69  -7   0   4 1.92  0.0    0 15.1 44 310   M    M   9 13     55 300
14  78  55  67  -9   0   2 0.02  0.0    0 14.4 26 340   M    M   5        36 350
15  84  49  67 -10   0   2 0.00  0.0    0  7.5 20 170   M    M   0 8      23 160
16  87  58  73  -4   0   8 0.00  0.0    0 12.1 21 150   M    M   0        27 220
17  85  61  73  -4   0   8 0.00  0.0    0 14.5 25 150   M    M   1        32 180
18  85  64  75  -2   0  10 0.00  0.0    0 12.1 24 160   M    M   3 18     31 140
19  86  66  76  -2   0  11 0.00  0.0    0 13.3 23 160   M    M   2 1      29 160
20  88  69  79   1   0  14 0.00  0.0    0 13.8 24 160   M    M   4        30 160
21  90  67  79   1   0  14 0.00  0.0    0 12.6 24 150   M    M   3 1      31 140
22  89  70  80   2   0  15 0.00  0.0    0 12.4 24 150   M    M   3 1      29 150
23  86  71  79   1   0  14 0.00  0.0    0 11.5 22 160   M    M   3 1      27 150
24  88  71  80   1   0  15 0.00  0.0    0 14.0 24 130   M    M   5 1      31 140
25  89  71  80   1   0  15 0.00  0.0    0 12.7 24 150   M    M   4 1      28 150
26  78  68  73  -6   0   8 3.85  0.0    0  9.4 28 330   M    M   8 13     40 340
27  83  67  75  -4   0  10 0.61  0.0    0 12.3 29  30   M    M  10 13     36  20
28  88  71  80   1   0  15 0.24  0.0    0  8.2 20 360   M    M   6 13     23  10
29  91  69  80   0   0  15 0.00  0.0    0  3.8 12 320   M    M   1 1      14 360
30  95  73  84   4   0  19 0.00  0.0    0  6.1 15 140   M    M   1 8      17 140
31  93  74  84   4   0  19 0.57  0.0    0  4.8 28 340   M    M   3 13     36 330
================================================================================
SM 2672 2008         3 337  7.62     0.0 362.6          M      129
================================================================================
AV 86.2 64.8                              11.7 FASTST   M    M   4    MAX(MPH)
                                 MISC ---->  # 44 310               # 55  300
================================================================================
NOTES:
# LAST OF SEVERAL OCCURRENCES

COLUMN 17 PEAK WIND IN M.P.H.

PRELIMINARY LOCAL CLIMATOLOGICAL DATA (WS FORM: F-6) , PAGE 2

                                          STATION:  VICTORIA
                                          MONTH:    MAY
                                          YEAR:     2014
                                          LATITUDE:   28 51 N
                                          LONGITUDE:  96 55 W

[TEMPERATURE DATA]      [PRECIPITATION DATA]       SYMBOLS USED IN COLUMN 16

AVERAGE MONTHLY: 75.5   TOTAL FOR MONTH:   7.62    1 = FOG OR MIST
DPTR FM NORMAL:  -1.4   DPTR FM NORMAL:    2.43    2 = FOG REDUCING VISIBILITY
HIGHEST:    95 ON 30    GRTST 24HR  3.85 ON 26-26      TO 1/4 MILE OR LESS
LOWEST:     49 ON 15                               3 = THUNDER
                        SNOW, ICE PELLETS, HAIL    4 = ICE PELLETS
                        TOTAL MONTH:   0.0 INCH    5 = HAIL
                        GRTST 24HR     0.0         6 = FREEZING RAIN OR DRIZZLE
                        GRTST DEPTH:   0           7 = DUSTSTORM OR SANDSTORM:
                                                       VSBY 1/2 MILE OR LESS
                                                   8 = SMOKE OR HAZE
[NO. OF DAYS WITH]      [WEATHER - DAYS WITH]      9 = BLOWING SNOW
                                                   X = TORNADO
MAX 32 OR BELOW:   0    0.01 INCH OR MORE:   9
MAX 90 OR ABOVE:   6    0.10 INCH OR MORE:   6
MIN 32 OR BELOW:   0    0.50 INCH OR MORE:   4
MIN  0 OR BELOW:   0    1.00 INCH OR MORE:   2

[HDD (BASE 65) ]
TOTAL THIS MO.     3    CLEAR  (SCALE 0-3)  13
DPTR FM NORMAL     2    PTCLDY (SCALE 4-7)  12
TOTAL FM JUL 1  1493    CLOUDY (SCALE 8-10)  6
DPTR FM NORMAL   244

[CDD (BASE 65) ]
TOTAL THIS MO.   337
DPTR FM NORMAL   -33    [PRESSURE DATA]
TOTAL FM JAN 1   650    HIGHEST SLP 30.32 ON 15
DPTR FM NORMAL    -9    LOWEST  SLP 29.73 ON 11

[REMARKS]
#FINAL-05-14#
