000
CXUS54 KCRP 311300
CF6VCT
PRELIMINARY LOCAL CLIMATOLOGICAL DATA (WS FORM: F-6)

                                          STATION:   VICTORIA
                                          MONTH:     DECEMBER
                                          YEAR:      2013
                                          LATITUDE:   28 51 N
                                          LONGITUDE:  96 55 W

  TEMPERATURE IN F:       :PCPN:    SNOW:  WIND      :SUNSHINE: SKY     :PK WND
================================================================================
1   2   3   4   5  6A  6B    7    8   9   10  11  12  13   14  15   16   17  18
                                     12Z  AVG MX 2MIN
DY MAX MIN AVG DEP HDD CDD  WTR  SNW DPTH SPD SPD DIR MIN PSBL S-S WX    SPD DR
================================================================================

 1  78  49  64   6   1   0 0.00  0.0    0  4.9 14 180   M    M   6 12     16 190
 2  80  59  70  12   0   5 0.00  0.0    0  7.0 14 230   M    M   1 1      17 230
 3  86  55  71  13   0   6 0.00  0.0    0  7.8 15 190   M    M   3 12     20 190
 4  83  65  74  17   0   9 0.00  0.0    0 11.4 22 170   M    M   7 18     26 170
 5  74  40  57   0   8   0 0.00  0.0    0 13.1 22 360   M    M  10 18     30 360
 6  46  34  40 -17  25   0    T    M    0 17.3 24 350   M    M  10 18     31 350
 7  35  33  34 -22  31   0    T    M    0 11.1 20 360   M    M  10 18     25 360
 8  48  33  41 -15  24   0 0.00  0.0    0  5.4 13 360   M    M  10 18     15 360
 9  49  40  45 -11  20   0 0.11  0.0    0 11.8 22 360   M    M  10 1      26 360
10  51  33  42 -14  23   0 0.00  0.0    0 10.6 23 360   M    M   4 18     30 340
11  56  40  48  -8  17   0 0.00  0.0    0  5.1  9  10   M    M  10        12  10
12  55  40  48  -8  17   0 0.00  0.0    0  6.5 14  20   M    M   0        17  10
13  62  44  53  -2  12   0 0.00  0.0    0  3.8 15 330   M    M   7 18     18 320
14  66  40  53  -2  12   0 0.00  0.0    0 13.0 28 350   M    M   5 18     36 350
15  62  32  47  -8  18   0 0.00  0.0    0  5.4 12  20   M    M   0 18     25 330
16  68  31  50  -5  15   0 0.00  0.0    0  4.3 12 120   M    M   0 18     14 110
17  73  34  54  -1  11   0 0.00  0.0    0  3.3  8 150   M    M   0 18     14 220
18  74  38  56   1   9   0 0.00  0.0    0  6.1 17 130   M    M   4 12     22 170
19  78  57  68  14   0   3    T  0.0    0 10.8 28 180   M    M   9 18     41 190
20  78  68  73  19   0   8    T  0.0    0 15.0 25 170   M    M  10 18     32 160
21  75  56  66  12   0   1 0.16  0.0    0 11.5 28 170   M    M   6 18     36 190
22  69  42  56   2   9   0    T    M    0 10.4 23 330   M    M   4        28 340
23  60  32  46  -8  19   0 0.00  0.0    0  8.3 17 340   M    M   0        22 340
24  62  30  46  -8  19   0 0.00  0.0    0  6.0 15 150   M    M   0 1      18 150
25  64  42  53  -1  12   0    T    M    0  7.0 13  80   M    M   7 18     16  80
26  56  49  53  -1  12   0 0.11  0.0    0  7.2 15 360   M    M  10 18     18 360
27  58  47  53  -1  12   0 0.07  0.0    0  4.7  9  50   M    M   6 18     12  50
28  65  43  54   0  11   0 0.00  0.0    0  3.9  8 180   M    M   4         M  M
29  74  39  57   3   8   0 0.00  0.0    0  4.0 23 350   M    M   2        30 350
30  47  41  44 -10  21   0 0.00  0.0    0 11.8 23 350   M    M   6        30 340
================================================================================
SM 1932 1286       366  32  0.45     0.0 248.5          M      161
================================================================================
AV 64.4 42.9                               8.3 FASTST   M    M   5    MAX(MPH)
                                 MISC ---->  # 28 350               # 41  190
================================================================================
NOTES:
# LAST OF SEVERAL OCCURRENCES

COLUMN 17 PEAK WIND IN M.P.H.

PRELIMINARY LOCAL CLIMATOLOGICAL DATA (WS FORM: F-6) , PAGE 2

                                          STATION:  VICTORIA
                                          MONTH:    DECEMBER
                                          YEAR:     2013
                                          LATITUDE:   28 51 N
                                          LONGITUDE:  96 55 W

[TEMPERATURE DATA]      [PRECIPITATION DATA]       SYMBOLS USED IN COLUMN 16

AVERAGE MONTHLY: 53.6   TOTAL FOR MONTH:   0.45    1 = FOG OR MIST
DPTR FM NORMAL:  -1.7   DPTR FM NORMAL:   -1.78    2 = FOG REDUCING VISIBILITY
HIGHEST:    86 ON  3    GRTST 24HR  0.17 ON 26-27      TO 1/4 MILE OR LESS
LOWEST:     30 ON 24                               3 = THUNDER
                        SNOW, ICE PELLETS, HAIL    4 = ICE PELLETS
                        TOTAL MONTH:   0.0 INCH    5 = HAIL
                        GRTST 24HR     0.0         6 = FREEZING RAIN OR DRIZZLE
                        GRTST DEPTH:   0           7 = DUSTSTORM OR SANDSTORM:
                                                       VSBY 1/2 MILE OR LESS
                                                   8 = SMOKE OR HAZE
[NO. OF DAYS WITH]      [WEATHER - DAYS WITH]      9 = BLOWING SNOW
                                                   X = TORNADO
MAX 32 OR BELOW:   0    0.01 INCH OR MORE:   4
MAX 90 OR ABOVE:   0    0.10 INCH OR MORE:   3
MIN 32 OR BELOW:   4    0.50 INCH OR MORE:   0
MIN  0 OR BELOW:   0    1.00 INCH OR MORE:   0

[HDD (BASE 65) ]
TOTAL THIS MO.   366    CLEAR  (SCALE 0-3)   9
DPTR FM NORMAL    46    PTCLDY (SCALE 4-7)  12
TOTAL FM JUL 1   563    CLOUDY (SCALE 8-10)  9
DPTR FM NORMAL    80

[CDD (BASE 65) ]
TOTAL THIS MO.    32
DPTR FM NORMAL     2    [PRESSURE DATA]
TOTAL FM JAN 1  3434    HIGHEST SLP M ON M
DPTR FM NORMAL   281    LOWEST  SLP 29.56 ON 21

[REMARKS]
