000
CXUS54 KCRP 011300
CF6VCT
PRELIMINARY LOCAL CLIMATOLOGICAL DATA (WS FORM: F-6)

                                          STATION:   VICTORIA
                                          MONTH:     DECEMBER
                                          YEAR:      2016
                                          LATITUDE:   28 51 N
                                          LONGITUDE:  96 55 W

  TEMPERATURE IN F:       :PCPN:    SNOW:  WIND      :SUNSHINE: SKY     :PK WND
================================================================================
1   2   3   4   5  6A  6B    7    8   9   10  11  12  13   14  15   16   17  18
                                     12Z  AVG MX 2MIN
DY MAX MIN AVG DEP HDD CDD  WTR  SNW DPTH SPD SPD DIR MIN PSBL S-S WX    SPD DR
================================================================================

 1  69  40  55  -3  10   0 0.00  0.0    0  8.5 16 110   M    M   4        20 120
 2  69  53  61   3   4   0 0.04  0.0    0 12.2 22  70   M    M   9 1      28  60
 3  58  52  55  -3  10   0 0.32  0.0    0 10.7 23 310   M    M  10 1      27 310
 4  54  51  53  -4  12   0 1.62  0.0    0 13.1 24 300   M    M  10 13     30 290
 5  54  47  51  -6  14   0 0.64  0.0    0  8.2 29 240   M    M   8 1      36 240
 6  73  43  58   1   7   0 0.00  0.0    0  8.1 18 350   M    M   0 18     25 350
 7  64  47  56   0   9   0 0.00  0.0    0  8.3 20  10   M    M   8 18     24  20
 8  58  39  49  -7  16   0 0.02  0.0    0 17.8 29  20   M    M  10        37  10
 9  53  37  45 -11  20   0 0.00  0.0    0  8.3 17  10   M    M   7        23  10
10  61  45  53  -3  12   0    T  0.0    0  8.9 17 100   M    M  10 1      23 110
11  76  57  67  11   0   2 0.00  0.0    0  8.1 23 190   M    M  10 1      30 200
12  66  59  63   7   2   0 0.00  0.0    0  4.2 10 340   M    M  10 12     13 330
13  72  57  65  10   0   0 0.00  0.0    0  3.4 16  10   M    M  10 12     22  20
14  66  56  61   6   4   0 0.00  0.0    0  6.0 15  20   M    M  10 18     20  20
15  63  49  56   1   9   0 0.00  0.0    0 10.3 22  30   M    M   5        27  30
16  75  53  64   9   1   0 0.04  0.0    0  6.7 21 180   M    M  10 18     28 180
17  83  43  63   8   2   0 0.00  0.0    0 17.4 36 180   M    M   4        43 350
18  43  32  38 -17  27   0    T  0.0    0 19.7 33 350   M    M  10        42 360
19  50  29  40 -14  25   0 0.00  0.0    0 12.0 20 360   M    M   5        27 360
20  58  36  47  -7  18   0 0.00  0.0    0  3.5 12  10   M    M   4        14  10
21  70  44  57   3   8   0 0.00  0.0    0  4.4 13 180   M    M   6 8      16 230
22  67  60  64  10   1   0 0.03  0.0    0  5.7 16 360   M    M  10 18     19 360
23  77  59  68  14   0   3 0.13  0.0    0  9.8 24 170   M    M  10 12     30 180
24  80  67  74  20   0   9 0.00  0.0    0 10.6 25 170   M    M  10 12     30 160
25  81  68  75  21   0  10    T  0.0    0 15.8 33 160   M    M   9 1      40 150
26  84  71  78  24   0  13 0.04  0.0    0 11.5 22 150   M    M   9 12     26 170
27  81  68  75  21   0  10 0.01  0.0    0  4.4 16 140   M    M   9 128    19 140
28  81  68  75  21   0  10 0.00  0.0    0  7.7 14 200   M    M   8 12     17 200
29  72  48  60   6   5   0    T  0.0    0 13.9 31  40   M    M   3 1      41  40
30  56  48  52  -2  13   0    T  0.0    0  5.5 14  20   M    M   3        18  20
31  64  53  59   5   6   0 0.12  0.0    0  3.4 12 300   M    M  10 128    13 310
================================================================================
SM 2078 1579       235  57  3.01     0.0 288.1          M      241
================================================================================
AV 67.0 50.9                               9.3 FASTST   M    M   8    MAX(MPH)
                                 MISC ---->  # 36 180               # 43  350
================================================================================
NOTES:
# LAST OF SEVERAL OCCURRENCES

COLUMN 17 PEAK WIND IN M.P.H.

PRELIMINARY LOCAL CLIMATOLOGICAL DATA (WS FORM: F-6) , PAGE 2

                                          STATION:  VICTORIA
                                          MONTH:    DECEMBER
                                          YEAR:     2016
                                          LATITUDE:   28 51 N
                                          LONGITUDE:  96 55 W

[TEMPERATURE DATA]      [PRECIPITATION DATA]       SYMBOLS USED IN COLUMN 16

AVERAGE MONTHLY: 59.0   TOTAL FOR MONTH:   3.01    1 = FOG OR MIST
DPTR FM NORMAL:   3.8   DPTR FM NORMAL:    0.70    2 = FOG REDUCING VISIBILITY
HIGHEST:    84 ON 26    GRTST 24HR  1.78 ON  3- 4      TO 1/4 MILE OR LESS
LOWEST:     29 ON 19                               3 = THUNDER
                        SNOW, ICE PELLETS, HAIL    4 = ICE PELLETS
                        TOTAL MONTH:   0.0 INCH    5 = HAIL
                        GRTST 24HR     0.0         6 = FREEZING RAIN OR DRIZZLE
                        GRTST DEPTH:   0           7 = DUSTSTORM OR SANDSTORM:
                                                       VSBY 1/2 MILE OR LESS
                                                   8 = SMOKE OR HAZE
[NO. OF DAYS WITH]      [WEATHER - DAYS WITH]      9 = BLOWING SNOW
                                                   X = TORNADO
MAX 32 OR BELOW:   0    0.01 INCH OR MORE:  11
MAX 90 OR ABOVE:   0    0.10 INCH OR MORE:   5
MIN 32 OR BELOW:   2    0.50 INCH OR MORE:   2
MIN  0 OR BELOW:   0    1.00 INCH OR MORE:   1

[HDD (BASE 65) ]
TOTAL THIS MO.   235    CLEAR  (SCALE 0-3)   2
DPTR FM NORMAL   -96    PTCLDY (SCALE 4-7)  11
TOTAL FM JUL 1   285    CLOUDY (SCALE 8-10) 18
DPTR FM NORMAL  -209

[CDD (BASE 65) ]
TOTAL THIS MO.    57
DPTR FM NORMAL    30    [PRESSURE DATA]
TOTAL FM JAN 1  3484    HIGHEST SLP 30.68 ON 19
DPTR FM NORMAL   334    LOWEST  SLP 29.66 ON 17

[REMARKS]
#FINAL-12-16#
