000
CXUS54 KCRP 011300
CF6VCT
PRELIMINARY LOCAL CLIMATOLOGICAL DATA (WS FORM: F-6)

                                          STATION:   VICTORIA
                                          MONTH:     OCTOBER
                                          YEAR:      2015
                                          LATITUDE:   28 51 N
                                          LONGITUDE:  96 55 W

  TEMPERATURE IN F:       :PCPN:    SNOW:  WIND      :SUNSHINE: SKY     :PK WND
================================================================================
1   2   3   4   5  6A  6B    7    8   9   10  11  12  13   14  15   16   17  18
                                     12Z  AVG MX 2MIN
DY MAX MIN AVG DEP HDD CDD  WTR  SNW DPTH SPD SPD DIR MIN PSBL S-S WX    SPD DR
================================================================================

 1  94  66  80   4   0  15 0.00  0.0    0  5.3 16  50   M    M   0 1      25  40
 2  88  61  75  -1   0  10 0.00  0.0    0  8.1 15  30   M    M   0        20  20
 3  86  51  69  -7   0   4 0.00  0.0    0  4.1 12  60   M    M   0 1      15  50
 4  88  55  72  -3   0   7 0.00  0.0    0  4.6 10  30   M    M   0 1      15  70
 5  88  60  74  -1   0   9 0.00  0.0    0  5.5 13  30   M    M   0        20 340
 6  90  59  75   0   0  10 0.00  0.0    0  5.6 13  40   M    M   0 8      18  30
 7  90  63  77   3   0  12 0.00  0.0    0  5.4 15 130   M    M   1 18     19 140
 8  88  67  78   4   0  13 0.00  0.0    0  7.6 20 140   M    M   3 1      23 140
 9  84  69  77   3   0  12 0.00  0.0    0  5.2 12  60   M    M   1 1      14  20
10  92  67  80   6   0  15 0.00  0.0    0  6.8 16  50   M    M   0 18     21  30
11  91  68  80   6   0  15 0.00  0.0    0  6.2 16 160   M    M   5 128    20 160
12  92  69  81   8   0  16 0.00  0.0    0  9.6 20 190   M    M   1 18     25 180
13  96  62  79   6   0  14 0.00  0.0    0  5.1 13  50   M    M   3 1      17  10
14  94  56  75   2   0  10 0.00  0.0    0  6.6 16 150   M    M   2 12     19 140
15  93  56  75   3   0  10 0.00  0.0    0  6.1 17 130   M    M   1 12     21 140
16  91  59  75   3   0  10 0.00  0.0    0  7.5 22  80   M    M   0 1      27 110
17  89  56  73   1   0   8 0.00  0.0    0  8.3 17  70   M    M   0 1      21  80
18  85  55  70  -2   0   5 0.00  0.0    0  8.2 17 140   M    M   0        20 130
19  85  51  68  -4   0   3 0.00  0.0    0  7.8 18 140   M    M   0        23 130
20  89  53  71   0   0   6 0.00  0.0    0  7.6 16 110   M    M   2 18     20 140
21  91  70  81  10   0  16 0.00  0.0    0 12.7 25 130   M    M   8 1      31 130
22  87  74  81  10   0  16 0.05  0.0    0 12.7 26 160   M    M  10 18     33 170
23  83  76  80  10   0  15 0.68  0.0    0 11.7 20 150   M    M   9 138    25 150
24  78  67  73   3   0   8 3.87  0.0    0 14.0 28  20   M    M  10 1      35  20
25  67  61  64  -6   1   0 0.30  0.0    0 19.9 30 330   M    M  10 1      40 330
26  81  58  70   0   0   5 0.00  0.0    0 12.7 25 310   M    M   0        33 320
27  83  56  70   1   0   5 0.00  0.0    0  7.3 15 310   M    M   0 8      20 310
28  90  59  75   6   0  10 0.00  0.0    0  7.9 16 310   M    M   0 18     23 320
29  81  55  68  -1   0   3 0.00  0.0    0  7.8 14 100   M    M   5 1      19 100
30  83  72  78  10   0  13 0.02  0.0    0 18.0 35 150   M    M   9 1      40 150
31  82  68  75   7   0  10 0.11  0.0    0 11.5 24 180   M    M   7 13     34 170
================================================================================
SM 2699 1919         1 305  5.03     0.0 267.4          M       87
================================================================================
AV 87.1 61.9                               8.6 FASTST   M    M   3    MAX(MPH)
                                 MISC ---->  # 35 150               # 40  330
================================================================================
NOTES:
# LAST OF SEVERAL OCCURRENCES

COLUMN 17 PEAK WIND IN M.P.H.

PRELIMINARY LOCAL CLIMATOLOGICAL DATA (WS FORM: F-6) , PAGE 2

                                          STATION:  VICTORIA
                                          MONTH:    OCTOBER
                                          YEAR:     2015
                                          LATITUDE:   28 51 N
                                          LONGITUDE:  96 55 W

[TEMPERATURE DATA]      [PRECIPITATION DATA]       SYMBOLS USED IN COLUMN 16

AVERAGE MONTHLY: 74.5   TOTAL FOR MONTH:   5.03    1 = FOG OR MIST
DPTR FM NORMAL:   2.3   DPTR FM NORMAL:    0.39    2 = FOG REDUCING VISIBILITY
HIGHEST:    96 ON 13    GRTST 24HR  4.07 ON 24-25      TO 1/4 MILE OR LESS
LOWEST:     51 ON 19, 3                            3 = THUNDER
                        SNOW, ICE PELLETS, HAIL    4 = ICE PELLETS
                        TOTAL MONTH:   0.0 INCH    5 = HAIL
                        GRTST 24HR     0.0         6 = FREEZING RAIN OR DRIZZLE
                        GRTST DEPTH:   0           7 = DUSTSTORM OR SANDSTORM:
                                                       VSBY 1/2 MILE OR LESS
                                                   8 = SMOKE OR HAZE
[NO. OF DAYS WITH]      [WEATHER - DAYS WITH]      9 = BLOWING SNOW
                                                   X = TORNADO
MAX 32 OR BELOW:   0    0.01 INCH OR MORE:   6
MAX 90 OR ABOVE:  12    0.10 INCH OR MORE:   4
MIN 32 OR BELOW:   0    0.50 INCH OR MORE:   2
MIN  0 OR BELOW:   0    1.00 INCH OR MORE:   1

[HDD (BASE 65) ]
TOTAL THIS MO.     1    CLEAR  (SCALE 0-3)  22
DPTR FM NORMAL   -21    PTCLDY (SCALE 4-7)   4
TOTAL FM JUL 1     1    CLOUDY (SCALE 8-10)  5
DPTR FM NORMAL   -22

[CDD (BASE 65) ]
TOTAL THIS MO.   305
DPTR FM NORMAL    60    [PRESSURE DATA]
TOTAL FM JAN 1  3183    HIGHEST SLP 30.32 ON 18
DPTR FM NORMAL   140    LOWEST  SLP 29.59 ON 31

[REMARKS]
#FINAL-10-15#
