000
CXUS54 KCRP 012320
CF6VCT
PRELIMINARY LOCAL CLIMATOLOGICAL DATA (WS FORM: F-6)

                                          STATION:   VICTORIA
                                          MONTH:     FEBRUARY
                                          YEAR:      2014
                                          LATITUDE:   28 51 N
                                          LONGITUDE:  96 55 W

  TEMPERATURE IN F:       :PCPN:    SNOW:  WIND      :SUNSHINE: SKY     :PK WND
================================================================================
1   2   3   4   5  6A  6B    7    8   9   10  11  12  13   14  15   16   17  18
                                     12Z  AVG MX 2MIN
DY MAX MIN AVG DEP HDD CDD  WTR  SNW DPTH SPD SPD DIR MIN PSBL S-S WX    SPD DR
================================================================================

 1  76  66  71  16   0   6    T  0.0    0 13.9 25 170   M    M  10        31 170
 2  69  40  55   0  10   0 0.02  0.0    0 14.5 26 350   M    M  10 1      33 360
 3  46  37  42 -13  23   0 0.00  0.0    0  9.7 21 360   M    M  10 18     25 360
 4  61  41  51  -4  14   0 0.16  0.0    0  7.3 17 340   M    M   7 128    22 350
 5  54  38  46 -10  19   0 0.00  0.0    0 14.8 25 360   M    M   3 1      33 360
 6  40  33  37 -19  28   0 0.00  0.0    0 13.1 21  20   M    M  10        26  20
 7  38  33  36 -20  29   0 0.01  0.0    0  9.9 17  10   M    M  10 18     20  20
 8  52  38  45 -11  20   0 0.00  0.0    0  3.7 13 200   M    M  10 18     15 180
 9  74  47  61   5   4   0 0.00  0.0    0  6.2 20 160   M    M  10 12     22 160
10  62  42  52  -4  13   0 0.01  0.0    0 11.1 22  10   M    M  10 12     26  10
11  42  36  39 -17  26   0 0.01  0.0    0 13.7 23  10   M    M  10 18     28  10
12  55  35  45 -12  20   0 0.00  0.0    0 10.3 20 350   M    M   5 18     24 330
13  67  30  49  -8  16   0 0.00  0.0    0  5.8 15 160   M    M   0 18     18 170
14  85  38  62   5   3   0 0.00  0.0    0  8.5 22 220   M    M   3 12     30 220
15  71  44  58   1   7   0 0.00  0.0    0 11.0 22 140   M    M   2        28 140
16  80  57  69  12   0   4 0.00  0.0    0  9.9 23 150   M    M   8 12     28 150
17  84  65  75  17   0  10 0.00  0.0    0 11.3 21 170   M    M   8 12     30 210
18  80  63  72  14   0   7 0.00  0.0    0  9.8 25 180   M    M   8 12     31 180
19  79  64  72  14   0   7 0.00  0.0    0   M  28 160   M    M   8 18     33 150
20  82  61  72  14   0   7    T  0.0    0 13.4 26 360   M    M   6 18     33  20
21  71  43  57  -1   8   0 0.00  0.0    0  9.2 21  10   M    M   0        26  10
22  73  44  59   0   6   0 0.00  0.0    0  9.8 18 120   M    M   6        24 130
23  85  63  74  15   0   9    T  0.0    0  3.9 13 160   M    M   7 128    16 160
24  78  59  69  10   0   4 0.01  0.0    0  8.8 24 150   M    M   8 12     30 150
25  74  58  66   7   0   1 0.09  0.0    0  7.8 16 350   M    M  10 12     20 350
26  58  36  47 -13  18   0 0.21  0.0    0 15.9 28  20   M    M   8 18     36  20
27  58  32  45 -15  20   0 0.00  0.0    0  5.5 13 150   M    M   0 1      15 110
28  80  41  61   1   4   0 0.00  0.0    0  9.0 21 170   M    M   3 1      26 200
================================================================================
SM 1874 1284       288  55  0.52     0.0 267.8          M      190
================================================================================
AV 66.9 45.9                               9.9 FASTST   M    M   7    MAX(MPH)
                                 MISC ---->  # 28 160               # 36   20
================================================================================
NOTES:
# LAST OF SEVERAL OCCURRENCES

COLUMN 17 PEAK WIND IN M.P.H.

PRELIMINARY LOCAL CLIMATOLOGICAL DATA (WS FORM: F-6) , PAGE 2

                                          STATION:  VICTORIA
                                          MONTH:    FEBRUARY
                                          YEAR:     2014
                                          LATITUDE:   28 51 N
                                          LONGITUDE:  96 55 W

[TEMPERATURE DATA]      [PRECIPITATION DATA]       SYMBOLS USED IN COLUMN 16

AVERAGE MONTHLY: 56.4   TOTAL FOR MONTH:   0.52    1 = FOG OR MIST
DPTR FM NORMAL:  -0.9   DPTR FM NORMAL:   -1.56    2 = FOG REDUCING VISIBILITY
HIGHEST:    85 ON 23,14 GRTST 24HR  0.30 ON 25-26      TO 1/4 MILE OR LESS
LOWEST:     30 ON 13                               3 = THUNDER
                        SNOW, ICE PELLETS, HAIL    4 = ICE PELLETS
                        TOTAL MONTH:   0.0 INCH    5 = HAIL
                        GRTST 24HR     0.0         6 = FREEZING RAIN OR DRIZZLE
                        GRTST DEPTH:   0           7 = DUSTSTORM OR SANDSTORM:
                                                       VSBY 1/2 MILE OR LESS
                                                   8 = SMOKE OR HAZE
[NO. OF DAYS WITH]      [WEATHER - DAYS WITH]      9 = BLOWING SNOW
                                                   X = TORNADO
MAX 32 OR BELOW:   0    0.01 INCH OR MORE:   8
MAX 90 OR ABOVE:   0    0.10 INCH OR MORE:   2
MIN 32 OR BELOW:   2    0.50 INCH OR MORE:   0
MIN  0 OR BELOW:   0    1.00 INCH OR MORE:   0

[HDD (BASE 65) ]
TOTAL THIS MO.   288    CLEAR  (SCALE 0-3)   5
DPTR FM NORMAL    47    PTCLDY (SCALE 4-7)  12
TOTAL FM JUL 1  1253    CLOUDY (SCALE 8-10) 11
DPTR FM NORMAL   160

[CDD (BASE 65) ]
TOTAL THIS MO.    55
DPTR FM NORMAL    31    [PRESSURE DATA]
TOTAL FM JAN 1    58    HIGHEST SLP 30.23 ON 27
DPTR FM NORMAL    20    LOWEST  SLP 29.75 ON 20

[REMARKS]
#FINAL-02-14#
