000
CXUS54 KCRP 011630
CF6VCT
PRELIMINARY LOCAL CLIMATOLOGICAL DATA (WS FORM: F-6)

                                          STATION:   VICTORIA
                                          MONTH:     MARCH
                                          YEAR:      2014
                                          LATITUDE:   28 51 N
                                          LONGITUDE:  96 55 W

  TEMPERATURE IN F:       :PCPN:    SNOW:  WIND      :SUNSHINE: SKY     :PK WND
================================================================================
1   2   3   4   5  6A  6B    7    8   9   10  11  12  13   14  15   16   17  18
                                     12Z  AVG MX 2MIN
DY MAX MIN AVG DEP HDD CDD  WTR  SNW DPTH SPD SPD DIR MIN PSBL S-S WX    SPD DR
================================================================================

 1  83  64  74  14   0   9 0.00  0.0    0 15.6 29 160   M    M   9 12     33 160
 2  77  34  56  -4   9   0    T  0.0    0 18.1 33 350   M    M  10 1      40 360
 3  44  28  36 -25  29   0 0.00  0.0    0 17.5 29 360   M    M   9        37 360
 4  40  32  36 -25  29   0 0.64  0.0    0  7.6 17  50   M    M  10 13     20  50
 5  57  40  49 -12  16   0    T  0.0    0  5.0 12 110   M    M  10 18     13 110
 6  65  43  54  -7  11   0 0.00  0.0    0  9.3 21  10   M    M   1 18     27 350
 7  70  38  54  -8  11   0 0.00  0.0    0  9.0 21 170   M    M   1 18     24 170
 8  69  49  59  -3   6   0 0.11  0.0    0 11.1 26 350   M    M  10 18     32 350
 9  54  44  49 -13  16   0 0.16  0.0    0 12.5 22 360   M    M  10 18     30 350
10  67  49  58  -4   7   0    T  0.0    0  5.7 15 100   M    M   6 18     19 100
11  77  57  67   5   0   2 0.00  0.0    0  8.0 17 160   M    M   6 12     20 140
12  68  49  59  -3   6   0 0.00  0.0    0 17.4 32 360   M    M   2 1      40 360
13  68  36  52 -11  13   0 0.00  0.0    0  8.1 17 130   M    M   0        21 130
14  74  48  61  -2   4   0 0.00  0.0    0  9.8 20 150   M    M   6 1      25 150
15  78  63  71   8   0   6 0.04  0.0    0 11.0 21 180   M    M   9 1      26 200
16  70  47  59  -4   6   0 0.09  0.0    0 16.0 29 340   M    M   5 13     37 330
17  67  38  53 -11  12   0 0.00  0.0    0  9.5 23 350   M    M   1        28 360
18  79  47  63  -1   2   0 0.00  0.0    0 14.6 28 160   M    M   0        33 160
19  77  58  68   4   0   3 0.00  0.0    0  9.2 21  10   M    M   6 8      25  10
20  80  48  64   0   1   0 0.00  0.0    0  6.8 16  40   M    M   1 1      19  40
21  78  54  66   2   0   1 0.00  0.0    0  9.7 22 160   M    M   9 12     27 150
22  78  61  70   5   0   5    T  0.0    0  7.0 14 180   M    M   8 128    17 170
23  68  52  60  -5   5   0 0.05  0.0    0 12.5 25  10   M    M  10 1238   32  10
24  57  51  54 -11  11   0 0.42  0.0    0  5.7 14  30   M    M   9 138    18 360
25  72  48  60  -5   5   0 0.00  0.0    0  7.8 21  50   M    M   1 1      28  30
26  67  53  60  -5   5   0 0.10  0.0    0 12.5 28 130   M    M   8 13     33 140
27  78  65  72   6   0   7 0.01  0.0    0 15.6 23 170   M    M  10 18     29 180
28  89  63  76  10   0  11 0.00  0.0    0  9.4 20 300   M    M   5 1      24 300
29  81  54  68   2   0   3 0.00  0.0    0 10.6 18  20   M    M   0        26  10
30  76  51  64  -2   1   0 0.00  0.0    0 12.1 25 130   M    M   0        31 130
31  80  59  70   4   0   5 0.00  0.0    0 14.8 26 150   M    M   7        34 150
================================================================================
SM 2188 1523       205  52  1.62     0.0 339.5          M      179
================================================================================
AV 70.6 49.1                              11.0 FASTST   M    M   6    MAX(MPH)
                                 MISC ---->  # 33 350               # 40  360
================================================================================
NOTES:
# LAST OF SEVERAL OCCURRENCES

COLUMN 17 PEAK WIND IN M.P.H.

PRELIMINARY LOCAL CLIMATOLOGICAL DATA (WS FORM: F-6) , PAGE 2

                                          STATION:  VICTORIA
                                          MONTH:    MARCH
                                          YEAR:     2014
                                          LATITUDE:   28 51 N
                                          LONGITUDE:  96 55 W

[TEMPERATURE DATA]      [PRECIPITATION DATA]       SYMBOLS USED IN COLUMN 16

AVERAGE MONTHLY: 59.9   TOTAL FOR MONTH:   1.62    1 = FOG OR MIST
DPTR FM NORMAL:  -3.5   DPTR FM NORMAL:   -1.15    2 = FOG REDUCING VISIBILITY
HIGHEST:    89 ON 28    GRTST 24HR  0.64 ON  4- 4      TO 1/4 MILE OR LESS
LOWEST:     28 ON  3                               3 = THUNDER
                        SNOW, ICE PELLETS, HAIL    4 = ICE PELLETS
                        TOTAL MONTH:   0.0 INCH    5 = HAIL
                        GRTST 24HR     0.0         6 = FREEZING RAIN OR DRIZZLE
                        GRTST DEPTH:   0           7 = DUSTSTORM OR SANDSTORM:
                                                       VSBY 1/2 MILE OR LESS
                                                   8 = SMOKE OR HAZE
[NO. OF DAYS WITH]      [WEATHER - DAYS WITH]      9 = BLOWING SNOW
                                                   X = TORNADO
MAX 32 OR BELOW:   0    0.01 INCH OR MORE:   9
MAX 90 OR ABOVE:   0    0.10 INCH OR MORE:   5
MIN 32 OR BELOW:   2    0.50 INCH OR MORE:   1
MIN  0 OR BELOW:   0    1.00 INCH OR MORE:   0

[HDD (BASE 65) ]
TOTAL THIS MO.   205    CLEAR  (SCALE 0-3)  10
DPTR FM NORMAL    80    PTCLDY (SCALE 4-7)   8
TOTAL FM JUL 1  1458    CLOUDY (SCALE 8-10) 13
DPTR FM NORMAL   240

[CDD (BASE 65) ]
TOTAL THIS MO.    52
DPTR FM NORMAL   -22    [PRESSURE DATA]
TOTAL FM JAN 1   110    HIGHEST SLP 30.36 ON 13
DPTR FM NORMAL    -2    LOWEST  SLP 29.66 ON 11

[REMARKS]
#FINAL-03-14#
