000
CXUS54 KCRP 011210
CF6VCT
PRELIMINARY LOCAL CLIMATOLOGICAL DATA (WS FORM: F-6)
STATION: VICTORIA
MONTH: AUGUST
YEAR: 2023
LATITUDE: 28 51 N
LONGITUDE: 96 55 W
TEMPERATURE IN F: :PCPN: SNOW: WIND :SUNSHINE: SKY :PK WND
================================================================================
1 2 3 4 5 6A 6B 7 8 9 10 11 12 13 14 15 16 17 18
12Z AVG MX 2MIN
DY MAX MIN AVG DEP HDD CDD WTR SNW DPTH SPD SPD DIR MIN PSBL S-S WX SPD DR
================================================================================
1 103 76 90 5 0 25 0.00 0.0 0 6.9 21 150 M M 1 1 26 160
2 102 74 88 3 0 23 0.00 0.0 0 6.5 20 160 M M 0 29 160
3 102 78 90 5 0 25 0.00 0.0 0 9.8 21 160 M M 1 28 140
4 102 79 91 6 0 26 0.00 0.0 0 12.5 22 160 M M 1 29 160
5 101 79 90 5 0 25 0.00 0.0 0 11.0 21 150 M M 1 27 140
6 102 79 91 6 0 26 0.00 0.0 0 11.9 22 180 M M 1 28 150
7 102 81 92 7 0 27 0.00 0.0 0 12.7 22 160 M M 1 30 200
8 102 79 91 6 0 26 0.00 0.0 0 10.8 23 150 M M 1 1 30 150
9 101 81 91 6 0 26 0.00 0.0 0 16.1 26 160 M M 2 35 180
10 102 80 91 6 0 26 0.00 0.0 0 14.2 26 150 M M 3 1 41 160
11 103 81 92 7 0 27 0.00 0.0 0 13.1 25 160 M M 3 1 35 150
12 102 84 93 8 0 28 0.00 0.0 0 13.3 24 150 M M 4 1 33 170
13 102 79 91 6 0 26 0.00 0.0 0 11.3 23 170 M M 2 1 30 180
14 105 78 92 7 0 27 0.00 0.0 0 5.8 21 170 M M 2 25 160
15 105 78 92 7 0 27 0.00 0.0 0 M M M M M 3 M M
16 108 78 93 8 0 28 0.00 0.0 0 6.3 21 190 M M 0 27 170
17 105 76 91 6 0 26 0.00 0.0 0 8.8 24 160 M M 0 32 170
18 102 77 90 5 0 25 0.00 0.0 0 7.0 20 160 M M 2 29 160
19 103 74 89 4 0 24 0.00 0.0 0 7.6 20 160 M M 1 1 28 150
20 105 75 90 5 0 25 0.00 0.0 0 5.2 18 170 M M 2 1 23 180
21 101 76 89 4 0 24 0.00 0.0 0 7.4 20 140 M M 1 35 130
22 88 79 84 0 0 19 0.30 0.0 0 13.9 32 100 M M 3 138 45 100
23 99 78 89 5 0 24 0.00 0.0 0 8.8 20 130 M M 1 1 29 140
24 104 74 89 5 0 24 0.00 0.0 0 6.5 17 170 M M 3 1 31 150
25 105 76 91 7 0 26 0.00 0.0 0 5.8 20 120 M M 1 8 27 110
26 105 75 90 6 0 25 0.00 0.0 0 5.6 18 160 M M 1 1 25 130
27 108 75 92 8 0 27 0.00 0.0 0 7.8 18 10 M M 0 1 28 10
28 107 76 92 8 0 27 0.00 0.0 0 7.3 16 150 M M 2 24 50
29 103 76 90 6 0 25 0.00 0.0 0 7.5 22 20 M M 2 18 30 40
30 105 66 86 3 0 21 0.00 0.0 0 7.8 18 50 M M 1 18 29 40
31 104 69 87 4 0 22 0.00 0.0 0 5.5 23 140 M M 1 27 130
================================================================================
SM 3188 2386 0 782 0.30 0.0 274.7 M 47
================================================================================
AV102.8 77.0 9.2 FASTST M M 2 MAX(MPH)
MISC ----> 32 100 45 100
================================================================================
NOTES:
# LAST OF SEVERAL OCCURRENCES
COLUMN 17 PEAK WIND IN M.P.H.
PRELIMINARY LOCAL CLIMATOLOGICAL DATA (WS FORM: F-6) , PAGE 2
STATION: VICTORIA
MONTH: AUGUST
YEAR: 2023
LATITUDE: 28 51 N
LONGITUDE: 96 55 W
[TEMPERATURE DATA] [PRECIPITATION DATA] SYMBOLS USED IN COLUMN 16
AVERAGE MONTHLY: 89.9 TOTAL FOR MONTH: 0.30 1 = FOG OR MIST
DPTR FM NORMAL: 5.1 DPTR FM NORMAL: -2.81 2 = FOG REDUCING VISIBILITY
HIGHEST: 108 ON 27,16 GRTST 24HR 0.30 ON 22-22 TO 1/4 MILE OR LESS
LOWEST: 66 ON 30 3 = THUNDER
SNOW, ICE PELLETS, HAIL 4 = ICE PELLETS
TOTAL MONTH: 0.0 INCH 5 = HAIL
GRTST 24HR 0.0 6 = FREEZING RAIN OR DRIZZLE
GRTST DEPTH: 0 7 = DUSTSTORM OR SANDSTORM:
VSBY 1/2 MILE OR LESS
8 = SMOKE OR HAZE
[NO. OF DAYS WITH] [WEATHER - DAYS WITH] 9 = BLOWING SNOW
X = TORNADO
MAX 32 OR BELOW: 0 0.01 INCH OR MORE: 1
MAX 90 OR ABOVE: 30 0.10 INCH OR MORE: 1
MIN 32 OR BELOW: 0 0.50 INCH OR MORE: 0
MIN 0 OR BELOW: 0 1.00 INCH OR MORE: 0
[HDD (BASE 65) ]
TOTAL THIS MO. 0 CLEAR (SCALE 0-3) 29
DPTR FM NORMAL 0 PTCLDY (SCALE 4-7) 2
TOTAL FM JUL 1 0 CLOUDY (SCALE 8-10) 0
DPTR FM NORMAL 0
[CDD (BASE 65) ]
TOTAL THIS MO. 782
DPTR FM NORMAL 168 [PRESSURE DATA]
TOTAL FM JAN 1 3035 HIGHEST SLP 30.08 ON 15
DPTR FM NORMAL 573 LOWEST SLP 29.72 ON 27
[REMARKS]
#FINAL-08-23#