000
CXUS54 KCRP 020036
CF6VCT
PRELIMINARY LOCAL CLIMATOLOGICAL DATA (WS FORM: F-6)

                                          STATION:   VICTORIA
                                          MONTH:     JANUARY
                                          YEAR:      2014
                                          LATITUDE:   28 51 N
                                          LONGITUDE:  96 55 W

  TEMPERATURE IN F:       :PCPN:    SNOW:  WIND      :SUNSHINE: SKY     :PK WND
================================================================================
1   2   3   4   5  6A  6B    7    8   9   10  11  12  13   14  15   16   17  18
                                     12Z  AVG MX 2MIN
DY MAX MIN AVG DEP HDD CDD  WTR  SNW DPTH SPD SPD DIR MIN PSBL S-S WX    SPD DR
================================================================================

 1  65  46  56   2   9   0 0.01  0.0    0   M   M   M   M    M  10 18      M  M
 2  60  36  48  -6  17   0 0.00  0.0    0 14.4 29 360   M    M   2        39 350
 3  59  29  44 -10  21   0 0.00  0.0    0  7.6 16 140   M    M   0        18 130
 4  75  40  58   4   7   0 0.00  0.0    0  9.0 25 180   M    M   5 18     31 180
 5  65  40  53  -1  12   0 0.00  0.0    0 16.2 30 340   M    M   4 12     38 340
 6  39  26  33 -21  32   0    T    T    0 12.6 24 360   M    M   0 4      31 360
 7  50  24  37 -17  28   0 0.00  0.0    0  6.6 14 130   M    M   5        17 130
 8  64  48  56   2   9   0 0.29  0.0    0   M  18 160   M    M  10 18     22 160
 9  69  61  65  11   0   0 0.59  0.0    0  3.9 12 180   M    M   9 1      17 190
10  74  62  68  14   0   3 0.10  0.0    0  8.0 17 150   M    M   8 12     21 190
11  76  48  62   8   3   0 0.00  0.0    0  6.4 16  30   M    M   2 128    22  30
12  77  42  60   6   5   0    T  0.0    0  8.0 24 170   M    M   1 1      30 180
13  73  43  58   4   7   0 0.00  0.0    0 10.9 28 350   M    M   3 1      37 340
14  76  38  57   3   8   0 0.00  0.0    0  7.6 20 360   M    M   0        25 360
15  65  36  51  -3  14   0 0.00  0.0    0  8.6 21 350   M    M   0        26 360
16  73  36  55   1  10   0 0.00  0.0    0  7.1 18 220   M    M   0        24 210
17  68  42  55   1  10   0 0.00  0.0    0  8.2 20  30   M    M   0        25  30
18  72  37  55   1  10   0 0.00  0.0    0  5.6 18 150   M    M   2 12     22 150
19  75  44  60   6   5   0 0.00  0.0    0  6.2 14  40   M    M   3 12     24 140
20  81  47  64  10   1   0 0.00  0.0    0  6.9 20 200   M    M   4 12     24 210
21  66  38  52  -2  13   0 0.00  0.0    0 14.6 26 360   M    M   0        35  10
22  72  33  53  -1  12   0 0.00  0.0    0  6.3 18 170   M    M   0        22 150
23  64  38  51  -3  14   0 0.01  0.0    0 14.9 31  20   M    M   7 18     43  20
24  38  30  34 -20  31   0 0.11  0.0    0 10.4 24  20   M    M   9 16     33  20
25  63  29  46  -8  19   0 0.00  0.0    0  5.7 13 220   M    M   0 1      20 240
26  76  38  57   3   8   0 0.00  0.0    0  9.6 20 190   M    M   0        24 190
27  64  43  54   0  11   0 0.00  0.0    0 13.3 26  10   M    M   3 12     31 350
28  43  32  38 -17  27   0 0.03  0.0    0 13.9 23  10   M    M   9 16     30  10
29  49  30  40 -15  25   0 0.00  0.0    0  7.1 13  80   M    M   1         M  M
30  65  31  48  -7  17   0 0.00  0.0    0 10.6 22 160   M    M   9 1      28 150
31  77  53  65  10   0   0 0.00  0.0    0 12.4 24 160   M    M   9 128    30 170
================================================================================
SM 2033 1220       385   3  1.14    T    272.6          M      115
================================================================================
AV 65.6 39.4                               9.4 FASTST   M    M   4    MAX(MPH)
                                 MISC ---->  # 31  20               # 43   20
================================================================================
NOTES:
# LAST OF SEVERAL OCCURRENCES

COLUMN 17 PEAK WIND IN M.P.H.

PRELIMINARY LOCAL CLIMATOLOGICAL DATA (WS FORM: F-6) , PAGE 2

                                          STATION:  VICTORIA
                                          MONTH:    JANUARY
                                          YEAR:     2014
                                          LATITUDE:   28 51 N
                                          LONGITUDE:  96 55 W

[TEMPERATURE DATA]      [PRECIPITATION DATA]       SYMBOLS USED IN COLUMN 16

AVERAGE MONTHLY: 52.5   TOTAL FOR MONTH:   1.14    1 = FOG OR MIST
DPTR FM NORMAL:  -1.4   DPTR FM NORMAL:   -1.38    2 = FOG REDUCING VISIBILITY
HIGHEST:    81 ON 20    GRTST 24HR  0.59 ON  9- 9      TO 1/4 MILE OR LESS
LOWEST:     24 ON  7                               3 = THUNDER
                        SNOW, ICE PELLETS, HAIL    4 = ICE PELLETS
                        TOTAL MONTH:    T          5 = HAIL
                        GRTST 24HR    T  ON  6- 6  6 = FREEZING RAIN OR DRIZZLE
                        GRTST DEPTH:   0           7 = DUSTSTORM OR SANDSTORM:
                                                       VSBY 1/2 MILE OR LESS
                                                   8 = SMOKE OR HAZE
[NO. OF DAYS WITH]      [WEATHER - DAYS WITH]      9 = BLOWING SNOW
                                                   X = TORNADO
MAX 32 OR BELOW:   0    0.01 INCH OR MORE:   7
MAX 90 OR ABOVE:   0    0.10 INCH OR MORE:   4
MIN 32 OR BELOW:   8    0.50 INCH OR MORE:   1
MIN  0 OR BELOW:   0    1.00 INCH OR MORE:   0

[HDD (BASE 65) ]
TOTAL THIS MO.   385    CLEAR  (SCALE 0-3)  18
DPTR FM NORMAL    27    PTCLDY (SCALE 4-7)   5
TOTAL FM JUL 1   965    CLOUDY (SCALE 8-10)  8
DPTR FM NORMAL   113

[CDD (BASE 65) ]
TOTAL THIS MO.     3
DPTR FM NORMAL   -11    [PRESSURE DATA]
TOTAL FM JAN 1     3    HIGHEST SLP 30.73 ON  6
DPTR FM NORMAL    -4    LOWEST  SLP 29.75 ON 26

[REMARKS]
#FINAL-01-14#
