000
CXUS54 KCRP 011423
CF6VCT
PRELIMINARY LOCAL CLIMATOLOGICAL DATA (WS FORM: F-6)

                                          STATION:   VICTORIA
                                          MONTH:     DECEMBER
                                          YEAR:      2015
                                          LATITUDE:   28 51 N
                                          LONGITUDE:  96 55 W

  TEMPERATURE IN F:       :PCPN:    SNOW:  WIND      :SUNSHINE: SKY     :PK WND
================================================================================
1   2   3   4   5  6A  6B    7    8   9   10  11  12  13   14  15   16   17  18
                                     12Z  AVG MX 2MIN
DY MAX MIN AVG DEP HDD CDD  WTR  SNW DPTH SPD SPD DIR MIN PSBL S-S WX    SPD DR
================================================================================

 1  57  50  54  -4  11   0 0.04  0.0    0  7.5 14  10   M    M  10 1      16  10
 2  65  43  54  -4  11   0 0.00  0.0    0  7.7 15 350   M    M   3        19 350
 3  64  39  52  -6  13   0 0.00  0.0    0  6.9 13  20   M    M   0        16  20
 4  64  37  51  -6  14   0 0.00  0.0    0  5.8 14  50   M    M   0        17  70
 5  68  38  53  -4  12   0 0.00  0.0    0  5.1  9  40   M    M   0 18     11  80
 6  74  44  59   2   6   0 0.00  0.0    0  5.4 13 330   M    M   1 12     16 330
 7  72  43  58   2   7   0 0.00  0.0    0  3.4  8 160   M    M   0 1      11 160
 8  75  45  60   4   5   0 0.00  0.0    0  4.7 15 170   M    M   4 128    17 170
 9  78  48  63   7   2   0 0.00  0.0    0  5.1 12 240   M    M   4 128    14 210
10  81  58  70  14   0   5 0.00  0.0    0  8.8 16 210   M    M   5 128    22 230
11  80  66  73  17   0   8 0.00  0.0    0 13.6 26 180   M    M   8 18     34 180
12  75  70  73  17   0   8 0.43  0.0    0 17.1 31 150   M    M   9 1      39 150
13  75  49  62   7   3   0 0.61  0.0    0 12.5 43 320   M    M   7 1      55 320
14  74  46  60   5   5   0 0.00  0.0    0  7.6 15 140   M    M   0 1      20 140
15  77  49  63   8   2   0 0.00  0.0    0  7.6 20 150   M    M   7 12     35  90
16  72  46  59   4   6   0 0.00  0.0    0 11.2 23  10   M    M   7 12     30  10
17  68  38  53  -2  12   0 0.00  0.0    0  5.6 13  10   M    M   0 8      18  60
18  61  33  47  -8  18   0 0.00  0.0    0  5.8 14 360   M    M   0        18 360
19  69  35  52  -2  13   0 0.00  0.0    0  8.3 21 140   M    M   0        25 140
20  75  51  63   9   2   0    T  0.0    0  9.4 26 160   M    M   4 1      32 150
21  75  58  67  13   0   2    T  0.0    0  4.8 22 160   M    M   4 18     25 160
22  74  54  64  10   1   0    T  0.0    0  8.6 21 180   M    M   6 12     27 190
23  84  57  71  17   0   6 0.00  0.0    0  9.1 24 190   M    M   4 18     31 190
24  81  56  69  15   0   4 0.00  0.0    0  7.4 20 170   M    M   8 128    22 170
25  82  68  75  21   0  10    T  0.0    0  9.8 21 160   M    M   9 128    25 170
26  81  74  78  24   0  13 0.01  0.0    0 22.8 38 160   M    M  10 18     46 160
27  76  41  59   5   6   0 0.35  0.0    0 20.7 30 160   M    M   9 13     39 150
28  54  39  47  -7  18   0 0.00  0.0    0 12.9 24 280   M    M   0        31 290
29  52  38  45  -9  20   0    T  0.0    0  7.0 14  10   M    M   6        18  20
30  56  48  52  -2  13   0 0.16  0.0    0 10.3 16  20   M    M  10 1      22  10
31  57  46  52  -2  13   0 0.00  0.0    0 12.0 22  30   M    M   9        27  20
================================================================================
SM 2196 1507       213  56  1.60     0.0 284.5          M      144
================================================================================
AV 70.8 48.6                               9.2 FASTST   M    M   5    MAX(MPH)
                                 MISC ---->  # 43 320               # 55  320
================================================================================
NOTES:
# LAST OF SEVERAL OCCURRENCES

COLUMN 17 PEAK WIND IN M.P.H.

PRELIMINARY LOCAL CLIMATOLOGICAL DATA (WS FORM: F-6) , PAGE 2

                                          STATION:  VICTORIA
                                          MONTH:    DECEMBER
                                          YEAR:     2015
                                          LATITUDE:   28 51 N
                                          LONGITUDE:  96 55 W

[TEMPERATURE DATA]      [PRECIPITATION DATA]       SYMBOLS USED IN COLUMN 16

AVERAGE MONTHLY: 59.7   TOTAL FOR MONTH:   1.60    1 = FOG OR MIST
DPTR FM NORMAL:   4.5   DPTR FM NORMAL:   -0.71    2 = FOG REDUCING VISIBILITY
HIGHEST:    84 ON 23    GRTST 24HR  1.02 ON 12-13      TO 1/4 MILE OR LESS
LOWEST:     33 ON 18                               3 = THUNDER
                        SNOW, ICE PELLETS, HAIL    4 = ICE PELLETS
                        TOTAL MONTH:   0.0 INCH    5 = HAIL
                        GRTST 24HR     0.0         6 = FREEZING RAIN OR DRIZZLE
                        GRTST DEPTH:   0           7 = DUSTSTORM OR SANDSTORM:
                                                       VSBY 1/2 MILE OR LESS
                                                   8 = SMOKE OR HAZE
[NO. OF DAYS WITH]      [WEATHER - DAYS WITH]      9 = BLOWING SNOW
                                                   X = TORNADO
MAX 32 OR BELOW:   0    0.01 INCH OR MORE:   6
MAX 90 OR ABOVE:   0    0.10 INCH OR MORE:   4
MIN 32 OR BELOW:   0    0.50 INCH OR MORE:   1
MIN  0 OR BELOW:   0    1.00 INCH OR MORE:   0

[HDD (BASE 65) ]
TOTAL THIS MO.   213    CLEAR  (SCALE 0-3)  11
DPTR FM NORMAL  -118    PTCLDY (SCALE 4-7)  11
TOTAL FM JUL 1   311    CLOUDY (SCALE 8-10)  9
DPTR FM NORMAL  -183

[CDD (BASE 65) ]
TOTAL THIS MO.    56
DPTR FM NORMAL    29    [PRESSURE DATA]
TOTAL FM JAN 1  3336    HIGHEST SLP 30.48 ON  5
DPTR FM NORMAL   186    LOWEST  SLP 29.49 ON 23

[REMARKS]
#FINAL-12-15#
