000
CXUS56 KPQR 011538
CLMEUG
CLIMATE REPORT
NATIONAL WEATHER SERVICE PORTLAND OREGON
738 AM PST FRI MAR 01 2024
...................................
...THE EUGENE OR CLIMATE SUMMARY FOR THE MONTH OF FEBRUARY 2024...
CLIMATE NORMAL PERIOD 1991 TO 2020
CLIMATE RECORD PERIOD 1892 TO 2024
WEATHER OBSERVED NORMAL DEPART LAST YEAR`S
VALUE DATE(S) VALUE FROM VALUE DATE(S)
NORMAL
................................................................
TEMPERATURE (F)
HIGHEST 61 64 02/09
LOWEST 30 20 02/25
AVG. MAXIMUM 53.2 51.5 1.7 49.9
AVG. MINIMUM 39.1 35.0 4.1 30.3
MEAN 46.1 43.3 2.8 40.1
DAYS MAX >= 90 0 0.0 0.0 0
DAYS MAX <= 32 0 0.2 -0.2 0
DAYS MIN <= 32 2 10.4 -8.4 17
DAYS MIN <= 0 0 0.0 0.0 0
PRECIPITATION (INCHES)
RECORD
MAXIMUM 16.89 1996
MINIMUM 0.10 1920
TOTALS 4.93 4.67 0.26 1.98
DAYS >= .01 20 15.5 4.5 9
DAYS >= .10 10 10.1 -0.1 7
DAYS >= .50 3 2.9 0.1 0
DAYS >= 1.00 2 0.9 1.1 0
GREATEST
24 HR. TOTAL 1.30 02/28 TO 02/29
DEGREE DAYS
HEATING TOTAL 540 609 -69 692
SINCE 7/1 2746 3235 -489 MM
COOLING TOTAL 0 0 0 0
SINCE 1/1 0 0 0 MM
................................................................
WIND (MPH)
AVERAGE WIND SPEED 6.3
RESULTANT WIND SPEED/DIRECTION 2/140
HIGHEST WIND SPEED/DIRECTION 26/210 DATE 02/26
HIGHEST GUST SPEED/DIRECTION 35/210 DATE 02/26
SKY COVER
POSSIBLE SUNSHINE (PERCENT) MM
AVERAGE SKY COVER 0.81
NUMBER OF DAYS FAIR 1
NUMBER OF DAYS PC 6
NUMBER OF DAYS CLOUDY 22
AVERAGE RH (PERCENT) 81
WEATHER CONDITIONS. NUMBER OF DAYS WITH
THUNDERSTORM 0 MIXED PRECIP 0
HEAVY RAIN 1 RAIN 5
LIGHT RAIN 20 FREEZING RAIN 0
LT FREEZING RAIN 0 HAIL 0
HEAVY SNOW 0 SNOW 0
LIGHT SNOW 2 SLEET 0
FOG 20 FOG W/VIS <= 1/4 MILE 5
HAZE 2
- INDICATES NEGATIVE NUMBERS.
R INDICATES RECORD WAS SET OR TIED.
MM INDICATES DATA IS MISSING.
T INDICATES TRACE AMOUNT.
$$