000
CXUS53 KMKX 011954
CLMMKE


CLIMATE REPORT
NATIONAL WEATHER SERVICE IN MILWAUKEE
245 PM CDT SAT NOV 1 2014

...................................

...THE MILWAUKEE WI CLIMATE SUMMARY FOR THE MONTH OF OCTOBER 2014...

CLIMATE NORMAL PERIOD 1981 TO 2010
CLIMATE RECORD PERIOD 1871 TO 2014

WEATHER         OBSERVED          NORMAL  DEPART  LAST YEAR`S
                 VALUE   DATE(S)  VALUE   FROM    VALUE  DATE(S)
                                          NORMAL
................................................................
TEMPERATURE (F)
RECORD
 HIGH              89   10/06/1963
 LOW               15   10/25/1887
HIGHEST            76   10/02        78      -2       82  10/01
LOWEST             32   10/30        29       3       31  10/23
                                                          10/22
AVG. MAXIMUM     59.0              59.3    -0.3     60.2
AVG. MINIMUM     43.3              43.2     0.1     43.6
MEAN             51.1              51.3    -0.2     51.9
DAYS MAX >= 90      0               0.0     0.0        0
DAYS MAX <= 32      0               0.0     0.0        0
DAYS MIN <= 32      1               2.3    -1.3        3
DAYS MIN <= 0       0               0.0     0.0        0

PRECIPITATION (INCHES)
RECORD
 MAXIMUM         7.15   1877
 MINIMUM         0.09   1924
TOTALS           2.81              2.65    0.16     3.59
DAILY AVG.       0.09              0.09    0.00     0.12
DAYS >= .01        11              10.0     1.0       11
DAYS >= .10         5               5.6    -0.6        7
DAYS >= .50         2               1.8     0.2        3
DAYS >= 1.00        1               0.4     0.6        1
GREATEST
 24 HR. TOTAL    1.41   10/13 TO 10/14              1.35 10/5 TO 10/6

SNOWFALL (INCHES)
RECORDS
 TOTAL            6.3   1989
TOTALS            0.1               0.3    -0.2      0.0
SINCE 7/1         0.1               0.3    -0.2      0.0
SNOWDEPTH AVG.      0                MM      MM        0
DAYS >= 1.0         0               0.1    -0.1        0
GREATEST
 SNOW DEPTH         0                                  0
 24 HR TOTAL      0.1   10/31 TO 10/31               0.0

DEGREE_DAYS
HEATING TOTAL     427               433      -6      410
 SINCE 7/1        602               585      17      540
COOLING TOTAL       4                 7      -3       10
 SINCE 1/1        464               641    -177      688
.................................................................

WIND (MPH)
AVERAGE WIND SPEED              9.5
HIGHEST WIND SPEED/DIRECTION    33/340    DATE  10/31
HIGHEST GUST SPEED/DIRECTION    46/340    DATE  10/31

SKY COVER
POSSIBLE SUNSHINE (PERCENT)   MM
AVERAGE SKY COVER           0.60
NUMBER OF DAYS FAIR            5
NUMBER OF DAYS PC             16
NUMBER OF DAYS CLOUDY         10

AVERAGE RH (PERCENT)     69

WEATHER CONDITIONS. NUMBER OF DAYS WITH
THUNDERSTORM              1     MIXED PRECIP               0
HEAVY RAIN                1     RAIN                       3
LIGHT RAIN               17     FREEZING RAIN              0
LT FREEZING RAIN          0     HAIL                       0
HEAVY SNOW                0     SNOW                       1
LIGHT SNOW                1     SLEET                      0
FOG                      12     FOG W/VIS <= 1/4 MILE      1
HAZE                      3

-  INDICATES NEGATIVE NUMBERS.
R  INDICATES RECORD WAS SET OR TIED.
MM INDICATES DATA IS MISSING.
T  INDICATES TRACE AMOUNT.

$$
