000
CXUS53 KMKX 012012
CLMMKE


CLIMATE REPORT
NATIONAL WEATHER SERVICE IN MILWAUKEE
256 PM CDT SAT OCT 1 2016

...................................

...THE MILWAUKEE WI CLIMATE SUMMARY FOR THE MONTH OF SEPTEMBER 2016...

CLIMATE NORMAL PERIOD 1981 TO 2010
CLIMATE RECORD PERIOD 1871 TO 2016

WEATHER         OBSERVED          NORMAL  DEPART  LAST YEAR`S
                 VALUE   DATE(S)  VALUE   FROM    VALUE  DATE(S)
                                          NORMAL
................................................................
TEMPERATURE (F)
RECORD
 HIGH              99   09/15/1939
 LOW               28   09/23/1974
                        09/28/1942
HIGHEST            94   09/06        88       6       90  09/06
                                                          09/01
LOWEST             50   09/28        40      10       48  09/12
AVG. MAXIMUM     75.9              71.3     4.6     76.0
AVG. MINIMUM     61.3              54.9     6.4     59.2
MEAN             68.6              63.1     5.5     67.6
DAYS MAX >= 90      1               0.4     0.6        2
DAYS MAX <= 32      0               0.0     0.0        0
DAYS MIN <= 32      0               0.0     0.0        0
DAYS MIN <= 0       0               0.0     0.0        0

PRECIPITATION (INCHES)
RECORD
 MAXIMUM         9.87   1941
 MINIMUM         0.02   1979
TOTALS           4.30              3.18    1.12     4.44
DAILY AVG.       0.14              0.11    0.03     0.15
DAYS >= .01        13               8.8     4.2        7
DAYS >= .10         5               5.4    -0.4        6
DAYS >= .50         5               2.1     2.9        5
DAYS >= 1.00        1               1.0     0.0        1
GREATEST
 24 HR. TOTAL    1.56   09/07 TO 09/07              1.21 9/17-9/18

DEGREE_DAYS
HEATING TOTAL      25               126    -101       46
 SINCE 7/1         27               152    -125       94
COOLING TOTAL     141                69      72      133
 SINCE 1/1        977               634     343      620
.................................................................

WIND (MPH)
AVERAGE WIND SPEED              9.3
HIGHEST WIND SPEED/DIRECTION    30/360    DATE  09/19
HIGHEST GUST SPEED/DIRECTION    39/020    DATE  09/29

SKY COVER
POSSIBLE SUNSHINE (PERCENT)   MM
AVERAGE SKY COVER           0.60
NUMBER OF DAYS FAIR            6
NUMBER OF DAYS PC             16
NUMBER OF DAYS CLOUDY          8

AVERAGE RH (PERCENT)     71

WEATHER CONDITIONS. NUMBER OF DAYS WITH
THUNDERSTORM              5     MIXED PRECIP               0
HEAVY RAIN                4     RAIN                       6
LIGHT RAIN               15     FREEZING RAIN              0
LT FREEZING RAIN          0     HAIL                       0
HEAVY SNOW                0     SNOW                       0
LIGHT SNOW                0     SLEET                      0
FOG                      11     FOG W/VIS <= 1/4 MILE      2
HAZE                      4

-  INDICATES NEGATIVE NUMBERS.
R  INDICATES RECORD WAS SET OR TIED.
MM INDICATES DATA IS MISSING.
T  INDICATES TRACE AMOUNT.

&&

THIS WAS A TIE FOR THE 2ND WARMEST SEPTEMBER ON RECORD IN MILWAUKEE.

$$
