000
CXUS53 KMKX 011551
CLMMSN

CLIMATE REPORT
NATIONAL WEATHER SERVICE IN MILWAUKEE
942 AM CDT WED JUN 1 2016

...................................

...THE MADISON WI CLIMATE SUMMARY FOR THE MONTH OF MAY 2016...

CLIMATE NORMAL PERIOD 1981 TO 2010
CLIMATE RECORD PERIOD 1871 TO 2016

WEATHER         OBSERVED          NORMAL  DEPART  LAST YEAR`S
                 VALUE   DATE(S)  VALUE   FROM    VALUE  DATE(S)
                                          NORMAL
................................................................
TEMPERATURE (F)
RECORD
 HIGH             101   05/31/1934
 LOW               19   05/01/1978
HIGHEST            86   05/06        84       2       82  05/28
                                                          05/07
LOWEST             30   05/15        33      -3       33  05/13
AVG. MAXIMUM     70.7              68.4     2.3     70.5
AVG. MINIMUM     46.3              46.1     0.2     50.0
MEAN             58.5              57.3     1.2     60.2
DAYS MAX >= 90      0               0.1    -0.1        0
DAYS MAX <= 32      0               0.0     0.0        0
DAYS MIN <= 32      2               1.4     0.6        0
DAYS MIN <= 0       0               0.0     0.0        0

PRECIPITATION (INCHES)
RECORD
 MAXIMUM        10.84   2004
 MINIMUM         0.38   1925
TOTALS           2.22              3.55   -1.33     4.18
DAILY AVG.       0.07              0.11   -0.04     0.13
DAYS >= .01        14              11.9     2.1       15
DAYS >= .10         6               7.2    -1.2        9
DAYS >= .50         0               2.2    -2.2        2
DAYS >= 1.00        0               0.7    -0.7        1
GREATEST
 24 HR. TOTAL    0.66   05/09 TO 05/10              1.57

SNOWFALL (INCHES)
RECORDS
 TOTAL            5.0   1935
TOTALS            0.0               0.2    -0.2      0.0
SINCE 7/1        32.7              50.9   -18.2     33.7
SNOWDEPTH AVG.      0                MM      MM        0
DAYS >= 1.0         0               0.1    -0.1        0
GREATEST
 SNOW DEPTH         0   MM                             0  MM
 24 HR TOTAL      0.0   05/31 TO 05/31               0.0

DEGREE_DAYS
HEATING TOTAL     246               266     -20      190
 SINCE 7/1       6184              7273   -1089     7330
COOLING TOTAL      52                26      26       50
 SINCE 1/1         52                30      22       50
.................................................................

WIND (MPH)
AVERAGE WIND SPEED              7.1
HIGHEST WIND SPEED/DIRECTION    36/350    DATE  05/03
HIGHEST GUST SPEED/DIRECTION    49/350    DATE  05/03

SKY COVER
POSSIBLE SUNSHINE (PERCENT)   MM
AVERAGE SKY COVER           0.60
NUMBER OF DAYS FAIR            5
NUMBER OF DAYS PC             20
NUMBER OF DAYS CLOUDY          6

AVERAGE RH (PERCENT)     65

WEATHER CONDITIONS. NUMBER OF DAYS WITH
THUNDERSTORM              6     MIXED PRECIP               0
HEAVY RAIN                3     RAIN                       6
LIGHT RAIN               16     FREEZING RAIN              0
LT FREEZING RAIN          0     HAIL                       0
HEAVY SNOW                0     SNOW                       0
LIGHT SNOW                0     SLEET                      0
FOG                      16     FOG W/VIS <= 1/4 MILE      2
HAZE                      8

-  INDICATES NEGATIVE NUMBERS.
R  INDICATES RECORD WAS SET OR TIED.
MM INDICATES DATA IS MISSING.
T  INDICATES TRACE AMOUNT.

$$
