000
CXUS51 KCLE 041836
CLSCLE
CLIMATE REPORT
NATIONAL WEATHER SERVICE CLEVELAND, OH
136 PM EST MON MAR 04 2024
...................................
...THE CLEVELAND OH CLIMATE SUMMARY FOR THE SEASON, FROM
12/1/2023 TO 2/29/2024...
CLIMATE NORMAL PERIOD 1991 TO 2020
CLIMATE RECORD PERIOD 1871 TO 2024
WEATHER OBSERVED NORMAL DEPART
VALUE DATE(S) VALUE FROM
NORMAL
................................................
TEMPERATURE (F)
RECORD
HIGH 77 12/03/1982
LOW -20 01/19/1994
HIGHEST 71 02/27
LOWEST 3 01/15
AVG. MAXIMUM 43.5 38.2 5.3
AVG. MINIMUM 30.4 24.8 5.6
MEAN 36.9 31.5 5.4
DAYS MAX >= 90 0 0.0
DAYS MAX <= 32 10 31.9
DAYS MIN <= 32 50 71.4
DAYS MIN <= 0 0 2.7
PRECIPITATION (INCHES)
RECORD
MAXIMUM 14.95 1950
MINIMUM 3.27 1901
TOTALS 7.90 8.47 -0.57
DAYS >= .01 44 47.9
DAYS >= .10 23 22.6
DAYS >= .50 5 4.1
DAYS >= 1.00 0 0.8
SNOWFALL (INCHES)
RECORDS
TOTAL 82.8 2003
TOTALS 15.4 45.7
DAYS >= TRACE 35
DAYS >= 1.0 4 13.9
DEGREE DAYS
HEATING TOTAL 2532 3015 -483
COOLING TOTAL 0 0 0
................................................
WIND (MPH)
HIGHEST GUST SPEED/DIRECTION 61/200 DATE 01/09
SKY COVER
POSSIBLE SUNSHINE (PERCENT) MM
AVERAGE SKY COVER 0.79
NUMBER OF DAYS FAIR 9
NUMBER OF DAYS PC 21
NUMBER OF DAYS CLOUDY 61
WEATHER CONDITIONS. NUMBER OF DAYS WITH
THUNDERSTORM 1 MIXED PRECIP 2
HEAVY RAIN 2 RAIN 5
LIGHT RAIN 42 FREEZING RAIN 0
LT FREEZING RAIN 0 HAIL 0
HEAVY SNOW 3 SNOW 3
LIGHT SNOW 33 SLEET 2
FOG 50 FOG W/VIS <= 1/4 MILE 10
HAZE 15
- INDICATES NEGATIVE NUMBERS.
R INDICATES RECORD WAS SET OR TIED.
MM INDICATES DATA IS MISSING.
T INDICATES TRACE AMOUNT.
$$