000
CDUS44 KMEG 010640
CLIMEG


CLIMATE REPORT
NATIONAL WEATHER SERVICE MEMPHIS TN
138 AM CDT WED APR 1 2015


...................................

...THE MEMPHIS/GERMANTOWN WFO CLIMATE SUMMARY FOR MARCH 31 2015...

CLIMATE NORMAL PERIOD 1981 TO 2010
CLIMATE RECORD PERIOD 1988 TO 2015


WEATHER ITEM   OBSERVED TIME   RECORD YEAR NORMAL DEPARTURE LAST
                VALUE   (LST)  VALUE       VALUE  FROM      YEAR
                                                  NORMAL
..................................................................
TEMPERATURE (F)
 YESTERDAY
  MAXIMUM         80    300 PM  85    2012  68     12       77
                                      1998
  MINIMUM         49    600 AM  28    1993  44      5       41
  AVERAGE         65                        56      9       59

PRECIPITATION (IN)
  YESTERDAY        0.17          1.96 2008   0.17   0.00     0.00
  MONTH TO DATE    6.66                      4.95   1.71     6.04
  SINCE MAR 1      6.66                      4.95   1.71     6.04
  SINCE JAN 1     12.74                     13.58  -0.84    14.66

SNOWFALL (IN)
  YESTERDAY        0.0           0.0    MM   0.0    0.0      0.0
  MONTH TO DATE    4.1                       0.8    3.3      0.3
  SINCE MAR 1      4.1                       0.8    3.3      0.3
  SINCE JUL 1      6.3                       2.4    3.9      0.8
  SNOW DEPTH       0

DEGREE DAYS
 HEATING
  YESTERDAY        0                        10    -10        6
  MONTH TO DATE  421                       436    -15      522
  SINCE MAR 1    421                       436    -15      522
  SINCE JUL 1   3328                      3182    146     3526

 COOLING
  YESTERDAY        0                         1     -1        0
  MONTH TO DATE    3                        11     -8        2
  SINCE MAR 1      3                        11     -8        2
  SINCE JAN 1      3                        12     -9        2
..................................................................







THE MEMPHIS/GERMANTOWN WFO CLIMATE NORMALS FOR TODAY
                         NORMAL    RECORD    YEAR
 MAXIMUM TEMPERATURE (F)   68        89      2002
 MINIMUM TEMPERATURE (F)   44        29      1994


SUNRISE AND SUNSET
APRIL  1 2015.........SUNRISE   646 AM CDT   SUNSET   720 PM CDT
APRIL  2 2015.........SUNRISE   645 AM CDT   SUNSET   721 PM CDT


-  INDICATES NEGATIVE NUMBERS.
R  INDICATES RECORD WAS SET OR TIED.
MM INDICATES DATA IS MISSING.
T  INDICATES TRACE AMOUNT.




$$
