000
CDUS44 KMEG 282152
CLIMEG


CLIMATE REPORT
NATIONAL WEATHER SERVICE MEMPHIS TN
452 PM CDT TUE JUN 28 2016


...................................

...THE MEMPHIS/GERMANTOWN WFO CLIMATE SUMMARY FOR JUNE 28 2016...
VALID TODAY AS OF 0400 PM LOCAL TIME.

CLIMATE NORMAL PERIOD 1981 TO 2010
CLIMATE RECORD PERIOD 1988 TO 2016


WEATHER ITEM   OBSERVED TIME   RECORD YEAR NORMAL DEPARTURE LAST
                VALUE   (LST)  VALUE       VALUE  FROM      YEAR
                                                  NORMAL
..................................................................
TEMPERATURE (F)
 TODAY
  MAXIMUM         91    300 PM 100    2012  90      1       87
  MINIMUM         72    600 AM  59    1988  70      2       63
  AVERAGE         82                        80      2       75

PRECIPITATION (IN)
  TODAY            0.00          1.35 2014   0.13  -0.13     0.00
  MONTH TO DATE    4.11                      3.42   0.69     1.90
  SINCE JUN 1      4.11                      3.42   0.69     1.90
  SINCE JAN 1     40.56                     27.91  12.65    23.58

SNOWFALL (IN)
  TODAY            0.0

DEGREE DAYS
 HEATING
  TODAY            0                         0      0        0
  MONTH TO DATE    0                         0      0        0
  SINCE JUN 1      0                         0      0        0
  SINCE JUL 1   2485                      3412   -927     3459

 COOLING
  TODAY           17                        15      2       10
  MONTH TO DATE  451                       350    101      425
  SINCE JUN 1    451                       350    101      425
  SINCE JAN 1    696                       601     95      725
..................................................................







THE MEMPHIS/GERMANTOWN WFO CLIMATE NORMALS FOR TOMORROW
                         NORMAL    RECORD    YEAR
 MAXIMUM TEMPERATURE (F)   90       102      2012
 MINIMUM TEMPERATURE (F)   70        62      1992


SUNRISE AND SUNSET
JUNE 28 2016..........SUNRISE   548 AM CDT   SUNSET   818 PM CDT
JUNE 29 2016..........SUNRISE   548 AM CDT   SUNSET   818 PM CDT


-  INDICATES NEGATIVE NUMBERS.
R  INDICATES RECORD WAS SET OR TIED.
MM INDICATES DATA IS MISSING.
T  INDICATES TRACE AMOUNT.




$$
