000
CDUS44 KMEG 270634
CLIMEG


CLIMATE REPORT
NATIONAL WEATHER SERVICE MEMPHIS TN
133 AM CDT SAT AUG 27 2016


...................................

...THE MEMPHIS/GERMANTOWN WFO CLIMATE SUMMARY FOR AUGUST 26 2016...

CLIMATE NORMAL PERIOD 1981 TO 2010
CLIMATE RECORD PERIOD 1988 TO 2016


WEATHER ITEM   OBSERVED TIME   RECORD YEAR NORMAL DEPARTURE LAST
                VALUE   (LST)  VALUE       VALUE  FROM      YEAR
                                                  NORMAL
..................................................................
TEMPERATURE (F)
 YESTERDAY
  MAXIMUM         91   1200 PM 100    2000  90      1       82
  MINIMUM         72   1145 PM  57    2015  68      4       57
  AVERAGE         82                        79      3       70

PRECIPITATION (IN)
  YESTERDAY        0.74          2.10 1989   0.09   0.65     0.00
  MONTH TO DATE    4.69                      2.82   1.87     4.20
  SINCE JUN 1     14.78                     11.04   3.74    11.97
  SINCE JAN 1     51.23                     35.53  15.70    33.65

SNOWFALL (IN)
  YESTERDAY        0.0          MM      MM   0.0    0.0      0.0
  MONTH TO DATE    0.0                       0.0    0.0      0.0
  SINCE JUN 1      0.0                       0.0    0.0      0.0
  SINCE JUL 1      0.0                       0.0    0.0      0.0
  SNOW DEPTH       0

DEGREE DAYS
 HEATING
  YESTERDAY        0                         0      0        0
  MONTH TO DATE    0                         0      0        0
  SINCE JUN 1      0                         2     -2        0
  SINCE JUL 1      0                         0      0        0

 COOLING
  YESTERDAY       17                        14      3        5
  MONTH TO DATE  450                       400     50      360
  SINCE JUN 1   1498                      1277    221     1378
  SINCE JAN 1   1743                      1528    215     1678
..................................................................







THE MEMPHIS/GERMANTOWN WFO CLIMATE NORMALS FOR TODAY
                         NORMAL    RECORD    YEAR
 MAXIMUM TEMPERATURE (F)   90       101      2007
 MINIMUM TEMPERATURE (F)   68        58      2015


SUNRISE AND SUNSET
AUGUST 27 2016........SUNRISE   628 AM CDT   SUNSET   732 PM CDT
AUGUST 28 2016........SUNRISE   629 AM CDT   SUNSET   731 PM CDT


-  INDICATES NEGATIVE NUMBERS.
R  INDICATES RECORD WAS SET OR TIED.
MM INDICATES DATA IS MISSING.
T  INDICATES TRACE AMOUNT.




$$
