000
CDUS44 KMEG 032148
CLIMEG


CLIMATE REPORT
NATIONAL WEATHER SERVICE MEMPHIS TN
445 PM CDT FRI JUL 3 2015


...................................

...THE MEMPHIS/GERMANTOWN WFO CLIMATE SUMMARY FOR JULY 3 2015...
VALID TODAY AS OF 0400 PM LOCAL TIME.

CLIMATE NORMAL PERIOD 1981 TO 2010
CLIMATE RECORD PERIOD 1988 TO 2015


WEATHER ITEM   OBSERVED TIME   RECORD YEAR NORMAL DEPARTURE LAST
                VALUE   (LST)  VALUE       VALUE  FROM      YEAR
                                                  NORMAL
..................................................................
TEMPERATURE (F)
 TODAY
  MAXIMUM         76    250 PM  97    2012  91    -15       81
                                      1991
  MINIMUM         71        MM  61    2000  71      0       65
  AVERAGE         74                        81     -7       73

PRECIPITATION (IN)
  TODAY            1.92R         0.89 1988   0.14   1.78     0.00
  MONTH TO DATE    1.96                      0.41   1.55     0.12
  SINCE JUN 1      4.90                      4.09   0.81    13.21
  SINCE JAN 1     26.58                     28.58  -2.00    38.79

SNOWFALL (IN)
  TODAY            0.0

DEGREE DAYS
 HEATING
  TODAY            0                         0      0        0
  MONTH TO DATE    0                         0      0        0
  SINCE JUN 1      0                         2     -2        0
  SINCE JUL 1      0                         0      0        0

 COOLING
  TODAY            9                        16     -7        8
  MONTH TO DATE   39                        46     -7       37
  SINCE JUN 1    491                       427     64      454
  SINCE JAN 1    791                       678    113      753
..................................................................







THE MEMPHIS/GERMANTOWN WFO CLIMATE NORMALS FOR TOMORROW
                         NORMAL    RECORD    YEAR
 MAXIMUM TEMPERATURE (F)   91       100      2012
 MINIMUM TEMPERATURE (F)   71        61      2014
                                             1996


SUNRISE AND SUNSET
JULY  3 2015..........SUNRISE   549 AM CDT   SUNSET   817 PM CDT
JULY  4 2015..........SUNRISE   550 AM CDT   SUNSET   817 PM CDT


-  INDICATES NEGATIVE NUMBERS.
R  INDICATES RECORD WAS SET OR TIED.
MM INDICATES DATA IS MISSING.
T  INDICATES TRACE AMOUNT.




$$
