000
CDUS44 KMEG 280632
CLIMEG


CLIMATE REPORT
NATIONAL WEATHER SERVICE MEMPHIS TN
132 AM CDT FRI AUG 28 2015


...................................

...THE MEMPHIS/GERMANTOWN WFO CLIMATE SUMMARY FOR AUGUST 27 2015...

CLIMATE NORMAL PERIOD 1981 TO 2010
CLIMATE RECORD PERIOD 1988 TO 2015


WEATHER ITEM   OBSERVED TIME   RECORD YEAR NORMAL DEPARTURE LAST
                VALUE   (LST)  VALUE       VALUE  FROM      YEAR
                                                  NORMAL
..................................................................
TEMPERATURE (F)
 YESTERDAY
  MAXIMUM         82        MM 101    2007  90     -8       92
  MINIMUM         58R       MM  64    2010  68    -10       71
  AVERAGE         70                        79     -9       82

PRECIPITATION (IN)
  YESTERDAY        0.00          0.33 1993   0.10  -0.10     0.00
  MONTH TO DATE    4.20                      2.92   1.28     0.45
  SINCE JUN 1     11.97                     11.14   0.83    16.49
  SINCE JAN 1     33.65                     35.63  -1.98    42.07

SNOWFALL (IN)
  YESTERDAY        0.0          MM      MM   0.0    0.0      0.0
  MONTH TO DATE    0.0                       0.0    0.0      0.0
  SINCE JUN 1      0.0                       0.0    0.0      0.0
  SINCE JUL 1      0.0                       0.0    0.0      0.0
  SNOW DEPTH       0

DEGREE DAYS
 HEATING
  YESTERDAY        0                         0      0        0
  MONTH TO DATE    0                         0      0        0
  SINCE JUN 1      0                         2     -2        0
  SINCE JUL 1      0                         0      0        0

 COOLING
  YESTERDAY        5                        14     -9       17
  MONTH TO DATE  365                       414    -49      444
  SINCE JUN 1   1383                      1291     92     1218
  SINCE JAN 1   1683                      1542    141     1517
..................................................................







THE MEMPHIS/GERMANTOWN WFO CLIMATE NORMALS FOR TODAY
                         NORMAL    RECORD    YEAR
 MAXIMUM TEMPERATURE (F)   90       103      2000
 MINIMUM TEMPERATURE (F)   68        59      1992


SUNRISE AND SUNSET
AUGUST 28 2015........SUNRISE   629 AM CDT   SUNSET   732 PM CDT
AUGUST 29 2015........SUNRISE   629 AM CDT   SUNSET   730 PM CDT


-  INDICATES NEGATIVE NUMBERS.
R  INDICATES RECORD WAS SET OR TIED.
MM INDICATES DATA IS MISSING.
T  INDICATES TRACE AMOUNT.




$$
