000
CDUS44 KMEG 240632
CLIMEG


CLIMATE REPORT
NATIONAL WEATHER SERVICE MEMPHIS TN
131 AM CDT MON JUL 24 2017


...................................

...THE MEMPHIS/GERMANTOWN WFO CLIMATE SUMMARY FOR JULY 23 2017...

CLIMATE NORMAL PERIOD 1981 TO 2010
CLIMATE RECORD PERIOD 1988 TO 2017


WEATHER ITEM   OBSERVED TIME   RECORD YEAR NORMAL DEPARTURE LAST
                VALUE   (LST)  VALUE       VALUE  FROM      YEAR
                                                  NORMAL
..................................................................
TEMPERATURE (F)
 YESTERDAY
  MAXIMUM         97        MM  99    2005  91      6       89
  MINIMUM         72        MM  62    2009  71      1       75
                                      2006
  AVERAGE         85                        81      4       82

PRECIPITATION (IN)
  YESTERDAY        1.36          3.33 1995   0.15   1.21     0.05
  MONTH TO DATE    5.33                      3.40   1.93     3.04
  SINCE JUN 1      9.41                      7.08   2.33     7.15
  SINCE JAN 1     30.32                     31.57  -1.25    43.60

SNOWFALL (IN)
  YESTERDAY        0.0          MM      MM                   0.0
  MONTH TO DATE    0.0                                       0.0
  SINCE JUN 1      0.0                                       0.0
  SINCE JUL 1      0.0                                       0.0
  SNOW DEPTH       0

DEGREE DAYS
 HEATING
  YESTERDAY        0                         0      0        0
  MONTH TO DATE    0                         0      0        0
  SINCE JUN 1      0                         2     -2        0
  SINCE JUL 1      0                         0      0        0

 COOLING
  YESTERDAY       20                        16      4       17
  MONTH TO DATE  407                       366     41      427
  SINCE JUN 1    792                       747     45      902
  SINCE JAN 1   1137                       998    139     1147
..................................................................







THE MEMPHIS/GERMANTOWN WFO CLIMATE NORMALS FOR TODAY
                         NORMAL    RECORD    YEAR
 MAXIMUM TEMPERATURE (F)   91        98      2011
                                             2010
                                             2005
 MINIMUM TEMPERATURE (F)   71        61      2003


SUNRISE AND SUNSET
JULY 24 2017..........SUNRISE   603 AM CDT   SUNSET   808 PM CDT
JULY 25 2017..........SUNRISE   603 AM CDT   SUNSET   808 PM CDT


-  INDICATES NEGATIVE NUMBERS.
R  INDICATES RECORD WAS SET OR TIED.
MM INDICATES DATA IS MISSING.
T  INDICATES TRACE AMOUNT.




$$
