000
CDUS44 KMEG 260742
CLIMEG


CLIMATE REPORT
NATIONAL WEATHER SERVICE MEMPHIS TN
142 AM CST WED NOV 26 2014


...................................

...THE MEMPHIS/GERMANTOWN WFO CLIMATE SUMMARY FOR NOVEMBER 25 2014...

CLIMATE NORMAL PERIOD 1981 TO 2010
CLIMATE RECORD PERIOD 1988 TO 2014


WEATHER ITEM   OBSERVED TIME   RECORD YEAR NORMAL DEPARTURE LAST
                VALUE   (LST)  VALUE       VALUE  FROM      YEAR
                                                  NORMAL
..................................................................
TEMPERATURE (F)
 YESTERDAY
  MAXIMUM         50        MM  74    2006  58     -8       36
  MINIMUM         29        MM  26    2003  37     -8       32
  AVERAGE         40                        48     -8       34

PRECIPITATION (IN)
  YESTERDAY        0.00          2.62 2010   0.19  -0.19     0.20
  MONTH TO DATE    2.68                      4.32  -1.64     2.77
  SINCE SEP 1     12.17                     11.90   0.27    10.13
  SINCE JAN 1     55.13                     47.91   7.22    58.49

SNOWFALL (IN)
  YESTERDAY        0.0          MM      MM   0.0    0.0       T
  MONTH TO DATE    0.3                       0.0    0.3       T
  SINCE SEP 1      0.3                       0.0    0.3       T
  SINCE JUL 1      0.3                       0.0    0.3       T
  SNOW DEPTH       0

DEGREE DAYS
 HEATING
  YESTERDAY       25                        17      8       31
  MONTH TO DATE  466                       323    143      378
  SINCE SEP 1    583                       507     76      518
  SINCE JUL 1    583                       507     76      518

 COOLING
  YESTERDAY        0                         0      0        0
  MONTH TO DATE    0                         7     -7        2
  SINCE SEP 1    384                       329     55      416
  SINCE JAN 1   1965                      1924     41     1964
..................................................................







THE MEMPHIS/GERMANTOWN WFO CLIMATE NORMALS FOR TODAY
                         NORMAL    RECORD    YEAR
 MAXIMUM TEMPERATURE (F)   58        74      2006
 MINIMUM TEMPERATURE (F)   37        25      1991


SUNRISE AND SUNSET
NOVEMBER 26 2014......SUNRISE   645 AM CST   SUNSET   448 PM CST
NOVEMBER 27 2014......SUNRISE   645 AM CST   SUNSET   448 PM CST


-  INDICATES NEGATIVE NUMBERS.
R  INDICATES RECORD WAS SET OR TIED.
MM INDICATES DATA IS MISSING.
T  INDICATES TRACE AMOUNT.




$$
