000
CDUS44 KMEG 220632
CLIMEG


CLIMATE REPORT
NATIONAL WEATHER SERVICE MEMPHIS TN
132 AM CDT FRI SEP 22 2017


...................................

...THE MEMPHIS/GERMANTOWN WFO CLIMATE SUMMARY FOR SEPTEMBER 21 2017...

CLIMATE NORMAL PERIOD 1981 TO 2010
CLIMATE RECORD PERIOD 1988 TO 2017


WEATHER ITEM   OBSERVED TIME   RECORD YEAR NORMAL DEPARTURE LAST
                VALUE   (LST)  VALUE       VALUE  FROM      YEAR
                                                  NORMAL
..................................................................
TEMPERATURE (F)
 YESTERDAY
  MAXIMUM         94        MM  98    2010  83     11       91
  MINIMUM         71        MM  44    1991  59     12       63
  AVERAGE         83                        71     12       77

PRECIPITATION (IN)
  YESTERDAY        0.00          0.89 1996   0.11  -0.11     0.00
  MONTH TO DATE    1.37                      2.21  -0.84     0.56
  SINCE SEP 1      1.37                      2.21  -0.84     0.56
  SINCE JAN 1     40.56                     38.22   2.34    51.80

SNOWFALL (IN)
  YESTERDAY        0.0          MM      MM                   0.0
  MONTH TO DATE    0.0                                       0.0
  SINCE SEP 1      0.0                                       0.0
  SINCE JUL 1      0.0                                       0.0
  SNOW DEPTH       0

DEGREE DAYS
 HEATING
  YESTERDAY        0                         1     -1        0
  MONTH TO DATE    4                         4      0        0
  SINCE SEP 1      4                         4      0        0
  SINCE JUL 1      4                         4      0        0

 COOLING
  YESTERDAY       18                         7     11       12
  MONTH TO DATE  176                       209    -33      311
  SINCE SEP 1    176                       209    -33      311
  SINCE JAN 1   1868                      1804     64     2147
..................................................................







THE MEMPHIS/GERMANTOWN WFO CLIMATE NORMALS FOR TODAY
                         NORMAL    RECORD    YEAR
 MAXIMUM TEMPERATURE (F)   82        96      2010
 MINIMUM TEMPERATURE (F)   59        44      1991


SUNRISE AND SUNSET
SEPTEMBER 22 2017.....SUNRISE   647 AM CDT   SUNSET   656 PM CDT
SEPTEMBER 23 2017.....SUNRISE   648 AM CDT   SUNSET   654 PM CDT


-  INDICATES NEGATIVE NUMBERS.
R  INDICATES RECORD WAS SET OR TIED.
MM INDICATES DATA IS MISSING.
T  INDICATES TRACE AMOUNT.




$$
