000
CDUS44 KMEG 160637
CLIMEG


CLIMATE REPORT
NATIONAL WEATHER SERVICE MEMPHIS TN
137 AM CDT TUE SEP 16 2014


...................................

...THE MEMPHIS/GERMANTOWN WFO CLIMATE SUMMARY FOR SEPTEMBER 15 2014...

CLIMATE NORMAL PERIOD 1981 TO 2010
CLIMATE RECORD PERIOD 1988 TO 2014


WEATHER ITEM   OBSERVED TIME   RECORD YEAR NORMAL DEPARTURE LAST
                VALUE   (LST)  VALUE       VALUE  FROM      YEAR
                                                  NORMAL
..................................................................
TEMPERATURE (F)
 YESTERDAY
  MAXIMUM         83        MM  96    2010  85     -2       88
  MINIMUM         61        MM  51    1996  62     -1       52
  AVERAGE         72                        73     -1       70

PRECIPITATION (IN)
  YESTERDAY        T             1.00 1989   0.11  -0.11     0.00
  MONTH TO DATE    5.08                      1.56   3.52     0.91
  SINCE SEP 1      5.08                      1.56   3.52     0.91
  SINCE JAN 1     48.04                     37.57  10.47    49.27

SNOWFALL (IN)
  YESTERDAY        0.0          MM      MM   0.0    0.0      0.0
  MONTH TO DATE    0.0                       0.0    0.0      0.0
  SINCE SEP 1      0.0                       0.0    0.0      0.0
  SINCE JUL 1      0.0                       0.0    0.0      0.0
  SNOW DEPTH       0

DEGREE DAYS
 HEATING
  YESTERDAY        0                         0      0        0
  MONTH TO DATE    5                         0      5        0
  SINCE SEP 1      5                         0      5        0
  SINCE JUL 1      5                         0      5        0

 COOLING
  YESTERDAY        7                         9     -2        5
  MONTH TO DATE  179                       164     15      204
  SINCE SEP 1    179                       164     15      204
  SINCE JAN 1   1760                      1759      1     1752
..................................................................







THE MEMPHIS/GERMANTOWN WFO CLIMATE NORMALS FOR TODAY
                         NORMAL    RECORD    YEAR
 MAXIMUM TEMPERATURE (F)   84        95      2006
 MINIMUM TEMPERATURE (F)   62        53      2008
                                             2007
                                             2003


SUNRISE AND SUNSET
SEPTEMBER 16 2014.....SUNRISE   643 AM CDT   SUNSET   705 PM CDT
SEPTEMBER 17 2014.....SUNRISE   643 AM CDT   SUNSET   703 PM CDT


-  INDICATES NEGATIVE NUMBERS.
R  INDICATES RECORD WAS SET OR TIED.
MM INDICATES DATA IS MISSING.
T  INDICATES TRACE AMOUNT.




$$
