569
CDUS44 KMEG 260638
CLIMEG


CLIMATE REPORT
NATIONAL WEATHER SERVICE MEMPHIS TN
137 AM CDT SUN MAR 26 2017


...................................

...THE MEMPHIS/GERMANTOWN WFO CLIMATE SUMMARY FOR MARCH 25 2017...

CLIMATE NORMAL PERIOD 1981 TO 2010
CLIMATE RECORD PERIOD 1988 TO 2017


WEATHER ITEM   OBSERVED TIME   RECORD YEAR NORMAL DEPARTURE LAST
                VALUE   (LST)  VALUE       VALUE  FROM      YEAR
                                                  NORMAL
..................................................................
TEMPERATURE (F)
 YESTERDAY
  MAXIMUM         69   1201 AM  86    2007  66      3       59
  MINIMUM         59    424 AM  28    2006  42     17       42
  AVERAGE         64                        54     10       51

PRECIPITATION (IN)
  YESTERDAY        0.35          1.85 1994   0.16   0.19     0.00
  MONTH TO DATE    3.83                      3.94  -0.11    13.60
  SINCE MAR 1      3.83                      3.94  -0.11    13.60
  SINCE JAN 1      9.04                     12.57  -3.53    22.55

SNOWFALL (IN)
  YESTERDAY        0.0           T    2013                   0.0
  MONTH TO DATE    0.4                                        T
  SINCE MAR 1      0.4                                        T
  SINCE JUL 1      1.4                                       0.9
  SNOW DEPTH       0

DEGREE DAYS
 HEATING
  YESTERDAY        1                        12    -11       14
  MONTH TO DATE  301                       372    -71      222
  SINCE MAR 1    301                       372    -71      222
  SINCE JUL 1   2142                      3118   -976     2309

 COOLING
  YESTERDAY        0                         1     -1        0
  MONTH TO DATE   16                         2     14        9
  SINCE MAR 1     16                         2     14        9
  SINCE JAN 1     30                         3     27        9
..................................................................







THE MEMPHIS/GERMANTOWN WFO CLIMATE NORMALS FOR TODAY
                         NORMAL    RECORD    YEAR
 MAXIMUM TEMPERATURE (F)   66        84      2007
 MINIMUM TEMPERATURE (F)   43        27      2014
                                             2006


SUNRISE AND SUNSET
MARCH 26 2017.........SUNRISE   654 AM CDT   SUNSET   716 PM CDT
MARCH 27 2017.........SUNRISE   653 AM CDT   SUNSET   717 PM CDT


-  INDICATES NEGATIVE NUMBERS.
R  INDICATES RECORD WAS SET OR TIED.
MM INDICATES DATA IS MISSING.
T  INDICATES TRACE AMOUNT.




$$
