000
CDUS44 KMEG 180622
CLIMEG


CLIMATE REPORT
NATIONAL WEATHER SERVICE MEMPHIS TN
121 AM CDT SAT MAR 18 2017


...................................

...THE MEMPHIS/GERMANTOWN WFO CLIMATE SUMMARY FOR MARCH 17 2017...

CLIMATE NORMAL PERIOD 1981 TO 2010
CLIMATE RECORD PERIOD 1988 TO 2017


WEATHER ITEM   OBSERVED TIME   RECORD YEAR NORMAL DEPARTURE LAST
                VALUE   (LST)  VALUE       VALUE  FROM      YEAR
                                                  NORMAL
..................................................................
TEMPERATURE (F)
 YESTERDAY
  MAXIMUM         69    142 PM  79    2012  63      6       71
  MINIMUM         47   1200 AM  30    1997  40      7       44
  AVERAGE         58                        52      6       58

PRECIPITATION (IN)
  YESTERDAY        0.01          0.53 1993   0.15  -0.14     0.00
  MONTH TO DATE    2.67                      2.64   0.03    13.32
  SINCE MAR 1      2.67                      2.64   0.03    13.32
  SINCE JAN 1      7.88                     11.27  -3.39    22.27

SNOWFALL (IN)
  YESTERDAY        0.0           T    2007                   0.0
  MONTH TO DATE    0.4                                       0.0
  SINCE MAR 1      0.4                                       0.0
  SINCE JUL 1      1.4                                       0.9
  SNOW DEPTH       0

DEGREE DAYS
 HEATING
  YESTERDAY        7                        14     -7        7
  MONTH TO DATE  278                       272      6      123
  SINCE MAR 1    278                       272      6      123
  SINCE JUL 1   2119                      3018   -899     2210

 COOLING
  YESTERDAY        0                         0      0        0
  MONTH TO DATE    0                         0      0        9
  SINCE MAR 1      0                         0      0        9
  SINCE JAN 1     14                         1     13        9
..................................................................







THE MEMPHIS/GERMANTOWN WFO CLIMATE NORMALS FOR TODAY
                         NORMAL    RECORD    YEAR
 MAXIMUM TEMPERATURE (F)   63        83      2012
 MINIMUM TEMPERATURE (F)   41        29      1993


SUNRISE AND SUNSET
MARCH 18 2017.........SUNRISE   705 AM CDT   SUNSET   710 PM CDT
MARCH 19 2017.........SUNRISE   704 AM CDT   SUNSET   710 PM CDT


-  INDICATES NEGATIVE NUMBERS.
R  INDICATES RECORD WAS SET OR TIED.
MM INDICATES DATA IS MISSING.
T  INDICATES TRACE AMOUNT.




$$
