000
CDUS44 KMEG 262246
CLIMEG


CLIMATE REPORT
NATIONAL WEATHER SERVICE MEMPHIS TN
446 PM CST WED NOV 26 2014


...................................

...THE MEMPHIS/GERMANTOWN WFO CLIMATE SUMMARY FOR NOVEMBER 26 2014...
VALID TODAY AS OF 0400 PM LOCAL TIME.

CLIMATE NORMAL PERIOD 1981 TO 2010
CLIMATE RECORD PERIOD 1988 TO 2014


WEATHER ITEM   OBSERVED TIME   RECORD YEAR NORMAL DEPARTURE LAST
                VALUE   (LST)  VALUE       VALUE  FROM      YEAR
                                                  NORMAL
..................................................................
TEMPERATURE (F)
 TODAY
  MAXIMUM         51    230 PM  74    2006  58     -7       41
  MINIMUM         28        MM  25    1991  37     -9       34
  AVERAGE         40                        48     -8       38

PRECIPITATION (IN)
  TODAY            0.02          0.90 2011   0.20  -0.18     0.08
  MONTH TO DATE    2.70                      4.52  -1.82     2.85
  SINCE SEP 1     12.19                     12.10   0.09    10.21
  SINCE JAN 1     55.15                     48.11   7.04    58.57

SNOWFALL (IN)
  TODAY            0.0

DEGREE DAYS
 HEATING
  TODAY           25                        18      7       27
  MONTH TO DATE  491                       341    150      405
  SINCE SEP 1    608                       525     83      545
  SINCE JUL 1    608                       525     83      545

 COOLING
  TODAY            0                         0      0        0
  MONTH TO DATE    0                         7     -7        2
  SINCE SEP 1    384                       329     55      416
  SINCE JAN 1   1965                      1924     41     1964
..................................................................







THE MEMPHIS/GERMANTOWN WFO CLIMATE NORMALS FOR TOMORROW
                         NORMAL    RECORD    YEAR
 MAXIMUM TEMPERATURE (F)   57        77      1989
 MINIMUM TEMPERATURE (F)   37        21      2013


SUNRISE AND SUNSET
NOVEMBER 26 2014......SUNRISE   645 AM CST   SUNSET   448 PM CST
NOVEMBER 27 2014......SUNRISE   645 AM CST   SUNSET   448 PM CST


-  INDICATES NEGATIVE NUMBERS.
R  INDICATES RECORD WAS SET OR TIED.
MM INDICATES DATA IS MISSING.
T  INDICATES TRACE AMOUNT.




$$
