000
CDUS44 KMEG 142149
CLIMEG


CLIMATE REPORT
NATIONAL WEATHER SERVICE MEMPHIS TN
449 PM CDT MON APR 14 2014


...................................

...THE MEMPHIS/GERMANTOWN WFO CLIMATE SUMMARY FOR APRIL 14 2014...
VALID TODAY AS OF 0400 PM LOCAL TIME.

CLIMATE NORMAL PERIOD 1981 TO 2010
CLIMATE RECORD PERIOD 1988 TO 2014


WEATHER ITEM   OBSERVED TIME   RECORD YEAR NORMAL DEPARTURE LAST
                VALUE   (LST)  VALUE       VALUE  FROM      YEAR
                                                  NORMAL
..................................................................
TEMPERATURE (F)
 TODAY
  MAXIMUM         65   1250 AM  86    2010  72     -7       70
                                      2003
  MINIMUM         49    350 PM  31    1997  48      1       51
  AVERAGE         57                        60     -3       61

PRECIPITATION (IN)
  TODAY            0.89          2.08 1991   0.18   0.71     0.00
  MONTH TO DATE    2.63                      2.36   0.27     3.18
  SINCE MAR 1      8.67                      7.31   1.36     6.42
  SINCE JAN 1     17.29                     15.94   1.35    21.11

SNOWFALL (IN)
  TODAY           MM

DEGREE DAYS
 HEATING
  TODAY            8                         7      1        4
  MONTH TO DATE   85                       117    -32      114
  SINCE MAR 1    607                       553     54      670
  SINCE JUL 1   3611                      3299    312     3090

 COOLING
  TODAY            0                         2     -2        0
  MONTH TO DATE   34                        18     16       28
  SINCE MAR 1     36                        29      7       29
  SINCE JAN 1     36                        30      6       35
..................................................................







THE MEMPHIS/GERMANTOWN WFO CLIMATE NORMALS FOR TOMORROW
                         NORMAL    RECORD    YEAR
 MAXIMUM TEMPERATURE (F)   72        86      2010
                                             2002
 MINIMUM TEMPERATURE (F)   49        31      2008
                                             1997


SUNRISE AND SUNSET
APRIL 14 2014.........SUNRISE   628 AM CDT   SUNSET   731 PM CDT
APRIL 15 2014.........SUNRISE   627 AM CDT   SUNSET   732 PM CDT


-  INDICATES NEGATIVE NUMBERS.
R  INDICATES RECORD WAS SET OR TIED.
MM INDICATES DATA IS MISSING.
T  INDICATES TRACE AMOUNT.




$$
