000
CDUS44 KMEG 192156
CLIMEG


CLIMATE REPORT
NATIONAL WEATHER SERVICE MEMPHIS TN
456 PM CDT SUN APR 19 2015


...................................

...THE MEMPHIS/GERMANTOWN WFO CLIMATE SUMMARY FOR APRIL 19 2015...
VALID TODAY AS OF 0400 PM LOCAL TIME.

CLIMATE NORMAL PERIOD 1981 TO 2010
CLIMATE RECORD PERIOD 1988 TO 2015


WEATHER ITEM   OBSERVED TIME   RECORD YEAR NORMAL DEPARTURE LAST
                VALUE   (LST)  VALUE       VALUE  FROM      YEAR
                                                  NORMAL
..................................................................
TEMPERATURE (F)
 TODAY
  MAXIMUM         78    355 PM  91    2006  73      5       79
  MINIMUM         64    555 AM  36    1997  50     14       49
  AVERAGE         71                        62      9       64

PRECIPITATION (IN)
  TODAY            0.20          1.91 1991   0.19   0.01     0.00
  MONTH TO DATE    2.10                      3.26  -1.16     2.89
  SINCE MAR 1      8.76                      8.21   0.55     8.93
  SINCE JAN 1     14.84                     16.84  -2.00    17.55

SNOWFALL (IN)
  TODAY            0.0

DEGREE DAYS
 HEATING
  TODAY            0                         5     -5        1
  MONTH TO DATE   48                       146    -98      140
  SINCE MAR 1    469                       582   -113      662
  SINCE JUL 1   3376                      3328     48     3666

 COOLING
  TODAY            6                         2      4        0
  MONTH TO DATE   71                        28     43       34
  SINCE MAR 1     74                        39     35       36
  SINCE JAN 1     74                        40     34       36
..................................................................







THE MEMPHIS/GERMANTOWN WFO CLIMATE NORMALS FOR TOMORROW
                         NORMAL    RECORD    YEAR
 MAXIMUM TEMPERATURE (F)   73        87      2002
 MINIMUM TEMPERATURE (F)   50        37      2013


SUNRISE AND SUNSET
APRIL 19 2015.........SUNRISE   622 AM CDT   SUNSET   735 PM CDT
APRIL 20 2015.........SUNRISE   621 AM CDT   SUNSET   736 PM CDT


-  INDICATES NEGATIVE NUMBERS.
R  INDICATES RECORD WAS SET OR TIED.
MM INDICATES DATA IS MISSING.
T  INDICATES TRACE AMOUNT.




$$
