000
CDUS44 KMEG 100746
CLIMEG


CLIMATE REPORT
NATIONAL WEATHER SERVICE MEMPHIS TN
146 AM CST WED JAN 10 2018


...................................

...THE MEMPHIS/GERMANTOWN WFO CLIMATE SUMMARY FOR JANUARY 9 2018...

CLIMATE NORMAL PERIOD 1981 TO 2010
CLIMATE RECORD PERIOD 1988 TO 2018


WEATHER ITEM   OBSERVED TIME   RECORD YEAR NORMAL DEPARTURE LAST
                VALUE   (LST)  VALUE       VALUE  FROM      YEAR
                                                  NORMAL
..................................................................
TEMPERATURE (F)
 YESTERDAY
  MAXIMUM         48    404 PM  66    2009  48      0       50
  MINIMUM         41    916 AM  10    1996  30     11       23
  AVERAGE         45                        39      6       37

PRECIPITATION (IN)
  YESTERDAY        0.01          1.49 2016   0.12  -0.11     0.00
  MONTH TO DATE    0.56                      1.19  -0.63     0.88
  SINCE DEC 1      7.52                      7.13   0.39     8.19
  SINCE JAN 1      0.56                      1.19  -0.63     0.88

SNOWFALL (IN)
  YESTERDAY        0.0           T    2016                   0.0
                                      2014
                                      2010
  MONTH TO DATE    T                                         1.0
  SINCE DEC 1      T                                         1.0
  SINCE JUL 1      T                                         1.0
  SNOW DEPTH       0

DEGREE DAYS
 HEATING
  YESTERDAY       20                        26     -6       28
  MONTH TO DATE  321                       234     87      259
  SINCE DEC 1   1039                       959     80      934
  SINCE JUL 1   1544                      1558    -14     1256

 COOLING
  YESTERDAY        0                         0      0        0
  MONTH TO DATE    0                         0      0        0
  SINCE DEC 1      0                         1     -1        5
  SINCE JAN 1      0                         0      0        0
..................................................................







THE MEMPHIS/GERMANTOWN WFO CLIMATE NORMALS FOR TODAY
                         NORMAL    RECORD    YEAR
 MAXIMUM TEMPERATURE (F)   48        68      2013
                                             2008
 MINIMUM TEMPERATURE (F)   29         8      2010


SUNRISE AND SUNSET
JANUARY 10 2018.......SUNRISE   708 AM CST   SUNSET   506 PM CST
JANUARY 11 2018.......SUNRISE   708 AM CST   SUNSET   507 PM CST


-  INDICATES NEGATIVE NUMBERS.
R  INDICATES RECORD WAS SET OR TIED.
MM INDICATES DATA IS MISSING.
T  INDICATES TRACE AMOUNT.




$$
