000
CDUS44 KMEG 220636
CLIMEG


CLIMATE REPORT
NATIONAL WEATHER SERVICE MEMPHIS TN
136 AM CDT TUE JUL 22 2014


...................................

...THE MEMPHIS/GERMANTOWN WFO CLIMATE SUMMARY FOR JULY 21 2014...

CLIMATE NORMAL PERIOD 1981 TO 2010
CLIMATE RECORD PERIOD 1988 TO 2014


WEATHER ITEM   OBSERVED TIME   RECORD YEAR NORMAL DEPARTURE LAST
                VALUE   (LST)  VALUE       VALUE  FROM      YEAR
                                                  NORMAL
..................................................................
TEMPERATURE (F)
 YESTERDAY
  MAXIMUM         88    353 PM 102    2006  91     -3       92
  MINIMUM         64R   255 AM  65    2000  71     -7       74
  AVERAGE         76                        81     -5       83

PRECIPITATION (IN)
  YESTERDAY        0.00          2.48 2009   0.15  -0.15     0.00
  MONTH TO DATE    2.95                      3.09  -0.14     2.73
  SINCE JUN 1     16.04                      6.77   9.27     6.60
  SINCE JAN 1     41.62                     31.26  10.36    42.94

SNOWFALL (IN)
  YESTERDAY        0.0          MM      MM   0.0    0.0      0.0
  MONTH TO DATE    0.0                       0.0    0.0      0.0
  SINCE JUN 1      0.0                       0.0    0.0      0.0
  SINCE JUL 1      0.0                       0.0    0.0      0.0
  SNOW DEPTH       0

DEGREE DAYS
 HEATING
  YESTERDAY        0                         0      0        0
  MONTH TO DATE    0                         0      0        0
  SINCE JUN 1      0                         2     -2        0
  SINCE JUL 1      0                         0      0        0

 COOLING
  YESTERDAY       11                        16     -5       18
  MONTH TO DATE  233                       334   -101      309
  SINCE JUN 1    650                       715    -65      717
  SINCE JAN 1    949                       966    -17      977
..................................................................







THE MEMPHIS/GERMANTOWN WFO CLIMATE NORMALS FOR TODAY
                         NORMAL    RECORD    YEAR
 MAXIMUM TEMPERATURE (F)   91        97      2008
 MINIMUM TEMPERATURE (F)   71        63      2007


SUNRISE AND SUNSET
JULY 22 2014..........SUNRISE   601 AM CDT   SUNSET   810 PM CDT
JULY 23 2014..........SUNRISE   602 AM CDT   SUNSET   809 PM CDT


-  INDICATES NEGATIVE NUMBERS.
R  INDICATES RECORD WAS SET OR TIED.
MM INDICATES DATA IS MISSING.
T  INDICATES TRACE AMOUNT.




$$
