000
CDUS44 KMEG 210738
CLIMEG


CLIMATE REPORT
NATIONAL WEATHER SERVICE MEMPHIS TN
137 AM CST TUE FEB 21 2017


...................................

...THE MEMPHIS/GERMANTOWN WFO CLIMATE SUMMARY FOR FEBRUARY 20 2017...

CLIMATE NORMAL PERIOD 1981 TO 2010
CLIMATE RECORD PERIOD 1988 TO 2017


WEATHER ITEM   OBSERVED TIME   RECORD YEAR NORMAL DEPARTURE LAST
                VALUE   (LST)  VALUE       VALUE  FROM      YEAR
                                                  NORMAL
..................................................................
TEMPERATURE (F)
 YESTERDAY
  MAXIMUM         80R   136 PM  75    2011  55     25       68
  MINIMUM         53    312 AM  19    1993  34     19       62
  AVERAGE         67                        44     23       65

PRECIPITATION (IN)
  YESTERDAY        0.00          1.71 1996   0.17  -0.17     0.00
  MONTH TO DATE    1.14                      3.30  -2.16     3.85
  SINCE DEC 1     12.11                     13.20  -1.09    12.14
  SINCE JAN 1      4.80                      7.26  -2.46     6.59

SNOWFALL (IN)
  YESTERDAY        0.0           T    2015                   0.0
                                      2013
  MONTH TO DATE    0.0                                        T
  SINCE DEC 1      1.0                                       0.9
  SINCE JUL 1      1.0                                       0.9
  SNOW DEPTH       0

DEGREE DAYS
 HEATING
  YESTERDAY        0                        21    -21        0
  MONTH TO DATE  256                       461   -205      396
  SINCE DEC 1   1463                      1991   -528     1569
  SINCE JUL 1   1785                      2590   -805     1950

 COOLING
  YESTERDAY        2                         0      2        0
  MONTH TO DATE    9                         0      9        0
  SINCE DEC 1     14                         1     13       13
  SINCE JAN 1      9                         0      9        0
..................................................................







THE MEMPHIS/GERMANTOWN WFO CLIMATE NORMALS FOR TODAY
                         NORMAL    RECORD    YEAR
 MAXIMUM TEMPERATURE (F)   55        75      1997
 MINIMUM TEMPERATURE (F)   34        21      2006


SUNRISE AND SUNSET
FEBRUARY 21 2017......SUNRISE   638 AM CST   SUNSET   548 PM CST
FEBRUARY 22 2017......SUNRISE   637 AM CST   SUNSET   549 PM CST


-  INDICATES NEGATIVE NUMBERS.
R  INDICATES RECORD WAS SET OR TIED.
MM INDICATES DATA IS MISSING.
T  INDICATES TRACE AMOUNT.


$$
