000
CDUS44 KMEG 262145
CLIMEG


CLIMATE REPORT
NATIONAL WEATHER SERVICE MEMPHIS TN
444 PM CDT SUN OCT 26 2014


...................................

...THE MEMPHIS/GERMANTOWN WFO CLIMATE SUMMARY FOR OCTOBER 26 2014...
VALID TODAY AS OF 0400 PM LOCAL TIME.

CLIMATE NORMAL PERIOD 1981 TO 2010
CLIMATE RECORD PERIOD 1988 TO 2014


WEATHER ITEM   OBSERVED TIME   RECORD YEAR NORMAL DEPARTURE LAST
                VALUE   (LST)  VALUE       VALUE  FROM      YEAR
                                                  NORMAL
..................................................................
TEMPERATURE (F)
 TODAY
  MAXIMUM         86R   300 PM  86    2004  71     15       66
  MINIMUM         58    700 AM  32    2005  47     11       36
  AVERAGE         72                        59     13       51

PRECIPITATION (IN)
  TODAY            0.00          1.36 1997   0.13  -0.13     0.00
  MONTH TO DATE    3.73                      3.60   0.13     2.05
  SINCE SEP 1      8.82                      6.88   1.94     5.75
  SINCE JAN 1     51.78                     42.89   8.89    54.11

SNOWFALL (IN)
  TODAY            0.0

DEGREE DAYS
 HEATING
  TODAY            0                         8     -8       14
  MONTH TO DATE   77                       124    -47      133
  SINCE SEP 1     82                       142    -60      133
  SINCE JUL 1     82                       142    -60      133

 COOLING
  TODAY            7                         1      6        0
  MONTH TO DATE   89                        58     31       88
  SINCE SEP 1    376                       315     61      411
  SINCE JAN 1   1957                      1910     47     1959
..................................................................







THE MEMPHIS/GERMANTOWN WFO CLIMATE NORMALS FOR TOMORROW
                         NORMAL    RECORD    YEAR
 MAXIMUM TEMPERATURE (F)   70        84      2000
 MINIMUM TEMPERATURE (F)   46        32      2001


SUNRISE AND SUNSET
OCTOBER 26 2014.......SUNRISE   715 AM CDT   SUNSET   611 PM CDT
OCTOBER 27 2014.......SUNRISE   716 AM CDT   SUNSET   610 PM CDT


-  INDICATES NEGATIVE NUMBERS.
R  INDICATES RECORD WAS SET OR TIED.
MM INDICATES DATA IS MISSING.
T  INDICATES TRACE AMOUNT.




$$
