000
CDUS44 KMEG 120633
CLIMEG


CLIMATE REPORT
NATIONAL WEATHER SERVICE MEMPHIS TN
132 AM CDT TUE SEP 12 2017


...................................

...THE MEMPHIS/GERMANTOWN WFO CLIMATE SUMMARY FOR SEPTEMBER 11 2017...

CLIMATE NORMAL PERIOD 1981 TO 2010
CLIMATE RECORD PERIOD 1988 TO 2017


WEATHER ITEM   OBSERVED TIME   RECORD YEAR NORMAL DEPARTURE LAST
                VALUE   (LST)  VALUE       VALUE  FROM      YEAR
                                                  NORMAL
..................................................................
TEMPERATURE (F)
 YESTERDAY
  MAXIMUM         77        MM  94    2013  86     -9       85
                                      2006
  MINIMUM         58        MM  52    1993  64     -6       61
  AVERAGE         68                        75     -7       73

PRECIPITATION (IN)
  YESTERDAY        T             4.88 2014   0.11  -0.11     0.00
  MONTH TO DATE    0.12                      1.10  -0.98     0.22
  SINCE SEP 1      0.12                      1.10  -0.98     0.22
  SINCE JAN 1     39.31                     37.11   2.20    51.46

SNOWFALL (IN)
  YESTERDAY        0.0          MM      MM                   0.0
  MONTH TO DATE    0.0                                       0.0
  SINCE SEP 1      0.0                                       0.0
  SINCE JUL 1      0.0                                       0.0
  SNOW DEPTH       0

DEGREE DAYS
 HEATING
  YESTERDAY        0                         0      0        0
  MONTH TO DATE    0                         0      0        0
  SINCE SEP 1      0                         0      0        0
  SINCE JUL 1      0                         0      0        0

 COOLING
  YESTERDAY        3                        10     -7        8
  MONTH TO DATE   57                       127    -70      166
  SINCE SEP 1     57                       127    -70      166
  SINCE JAN 1   1749                      1722     27     2002
..................................................................







THE MEMPHIS/GERMANTOWN WFO CLIMATE NORMALS FOR TODAY
                         NORMAL    RECORD    YEAR
 MAXIMUM TEMPERATURE (F)   86        93      2013
 MINIMUM TEMPERATURE (F)   63        51      1992


SUNRISE AND SUNSET
SEPTEMBER 12 2017.....SUNRISE   640 AM CDT   SUNSET   710 PM CDT
SEPTEMBER 13 2017.....SUNRISE   641 AM CDT   SUNSET   709 PM CDT


-  INDICATES NEGATIVE NUMBERS.
R  INDICATES RECORD WAS SET OR TIED.
MM INDICATES DATA IS MISSING.
T  INDICATES TRACE AMOUNT.




$$
