000
CDUS44 KMEG 242147
CLIMEG


CLIMATE REPORT
NATIONAL WEATHER SERVICE MEMPHIS TN
447 PM CDT TUE MAR 24 2015


...................................

...THE MEMPHIS/GERMANTOWN WFO CLIMATE SUMMARY FOR MARCH 24 2015...
VALID TODAY AS OF 0400 PM LOCAL TIME.

CLIMATE NORMAL PERIOD 1981 TO 2010
CLIMATE RECORD PERIOD 1988 TO 2015


WEATHER ITEM   OBSERVED TIME   RECORD YEAR NORMAL DEPARTURE LAST
                VALUE   (LST)  VALUE       VALUE  FROM      YEAR
                                                  NORMAL
..................................................................
TEMPERATURE (F)
 TODAY
  MAXIMUM         79    350 PM  86    2007  65     14       55
  MINIMUM         47    350 AM  29    2008  42      5       31
                                      2006
  AVERAGE         63                        54      9       43

PRECIPITATION (IN)
  TODAY            0.00          2.07 2009   0.16  -0.16     0.00
  MONTH TO DATE    5.61                      3.78   1.83     3.68
  SINCE MAR 1      5.61                      3.78   1.83     3.68
  SINCE JAN 1     11.69                     12.41  -0.72    12.30

SNOWFALL (IN)
  TODAY            0.0

DEGREE DAYS
 HEATING
  TODAY            2                        12    -10       22
  MONTH TO DATE  340                       360    -20      436
  SINCE MAR 1    340                       360    -20      436
  SINCE JUL 1   3247                      3106    141     3440

 COOLING
  TODAY            0                         1     -1        0
  MONTH TO DATE    0                         1     -1        0
  SINCE MAR 1      0                         1     -1        0
  SINCE JAN 1      0                         2     -2        0
..................................................................







THE MEMPHIS/GERMANTOWN WFO CLIMATE NORMALS FOR TOMORROW
                         NORMAL    RECORD    YEAR
 MAXIMUM TEMPERATURE (F)   66        86      2007
 MINIMUM TEMPERATURE (F)   42        28      2006


SUNRISE AND SUNSET
MARCH 24 2015.........SUNRISE   658 AM CDT   SUNSET   714 PM CDT
MARCH 25 2015.........SUNRISE   656 AM CDT   SUNSET   715 PM CDT


-  INDICATES NEGATIVE NUMBERS.
R  INDICATES RECORD WAS SET OR TIED.
MM INDICATES DATA IS MISSING.
T  INDICATES TRACE AMOUNT.




$$
