000
CDUS44 KMEG 110735
CLIMEG


CLIMATE REPORT
NATIONAL WEATHER SERVICE MEMPHIS TN
135 AM CST SAT NOV 11 2017


...................................

...THE MEMPHIS/GERMANTOWN WFO CLIMATE SUMMARY FOR NOVEMBER 10 2017...

CLIMATE NORMAL PERIOD 1981 TO 2010
CLIMATE RECORD PERIOD 1988 TO 2017


WEATHER ITEM   OBSERVED TIME   RECORD YEAR NORMAL DEPARTURE LAST
                VALUE   (LST)  VALUE       VALUE  FROM      YEAR
                                                  NORMAL
..................................................................
TEMPERATURE (F)
 YESTERDAY
  MAXIMUM         56    313 PM  83    2002  65     -9       69
  MINIMUM         37    307 AM  19    1991  42     -5       38
  AVERAGE         47                        54     -7       54

PRECIPITATION (IN)
  YESTERDAY        0.00          1.91 1987   0.17  -0.17     0.00
  MONTH TO DATE    1.43                      1.57  -0.14     0.32
  SINCE SEP 1      6.41                      9.15  -2.74     2.52
  SINCE JAN 1     45.60                     45.16   0.44    53.76

SNOWFALL (IN)
  YESTERDAY        0.0          MM      MM                   0.0
  MONTH TO DATE    0.0                                       0.0
  SINCE SEP 1      0.0                                       0.0
  SINCE JUL 1      0.0                                       0.0
  SNOW DEPTH       0

DEGREE DAYS
 HEATING
  YESTERDAY       18                        12      6       11
  MONTH TO DATE   71                       105    -34       42
  SINCE SEP 1    225                       289    -64       71
  SINCE JUL 1    225                       289    -64       71

 COOLING
  YESTERDAY        0                         0      0        0
  MONTH TO DATE   18                         7     11       23
  SINCE SEP 1    432                       329    103      584
  SINCE JAN 1   2124                      1924    200     2420
..................................................................







THE MEMPHIS/GERMANTOWN WFO CLIMATE NORMALS FOR TODAY
                         NORMAL    RECORD    YEAR
 MAXIMUM TEMPERATURE (F)   64        81      1989
 MINIMUM TEMPERATURE (F)   42        23      1991


SUNRISE AND SUNSET
NOVEMBER 11 2017......SUNRISE   630 AM CST   SUNSET   456 PM CST
NOVEMBER 12 2017......SUNRISE   631 AM CST   SUNSET   455 PM CST


-  INDICATES NEGATIVE NUMBERS.
R  INDICATES RECORD WAS SET OR TIED.
MM INDICATES DATA IS MISSING.
T  INDICATES TRACE AMOUNT.




$$
