000
CDUS44 KMEG 202158
CLIMEG


CLIMATE REPORT
NATIONAL WEATHER SERVICE MEMPHIS TN
457 PM CDT WED JUL 20 2016


...................................

...THE MEMPHIS/GERMANTOWN WFO CLIMATE SUMMARY FOR JULY 20 2016...
VALID TODAY AS OF 0400 PM LOCAL TIME.

CLIMATE NORMAL PERIOD 1981 TO 2010
CLIMATE RECORD PERIOD 1988 TO 2016


WEATHER ITEM   OBSERVED TIME   RECORD YEAR NORMAL DEPARTURE LAST
                VALUE   (LST)  VALUE       VALUE  FROM      YEAR
                                                  NORMAL
..................................................................
TEMPERATURE (F)
 TODAY
  MAXIMUM         95    300 PM 100    2006  91      4       97
  MINIMUM         76    600 AM  62    2009  71      5       77
  AVERAGE         86                        81      5       87

PRECIPITATION (IN)
  TODAY            T             1.11 2000   0.15  -0.15     0.00
  MONTH TO DATE    2.96                      2.94   0.02     2.32
  SINCE JUN 1      7.07                      6.62   0.45     5.26
  SINCE JAN 1     43.52                     31.11  12.41    26.94

SNOWFALL (IN)
  TODAY            0.0

DEGREE DAYS
 HEATING
  TODAY            0                         0      0        0
  MONTH TO DATE    0                         0      0        0
  SINCE JUN 1      0                         2     -2        0
  SINCE JUL 1      0                         0      0        0

 COOLING
  TODAY           21                        16      5       22
  MONTH TO DATE  366                       318     48      360
  SINCE JUN 1    841                       699    142      812
  SINCE JAN 1   1086                       950    136     1112
..................................................................







THE MEMPHIS/GERMANTOWN WFO CLIMATE NORMALS FOR TOMORROW
                         NORMAL    RECORD    YEAR
 MAXIMUM TEMPERATURE (F)   91       102      2006
 MINIMUM TEMPERATURE (F)   71        64      2014


SUNRISE AND SUNSET
JULY 20 2016..........SUNRISE   600 AM CDT   SUNSET   811 PM CDT
JULY 21 2016..........SUNRISE   601 AM CDT   SUNSET   810 PM CDT


-  INDICATES NEGATIVE NUMBERS.
R  INDICATES RECORD WAS SET OR TIED.
MM INDICATES DATA IS MISSING.
T  INDICATES TRACE AMOUNT.




$$
