000
CDUS44 KMEG 210637
CLIMEG


CLIMATE REPORT
NATIONAL WEATHER SERVICE MEMPHIS TN
136 AM CDT SUN MAY 21 2017


...................................

...THE MEMPHIS/GERMANTOWN WFO CLIMATE SUMMARY FOR MAY 20 2017...

CLIMATE NORMAL PERIOD 1981 TO 2010
CLIMATE RECORD PERIOD 1988 TO 2017


WEATHER ITEM   OBSERVED TIME   RECORD YEAR NORMAL DEPARTURE LAST
                VALUE   (LST)  VALUE       VALUE  FROM      YEAR
                                                  NORMAL
..................................................................
TEMPERATURE (F)
 YESTERDAY
  MAXIMUM         MM        MM  93    1998  82     MM       74
  MINIMUM         MM        MM  46    2002  60     MM       59
  AVERAGE         MM                        71     MM       67

PRECIPITATION (IN)
  YESTERDAY       MM             2.38 1990   0.17  MM        0.69
  MONTH TO DATE    1.77                      3.92  -2.15     2.69
  SINCE MAR 1     12.06                     14.19  -2.13    25.46
  SINCE JAN 1     17.27                     22.82  -5.55    34.41

SNOWFALL (IN)
  YESTERDAY       MM            MM      MM                   0.0
  MONTH TO DATE    0.0                                       0.0
  SINCE MAR 1      0.4                                        T
  SINCE JUL 1      1.4                                       0.9
  SNOW DEPTH      MM

DEGREE DAYS
 HEATING
  YESTERDAY       MM                         1     MM        0
  MONTH TO DATE   25                        34     -9       38
  SINCE MAR 1    394                       661   -267      398
  SINCE JUL 1   2235                      3407  -1172     2485

 COOLING
  YESTERDAY       MM                         7     MM        2
  MONTH TO DATE   61                        96    -35       63
  SINCE MAR 1    207                       161     46      136
  SINCE JAN 1    221                       162     59      136
..................................................................







THE MEMPHIS/GERMANTOWN WFO CLIMATE NORMALS FOR TODAY
                         NORMAL    RECORD    YEAR
 MAXIMUM TEMPERATURE (F)   82        92      1998
 MINIMUM TEMPERATURE (F)   61        46      2002


SUNRISE AND SUNSET
MAY 21 2017...........SUNRISE   551 AM CDT   SUNSET   801 PM CDT
MAY 22 2017...........SUNRISE   550 AM CDT   SUNSET   802 PM CDT


-  INDICATES NEGATIVE NUMBERS.
R  INDICATES RECORD WAS SET OR TIED.
MM INDICATES DATA IS MISSING.
T  INDICATES TRACE AMOUNT.




$$
