000
CDUS44 KMEG 210637
CLIMEG


CLIMATE REPORT
NATIONAL WEATHER SERVICE MEMPHIS TN
136 AM CDT TUE OCT 21 2014


...................................

...THE MEMPHIS/GERMANTOWN WFO CLIMATE SUMMARY FOR OCTOBER 20 2014...

CLIMATE NORMAL PERIOD 1981 TO 2010
CLIMATE RECORD PERIOD 1988 TO 2014


WEATHER ITEM   OBSERVED TIME   RECORD YEAR NORMAL DEPARTURE LAST
                VALUE   (LST)  VALUE       VALUE  FROM      YEAR
                                                  NORMAL
..................................................................
TEMPERATURE (F)
 YESTERDAY
  MAXIMUM         72    400 PM  84    2003  73     -1       69
  MINIMUM         45    300 AM  33    1989  48     -3       40
  AVERAGE         59                        60     -1       55

PRECIPITATION (IN)
  YESTERDAY        0.00          0.52 1993   0.15  -0.15     0.00
  MONTH TO DATE    3.73                      2.73   1.00     1.98
  SINCE SEP 1      8.82                      6.01   2.81     5.68
  SINCE JAN 1     51.78                     42.02   9.76    54.04

SNOWFALL (IN)
  YESTERDAY        0.0          MM      MM   0.0    0.0      0.0
  MONTH TO DATE    0.0                       0.0    0.0      0.0
  SINCE SEP 1      0.0                       0.0    0.0      0.0
  SINCE JUL 1      0.0                       0.0    0.0      0.0
  SNOW DEPTH       0

DEGREE DAYS
 HEATING
  YESTERDAY        6                         6      0       10
  MONTH TO DATE   50                        82    -32       58
  SINCE SEP 1     55                       100    -45       58
  SINCE JUL 1     55                       100    -45       58

 COOLING
  YESTERDAY        0                         1     -1        0
  MONTH TO DATE   79                        52     27       88
  SINCE SEP 1    366                       309     57      411
  SINCE JAN 1   1947                      1904     43     1959
..................................................................







THE MEMPHIS/GERMANTOWN WFO CLIMATE NORMALS FOR TODAY
                         NORMAL    RECORD    YEAR
 MAXIMUM TEMPERATURE (F)   72        83      2003
 MINIMUM TEMPERATURE (F)   48        33      1989


SUNRISE AND SUNSET
OCTOBER 21 2014.......SUNRISE   710 AM CDT   SUNSET   617 PM CDT
OCTOBER 22 2014.......SUNRISE   711 AM CDT   SUNSET   616 PM CDT


-  INDICATES NEGATIVE NUMBERS.
R  INDICATES RECORD WAS SET OR TIED.
MM INDICATES DATA IS MISSING.
T  INDICATES TRACE AMOUNT.




$$
