000
CDUS44 KMEG 220639
CLIMEG


CLIMATE REPORT
NATIONAL WEATHER SERVICE MEMPHIS TN
138 AM CDT WED JUN 22 2016


...................................

...THE MEMPHIS/GERMANTOWN WFO CLIMATE SUMMARY FOR JUNE 21 2016...

CLIMATE NORMAL PERIOD 1981 TO 2010
CLIMATE RECORD PERIOD 1988 TO 2016


WEATHER ITEM   OBSERVED TIME   RECORD YEAR NORMAL DEPARTURE LAST
                VALUE   (LST)  VALUE       VALUE  FROM      YEAR
                                                  NORMAL
..................................................................
TEMPERATURE (F)
 YESTERDAY
  MAXIMUM         93    100 PM  99    2010  89      4       90
  MINIMUM         74    630 AM  56    2003  69      5       76
  AVERAGE         84                        79      5       83

PRECIPITATION (IN)
  YESTERDAY       MM             2.01 1993   0.12  MM        0.00
  MONTH TO DATE    2.83                      2.54   0.29     1.09
  SINCE JUN 1      2.83                      2.54   0.29     1.09
  SINCE JAN 1     39.28                     27.03  12.25    22.77

SNOWFALL (IN)
  YESTERDAY        0.0          MM      MM   0.0    0.0      0.0
  MONTH TO DATE    0.0                       0.0    0.0      0.0
  SINCE JUN 1      0.0                       0.0    0.0      0.0
  SINCE JUL 1      0.9                       2.4   -1.5      6.3
  SNOW DEPTH       0

DEGREE DAYS
 HEATING
  YESTERDAY        0                         0      0        0
  MONTH TO DATE    0                         0      0        0
  SINCE JUN 1      0                         0      0        0
  SINCE JUL 1   2485                      3412   -927     3459

 COOLING
  YESTERDAY       19                        14      5       18
  MONTH TO DATE  311                       248     63      307
  SINCE JUN 1    311                       248     63      307
  SINCE JAN 1    556                       499     57      607
..................................................................







THE MEMPHIS/GERMANTOWN WFO CLIMATE NORMALS FOR TODAY
                         NORMAL    RECORD    YEAR
 MAXIMUM TEMPERATURE (F)   89        99      2010
 MINIMUM TEMPERATURE (F)   69        49      1992


SUNRISE AND SUNSET
JUNE 22 2016..........SUNRISE   546 AM CDT   SUNSET   817 PM CDT
JUNE 23 2016..........SUNRISE   546 AM CDT   SUNSET   817 PM CDT


-  INDICATES NEGATIVE NUMBERS.
R  INDICATES RECORD WAS SET OR TIED.
MM INDICATES DATA IS MISSING.
T  INDICATES TRACE AMOUNT.




$$
