000
CDUS44 KMEG 190635
CLIMEG


CLIMATE REPORT
NATIONAL WEATHER SERVICE MEMPHIS TN
134 AM CDT WED JUL 19 2017


...................................

...THE MEMPHIS/GERMANTOWN WFO CLIMATE SUMMARY FOR JULY 18 2017...

CLIMATE NORMAL PERIOD 1981 TO 2010
CLIMATE RECORD PERIOD 1988 TO 2017


WEATHER ITEM   OBSERVED TIME   RECORD YEAR NORMAL DEPARTURE LAST
                VALUE   (LST)  VALUE       VALUE  FROM      YEAR
                                                  NORMAL
..................................................................
TEMPERATURE (F)
 YESTERDAY
  MAXIMUM         96    435 PM  99    2006  91      5       96
  MINIMUM         70    503 AM  60    2009  71     -1       75
  AVERAGE         83                        81      2       86

PRECIPITATION (IN)
  YESTERDAY        0.00          1.85 2013   0.15  -0.15      T
  MONTH TO DATE    3.97                      2.64   1.33     2.96
  SINCE JUN 1      8.05                      6.32   1.73     7.07
  SINCE JAN 1     28.96                     30.81  -1.85    43.52

SNOWFALL (IN)
  YESTERDAY        0.0          MM      MM                   0.0
  MONTH TO DATE    0.0                                       0.0
  SINCE JUN 1      0.0                                       0.0
  SINCE JUL 1      0.0                                       0.0
  SNOW DEPTH       0

DEGREE DAYS
 HEATING
  YESTERDAY        0                         0      0        0
  MONTH TO DATE    0                         0      0        0
  SINCE JUN 1      0                         2     -2        0
  SINCE JUL 1      0                         0      0        0

 COOLING
  YESTERDAY       18                        16      2       21
  MONTH TO DATE  299                       286     13      324
  SINCE JUN 1    684                       667     17      799
  SINCE JAN 1   1029                       918    111     1044
..................................................................







THE MEMPHIS/GERMANTOWN WFO CLIMATE NORMALS FOR TODAY
                         NORMAL    RECORD    YEAR
 MAXIMUM TEMPERATURE (F)   91       101      2006
 MINIMUM TEMPERATURE (F)   71        60      2009


SUNRISE AND SUNSET
JULY 19 2017..........SUNRISE   559 AM CDT   SUNSET   812 PM CDT
JULY 20 2017..........SUNRISE   600 AM CDT   SUNSET   811 PM CDT


-  INDICATES NEGATIVE NUMBERS.
R  INDICATES RECORD WAS SET OR TIED.
MM INDICATES DATA IS MISSING.
T  INDICATES TRACE AMOUNT.




$$
