000
CDUS44 KMEG 050741
CLIMEG


CLIMATE REPORT
NATIONAL WEATHER SERVICE MEMPHIS TN
141 AM CST THU MAR 5 2015


...................................

...THE MEMPHIS/GERMANTOWN WFO CLIMATE SUMMARY FOR MARCH 4 2015...

CLIMATE NORMAL PERIOD 1981 TO 2010
CLIMATE RECORD PERIOD 1988 TO 2015


WEATHER ITEM   OBSERVED TIME   RECORD YEAR NORMAL DEPARTURE LAST
                VALUE   (LST)  VALUE       VALUE  FROM      YEAR
                                                  NORMAL
..................................................................
TEMPERATURE (F)
 YESTERDAY
  MAXIMUM         64    100 AM  74    2004  59      5       28
  MINIMUM         23   1150 PM  17    2014  37    -14       17
                                      2002
  AVERAGE         44                        48     -4       23

PRECIPITATION (IN)
  YESTERDAY        1.58R         0.34 2001   0.15   1.43     0.00
  MONTH TO DATE    2.17                      0.62   1.55     2.91
  SINCE MAR 1      2.17                      0.62   1.55     2.91
  SINCE JAN 1      8.25                      9.25  -1.00    11.53

SNOWFALL (IN)
  YESTERDAY        0.5 R         T    2008   0.1    0.4      0.0
  MONTH TO DATE    0.5                       0.2    0.3      0.3
  SINCE MAR 1      0.5                       0.2    0.3      0.3
  SINCE JUL 1      2.7                       1.8    0.9      0.8
  SNOW DEPTH       1

DEGREE DAYS
 HEATING
  YESTERDAY       21                        17      4       42
  MONTH TO DATE   85                        71     14      107
  SINCE MAR 1     85                        71     14      107
  SINCE JUL 1   2992                      2817    175     3111

 COOLING
  YESTERDAY        0                         0      0        0
  MONTH TO DATE    0                         0      0        0
  SINCE MAR 1      0                         0      0        0
  SINCE JAN 1      0                         1     -1        0
..................................................................







THE MEMPHIS/GERMANTOWN WFO CLIMATE NORMALS FOR TODAY
                         NORMAL    RECORD    YEAR
 MAXIMUM TEMPERATURE (F)   59        77      1992
 MINIMUM TEMPERATURE (F)   37        26      2008


SUNRISE AND SUNSET
MARCH  5 2015.........SUNRISE   624 AM CST   SUNSET   558 PM CST
MARCH  6 2015.........SUNRISE   622 AM CST   SUNSET   559 PM CST


-  INDICATES NEGATIVE NUMBERS.
R  INDICATES RECORD WAS SET OR TIED.
MM INDICATES DATA IS MISSING.
T  INDICATES TRACE AMOUNT.




$$
