000
CDUS44 KMEG 260632
CLIMEG


CLIMATE REPORT
NATIONAL WEATHER SERVICE MEMPHIS TN
132 AM CDT WED AUG 26 2015


...................................

...THE MEMPHIS/GERMANTOWN WFO CLIMATE SUMMARY FOR AUGUST 25 2015...

CLIMATE NORMAL PERIOD 1981 TO 2010
CLIMATE RECORD PERIOD 1988 TO 2015


WEATHER ITEM   OBSERVED TIME   RECORD YEAR NORMAL DEPARTURE LAST
                VALUE   (LST)  VALUE       VALUE  FROM      YEAR
                                                  NORMAL
..................................................................
TEMPERATURE (F)
 YESTERDAY
  MAXIMUM         83        MM  98    2005  90     -7       97
  MINIMUM         57R       MM  58    1997  69    -12       76
  AVERAGE         70                        79     -9       87

PRECIPITATION (IN)
  YESTERDAY        0.00          1.63 2008   0.09  -0.09     0.00
  MONTH TO DATE    4.20                      2.73   1.47     0.45
  SINCE JUN 1     11.97                     10.95   1.02    16.49
  SINCE JAN 1     33.65                     35.44  -1.79    42.07

SNOWFALL (IN)
  YESTERDAY        0.0          MM      MM   0.0    0.0      0.0
  MONTH TO DATE    0.0                       0.0    0.0      0.0
  SINCE JUN 1      0.0                       0.0    0.0      0.0
  SINCE JUL 1      0.0                       0.0    0.0      0.0
  SNOW DEPTH       0

DEGREE DAYS
 HEATING
  YESTERDAY        0                         0      0        0
  MONTH TO DATE    0                         0      0        0
  SINCE JUN 1      0                         2     -2        0
  SINCE JUL 1      0                         0      0        0

 COOLING
  YESTERDAY        5                        14     -9       22
  MONTH TO DATE  355                       386    -31      408
  SINCE JUN 1   1373                      1263    110     1182
  SINCE JAN 1   1673                      1514    159     1481
..................................................................







THE MEMPHIS/GERMANTOWN WFO CLIMATE NORMALS FOR TODAY
                         NORMAL    RECORD    YEAR
 MAXIMUM TEMPERATURE (F)   90       100      2000
 MINIMUM TEMPERATURE (F)   68        62      1997


SUNRISE AND SUNSET
AUGUST 26 2015........SUNRISE   627 AM CDT   SUNSET   734 PM CDT
AUGUST 27 2015........SUNRISE   628 AM CDT   SUNSET   733 PM CDT


-  INDICATES NEGATIVE NUMBERS.
R  INDICATES RECORD WAS SET OR TIED.
MM INDICATES DATA IS MISSING.
T  INDICATES TRACE AMOUNT.




$$
