000
CDUS44 KMEG 262149
CLIMEG


CLIMATE REPORT
NATIONAL WEATHER SERVICE MEMPHIS TN
449 PM CDT SUN JUL 26 2015


...................................

...THE MEMPHIS/GERMANTOWN WFO CLIMATE SUMMARY FOR JULY 26 2015...
VALID TODAY AS OF 0400 PM LOCAL TIME.

CLIMATE NORMAL PERIOD 1981 TO 2010
CLIMATE RECORD PERIOD 1988 TO 2015


WEATHER ITEM   OBSERVED TIME   RECORD YEAR NORMAL DEPARTURE LAST
                VALUE   (LST)  VALUE       VALUE  FROM      YEAR
                                                  NORMAL
..................................................................
TEMPERATURE (F)
 TODAY
  MAXIMUM         94    130 PM  99    1999  91      3       94
  MINIMUM         74    500 AM  62    2013  71      3       68
                                      2000
  AVERAGE         84                        81      3       81

PRECIPITATION (IN)
  TODAY            0.00          2.08 2009   0.15  -0.15     0.00
  MONTH TO DATE    4.83                      3.87   0.96     2.95
  SINCE JUN 1      7.77                      7.55   0.22    16.04
  SINCE JAN 1     29.45                     32.04  -2.59    41.62

SNOWFALL (IN)
  TODAY            0.0

DEGREE DAYS
 HEATING
  TODAY            0                         0      0        0
  MONTH TO DATE    0                         0      0        0
  SINCE JUN 1      0                         2     -2        0
  SINCE JUL 1      0                         0      0        0

 COOLING
  TODAY           19                        16      3       16
  MONTH TO DATE  468                       414     54      300
  SINCE JUN 1    920                       795    125      717
  SINCE JAN 1   1220                      1046    174     1016
..................................................................







THE MEMPHIS/GERMANTOWN WFO CLIMATE NORMALS FOR TOMORROW
                         NORMAL    RECORD    YEAR
 MAXIMUM TEMPERATURE (F)   91       100      2011
                                             1997
 MINIMUM TEMPERATURE (F)   71        61      2004


SUNRISE AND SUNSET
JULY 26 2015..........SUNRISE   604 AM CDT   SUNSET   807 PM CDT
JULY 27 2015..........SUNRISE   604 AM CDT   SUNSET   807 PM CDT


-  INDICATES NEGATIVE NUMBERS.
R  INDICATES RECORD WAS SET OR TIED.
MM INDICATES DATA IS MISSING.
T  INDICATES TRACE AMOUNT.




$$
