000
CDUS44 KMEG 240633
CLIMEG


CLIMATE REPORT
NATIONAL WEATHER SERVICE MEMPHIS TN
132 AM CDT SUN APR 24 2016


...................................

...THE MEMPHIS/GERMANTOWN WFO CLIMATE SUMMARY FOR APRIL 23 2016...

CLIMATE NORMAL PERIOD 1981 TO 2010
CLIMATE RECORD PERIOD 1988 TO 2016


WEATHER ITEM   OBSERVED TIME   RECORD YEAR NORMAL DEPARTURE LAST
                VALUE   (LST)  VALUE       VALUE  FROM      YEAR
                                                  NORMAL
..................................................................
TEMPERATURE (F)
 YESTERDAY
  MAXIMUM         80        MM  89    2008  74      6       67
  MINIMUM         51        MM  35    1993  51      0       51
  AVERAGE         66                        63      3       59

PRECIPITATION (IN)
  YESTERDAY        0.00          0.51 2000   0.19  -0.19     0.00
  MONTH TO DATE    4.09                      4.02   0.07     2.25
  SINCE MAR 1     20.78                      8.97  11.81     8.91
  SINCE JAN 1     29.73                     17.60  12.13    14.99

SNOWFALL (IN)
  YESTERDAY        0.0          MM      MM   0.0    0.0      0.0
  MONTH TO DATE    0.0                       0.0    0.0      0.0
  SINCE MAR 1      T                         0.8   -0.8      4.1
  SINCE JUL 1      0.9                       2.4   -1.5      6.3
  SNOW DEPTH       0

DEGREE DAYS
 HEATING
  YESTERDAY        0                         4     -4        6
  MONTH TO DATE  104                       165    -61       72
  SINCE MAR 1    358                       601   -243      493
  SINCE JUL 1   2445                      3347   -902     3400

 COOLING
  YESTERDAY        1                         2     -1        0
  MONTH TO DATE   15                        36    -21       69
  SINCE MAR 1     28                        47    -19       72
  SINCE JAN 1     28                        48    -20       72
..................................................................







THE MEMPHIS/GERMANTOWN WFO CLIMATE NORMALS FOR TODAY
                         NORMAL    RECORD    YEAR
 MAXIMUM TEMPERATURE (F)   75        88      2006
 MINIMUM TEMPERATURE (F)   52        39      2005


SUNRISE AND SUNSET
APRIL 24 2016.........SUNRISE   615 AM CDT   SUNSET   740 PM CDT
APRIL 25 2016.........SUNRISE   614 AM CDT   SUNSET   740 PM CDT


-  INDICATES NEGATIVE NUMBERS.
R  INDICATES RECORD WAS SET OR TIED.
MM INDICATES DATA IS MISSING.
T  INDICATES TRACE AMOUNT.




$$
