000
CDUS44 KMEG 212147
CLIMEG


CLIMATE REPORT
NATIONAL WEATHER SERVICE MEMPHIS TN
447 PM CDT WED SEP 21 2016


...................................

...THE MEMPHIS/GERMANTOWN WFO CLIMATE SUMMARY FOR SEPTEMBER 21 2016...
VALID TODAY AS OF 0400 PM LOCAL TIME.

CLIMATE NORMAL PERIOD 1981 TO 2010
CLIMATE RECORD PERIOD 1988 TO 2016


WEATHER ITEM   OBSERVED TIME   RECORD YEAR NORMAL DEPARTURE LAST
                VALUE   (LST)  VALUE       VALUE  FROM      YEAR
                                                  NORMAL
..................................................................
TEMPERATURE (F)
 TODAY
  MAXIMUM         91        MM  98    2010  83      8       85
  MINIMUM         63        MM  44    1991  59      4       60
  AVERAGE         77                        71      6       73

PRECIPITATION (IN)
  TODAY            0.00          0.89 1996   0.11  -0.11     0.05
  MONTH TO DATE    0.56                      2.21  -1.65     1.25
  SINCE SEP 1      0.56                      2.21  -1.65     1.25
  SINCE JAN 1     51.80                     38.22  13.58    34.97

SNOWFALL (IN)
  TODAY            0.0

DEGREE DAYS
 HEATING
  TODAY            0                         1     -1        0
  MONTH TO DATE    0                         4     -4        2
  SINCE SEP 1      0                         4     -4        2
  SINCE JUL 1      0                         4     -4        2

 COOLING
  TODAY           12                         7      5        8
  MONTH TO DATE  311                       209    102      244
  SINCE SEP 1    311                       209    102      244
  SINCE JAN 1   2147                      1804    343     1983
..................................................................







THE MEMPHIS/GERMANTOWN WFO CLIMATE NORMALS FOR TOMORROW
                         NORMAL    RECORD    YEAR
 MAXIMUM TEMPERATURE (F)   82        96      2010
 MINIMUM TEMPERATURE (F)   59        44      1991


SUNRISE AND SUNSET
SEPTEMBER 21 2016.....SUNRISE   647 AM CDT   SUNSET   657 PM CDT
SEPTEMBER 22 2016.....SUNRISE   648 AM CDT   SUNSET   655 PM CDT


-  INDICATES NEGATIVE NUMBERS.
R  INDICATES RECORD WAS SET OR TIED.
MM INDICATES DATA IS MISSING.
T  INDICATES TRACE AMOUNT.




$$
