000
CXUS54 KMOB 010736
CF6MOB
PRELIMINARY LOCAL CLIMATOLOGICAL DATA (WS FORM: F-6)
STATION: MOBILE
MONTH: JANUARY
YEAR: 2021
LATITUDE: 30 40 N
LONGITUDE: 88 15 W
TEMPERATURE IN F: :PCPN: SNOW: WIND :SUNSHINE: SKY :PK WND
================================================================================
1 2 3 4 5 6A 6B 7 8 9 10 11 12 13 14 15 16 17 18
12Z AVG MX 2MIN
DY MAX MIN AVG DEP HDD CDD WTR SNW DPTH SPD SPD DIR MIN PSBL S-S WX SPD DR
================================================================================
1 69 54 62 12 3 0 0.02 0.0 0 7.9 25 130 M M 7 1 33 140
2 61 42 52 2 13 0 0.00 0.0 0 5.1 12 280 M M 4 19 290
3 59 35 47 -3 18 0 0.00 0.0 0 5.4 15 360 M M 2 20 10
4 66 33 50 0 15 0 0.00 0.0 0 2.6 14 200 M M 1 17 190
5 66 42 54 4 11 0 0.00 0.0 0 5.7 14 340 M M 3 12 20 320
6 59 37 48 -2 17 0 0.00 0.0 0 7.5 13 100 M M 5 17 110
7 61 46 54 4 11 0 0.42 0.0 0 10.0 31 110 M M 7 1 44 110
8 46 39 43 -7 22 0 0.00 0.0 0 12.0 20 330 M M 10 8 28 300
9 48 29 39 -11 26 0 0.00 0.0 0 9.0 18 340 M M 4 24 340
10 40 25 33 -17 32 0 0.00 0.0 0 6.3 14 60 M M 8 17 30
11 44 37 41 -9 24 0 0.26 0.0 0 12.5 22 30 M M 10 1 29 10
12 40 35 38 -12 27 0 0.00 0.0 0 7.5 16 330 M M 10 18 23 330
13 55 34 45 -5 20 0 T 0.0 0 4.5 9 180 M M 5 1 12 300
14 63 32 48 -2 17 0 0.00 0.0 0 7.5 21 210 M M 2 1 28 210
15 59 36 48 -2 17 0 0.00 0.0 0 7.0 18 270 M M 0 35 280
16 53 31 42 -8 23 0 0.00 0.0 0 4.7 14 290 M M 0 21 270
17 59 28 44 -6 21 0 0.00 0.0 0 4.4 14 190 M M 2 18 260
18 62 27 45 -5 20 0 0.00 0.0 0 2.3 13 190 M M 0 16 230
19 69 34 52 2 13 0 0.00 0.0 0 5.1 14 170 M M 1 19 170
20 69 41 55 5 10 0 0.00 0.0 0 4.2 17 360 M M 6 23 360
21 68 52 60 10 5 0 0.04 0.0 0 8.4 17 210 M M 7 18 24 220
22 66 57 62 12 3 0 0.33 0.0 0 5.6 14 20 M M 10 1 20 230
23 67 54 61 11 4 0 0.00 0.0 0 7.7 15 60 M M 8 1 20 100
24 66 55 61 10 4 0 T 0.0 0 9.6 16 130 M M 10 1 21 140
25 75 63 69 18 0 4 0.03 0.0 0 12.3 22 190 M M 10 18 33 180
26 74 60 67 16 0 2 0.05 0.0 0 7.5 18 330 M M 10 18 24 340
27 71 47 59 8 6 0 0.05 0.0 0 8.0 22 330 M M 8 128 32 330
28 55 38 47 -4 18 0 0.00 0.0 0 12.3 22 360 M M 2 33 360
29 63 31 47 -4 18 0 0.00 0.0 0 3.7 10 30 M M 1 15 40
30 66 35 51 0 14 0 0.03 0.0 0 9.1 24 150 M M 6 1 34 160
31 75 48 62 11 3 0 0.17 0.0 0 11.3 26 330 M M 7 18 39 300
================================================================================
SM 1894 1257 435 6 1.40 0.0 226.7 M 166
================================================================================
AV 61.1 40.5 7.3 FASTST M M 5 MAX(MPH)
MISC ----> 31 110 44 110
================================================================================
NOTES:
# LAST OF SEVERAL OCCURRENCES
COLUMN 17 PEAK WIND IN M.P.H.
PRELIMINARY LOCAL CLIMATOLOGICAL DATA (WS FORM: F-6) , PAGE 2
STATION: MOBILE
MONTH: JANUARY
YEAR: 2021
LATITUDE: 30 40 N
LONGITUDE: 88 15 W
[TEMPERATURE DATA] [PRECIPITATION DATA] SYMBOLS USED IN COLUMN 16
AVERAGE MONTHLY: 50.8 TOTAL FOR MONTH: 1.40 1 = FOG OR MIST
DPTR FM NORMAL: 0.4 DPTR FM NORMAL: -4.25 2 = FOG REDUCING VISIBILITY
HIGHEST: 75 ON 31,25 GRTST 24HR 1.01 ON 26-27 TO 1/4 MILE OR LESS
LOWEST: 25 ON 10 3 = THUNDER
SNOW, ICE PELLETS, HAIL 4 = ICE PELLETS
TOTAL MONTH: 0.0 INCH 5 = HAIL
GRTST 24HR 0.0 6 = FREEZING RAIN OR DRIZZLE
GRTST DEPTH: 0 7 = DUSTSTORM OR SANDSTORM:
VSBY 1/2 MILE OR LESS
8 = SMOKE OR HAZE
[NO. OF DAYS WITH] [WEATHER - DAYS WITH] 9 = BLOWING SNOW
X = TORNADO
MAX 32 OR BELOW: 0 0.01 INCH OR MORE: 10
MAX 90 OR ABOVE: 0 0.10 INCH OR MORE: 4
MIN 32 OR BELOW: 7 0.50 INCH OR MORE: 0
MIN 0 OR BELOW: 0 1.00 INCH OR MORE: 0
[HDD (BASE 65) ]
TOTAL THIS MO. 435 CLEAR (SCALE 0-3) 11
DPTR FM NORMAL -24 PTCLDY (SCALE 4-7) 12
TOTAL FM JUL 1 1009 CLOUDY (SCALE 8-10) 8
DPTR FM NORMAL -112
[CDD (BASE 65) ]
TOTAL THIS MO. 6
DPTR FM NORMAL -1 [PRESSURE DATA]
TOTAL FM JAN 1 6 HIGHEST SLP 30.50 ON 28
DPTR FM NORMAL -1 LOWEST SLP 29.78 ON 7
[REMARKS]
#FINAL-01-21#