074
CXUS54 KMOB 011005
CF6MOB
PRELIMINARY LOCAL CLIMATOLOGICAL DATA (WS FORM: F-6)
STATION: MOBILE
MONTH: SEPTEMBER
YEAR: 2020
LATITUDE: 30 40 N
LONGITUDE: 88 15 W
TEMPERATURE IN F: :PCPN: SNOW: WIND :SUNSHINE: SKY :PK WND
================================================================================
1 2 3 4 5 6A 6B 7 8 9 10 11 12 13 14 15 16 17 18
12Z AVG MX 2MIN
DY MAX MIN AVG DEP HDD CDD WTR SNW DPTH SPD SPD DIR MIN PSBL S-S WX SPD DR
================================================================================
1 91 76 84 3 0 19 0.00 0.0 0 7.7 15 190 M M 4 1 26 180
2 92 73 83 3 0 18 0.00 0.0 0 5.8 13 320 M M 2 1 16 310
3 92 71 82 2 0 17 0.00 0.0 0 4.7 15 330 M M 2 1 20 320
4 94 72 83 3 0 18 0.00 0.0 0 3.4 16 330 M M 4 1 20 350
5 95 72 84 4 0 19 0.00 0.0 0 8.1 16 20 M M 3 23 360
6 92 69 81 1 0 16 0.00 0.0 0 8.9 20 350 M M 2 26 360
7 90 68 79 -1 0 14 0.00 0.0 0 4.2 17 360 M M 3 22 360
8 90 70 80 0 0 15 0.00 0.0 0 5.2 20 160 M M 4 3 25 140
9 91 72 82 3 0 17 0.00 0.0 0 7.8 20 360 M M 2 24 360
10 92 71 82 3 0 17 0.00 0.0 0 8.5 15 10 M M 3 22 10
11 90 74 82 3 0 17 0.05 0.0 0 7.2 18 120 M M 6 1 23 120
12 90 73 82 3 0 17 0.00 0.0 0 7.0 15 100 M M 5 22 100
13 92 73 83 5 0 18 0.94 0.0 0 10.7 24 40 M M 5 13 37 60
14 81 74 78 0 0 13 0.18 0.0 0 14.7 28 50 M M 6 18 43 60
15 77 73 75 -3 0 10 2.61 0.0 0 26.7 43 40 M M 10 1 65 50
16 75 71 73 -5 0 8 0.77 0.0 0 21.7 52 360 M M 10 1 81 10
17 85 70 78 1 0 13 0.00 0.0 0 6.4 23 330 M M 7 1 26 340
18 81 71 76 -1 0 11 0.01 0.0 0 7.3 15 340 M M 6 20 350
19 72 67 70 -7 0 5 0.36 0.0 0 11.2 21 60 M M 7 1 37 70
20 67 63 65 -11 0 0 0.15 0.0 0 12.5 21 50 M M 10 1 35 70
21 68 63 66 -10 0 1 0.22 0.0 0 11.5 17 50 M M 9 1 37 80
22 76 64 70 -6 0 5 0.00 0.0 0 9.7 15 80 M M 8 23 70
23 85 65 75 -1 0 10 0.11 0.0 0 14.1 22 140 M M 8 1 42 130
24 81 70 76 1 0 11 0.15 0.0 0 9.2 21 190 M M 9 1 32 240
25 81 64 73 -2 0 8 0.00 0.0 0 4.1 17 320 M M 5 1 24 310
26 83 64 74 -1 0 9 0.00 0.0 M 5.3 15 140 M M 6 1 19 140
27 88 68 78 4 0 13 0.00 0.0 0 4.2 15 320 M M 5 12 21 310
28 89 62 76 2 0 11 0.22 0.0 0 6.5 21 340 M M 6 123 35 330
29 76 52 64 -10 1 0 T 0.0 0 9.1 21 340 M M 5 36 330
30 79 48 64 -9 1 0 0.00 0.0 0 1.9 15 310 M M 0 20 330
================================================================================
SM 2535 2043 2 350 5.77 0.0 265.3 M 162
================================================================================
AV 84.5 68.1 8.8 FASTST M M 5 MAX(MPH)
MISC ----> # 52 360 # 81 10
================================================================================
NOTES:
# LAST OF SEVERAL OCCURRENCES
COLUMN 17 PEAK WIND IN M.P.H.
PRELIMINARY LOCAL CLIMATOLOGICAL DATA (WS FORM: F-6) , PAGE 2
STATION: MOBILE
MONTH: SEPTEMBER
YEAR: 2020
LATITUDE: 30 40 N
LONGITUDE: 88 15 W
[TEMPERATURE DATA] [PRECIPITATION DATA] SYMBOLS USED IN COLUMN 16
AVERAGE MONTHLY: 76.3 TOTAL FOR MONTH: 5.77 1 = FOG OR MIST
DPTR FM NORMAL: -1.2 DPTR FM NORMAL: 0.66 2 = FOG REDUCING VISIBILITY
HIGHEST: 95 ON 5 GRTST 24HR 2.61 ON 15-15 TO 1/4 MILE OR LESS
LOWEST: 48 ON 30 3 = THUNDER
SNOW, ICE PELLETS, HAIL 4 = ICE PELLETS
TOTAL MONTH: 0.0 INCH 5 = HAIL
GRTST 24HR 0.0 6 = FREEZING RAIN OR DRIZZLE
GRTST DEPTH: 0 7 = DUSTSTORM OR SANDSTORM:
VSBY 1/2 MILE OR LESS
8 = SMOKE OR HAZE
[NO. OF DAYS WITH] [WEATHER - DAYS WITH] 9 = BLOWING SNOW
X = TORNADO
MAX 32 OR BELOW: 0 0.01 INCH OR MORE: 12
MAX 90 OR ABOVE: 13 0.10 INCH OR MORE: 10
MIN 32 OR BELOW: 0 0.50 INCH OR MORE: 3
MIN 0 OR BELOW: 0 1.00 INCH OR MORE: 1
[HDD (BASE 65) ]
TOTAL THIS MO. 2 CLEAR (SCALE 0-3) 6
DPTR FM NORMAL 0 PTCLDY (SCALE 4-7) 19
TOTAL FM JUL 1 2 CLOUDY (SCALE 8-10) 5
DPTR FM NORMAL 0
[CDD (BASE 65) ]
TOTAL THIS MO. 350
DPTR FM NORMAL -27 [PRESSURE DATA]
TOTAL FM JAN 1 2356 HIGHEST SLP 30.20 ON 21
DPTR FM NORMAL 52 LOWEST SLP 29.37 ON 16
[REMARKS]
#FINAL-09-20#