000
CXUS54 KMOB 010735
CF6PNS
PRELIMINARY LOCAL CLIMATOLOGICAL DATA (WS FORM: F-6)
STATION: PENSACOLA
MONTH: FEBRUARY
YEAR: 2022
LATITUDE: 30 28 N
LONGITUDE: 87 12 W
TEMPERATURE IN F: :PCPN: SNOW: WIND :SUNSHINE: SKY :PK WND
================================================================================
1 2 3 4 5 6A 6B 7 8 9 10 11 12 13 14 15 16 17 18
12Z AVG MX 2MIN
DY MAX MIN AVG DEP HDD CDD WTR SNW DPTH SPD SPD DIR MIN PSBL S-S WX SPD DR
================================================================================
1 67 52 60 6 5 0 0.00 0.0 0 11.4 22 110 M M 2 31 100
2 66 60 63 9 2 0 1.37 0.0 0 14.0 22 120 M M 9 1 33 120
3 72 66 69 14 0 4 0.85 0.0 0 17.6 25 160 M M 10 13 37 140
4 70 37 54 -1 11 0 0.17 0.0 0 13.4 23 350 M M 10 13 36 330
5 53 34 44 -11 21 0 0.00 0.0 0 11.7 23 360 M M 3 33 350
6 60 33 47 -8 18 0 0.00 0.0 0 4.9 10 360 M M 0 12 360
7 50 44 47 -8 18 0 0.35 0.0 0 4.4 10 330 M M 6 12 14 20
8 62 40 51 -5 14 0 0.00 0.0 0 5.5 15 340 M M 0 20 340
9 63 34 49 -7 16 0 0.00 0.0 0 5.2 15 200 M M 0 21 180
10 69 44 57 1 8 0 0.00 0.0 0 6.3 14 180 M M 0 17 190
11 64 41 53 -3 12 0 0.00 0.0 0 3.8 14 150 M M 3 1 18 150
12 69 49 59 3 6 0 0.00 0.0 0 4.1 16 340 M M 3 22 340
13 57 40 49 -7 16 0 T 0.0 0 13.3 25 340 M M 2 8 41 320
14 63 34 49 -8 16 0 0.00 0.0 0 4.7 17 210 M M 0 21 200
15 64 38 51 -6 14 0 0.00 0.0 0 5.9 18 120 M M 0 27 120
16 70 46 58 1 7 0 0.00 0.0 0 10.5 21 120 M M 3 29 130
17 76 63 70 13 0 5 0.03 0.0 0 14.9 25 150 M M 9 1 34 150
18 73 43 58 0 7 0 T 0.0 0 13.2 21 340 M M 7 29 210
19 65 39 52 -6 13 0 0.00 0.0 0 10.2 21 360 M M 0 31 10
20 64 46 55 -3 10 0 0.00 0.0 0 6.6 16 130 M M 1 24 120
21 68 54 61 3 4 0 0.00 0.0 0 9.0 15 120 M M 9 1 21 120
22 74 65 70 12 0 5 T 0.0 0 10.6 20 160 M M 10 1 26 160
23 74 65 70 12 0 5 0.00 0.0 0 6.7 15 170 M M 9 128 19 150
24 75 66 71 12 0 6 0.00 0.0 0 7.0 15 150 M M 9 12 20 150
25 79 52 66 7 0 1 T 0.0 0 10.4 22 340 M M 9 12 27 340
26 77 49 63 4 2 0 0.00 0.0 0 6.8 17 350 M M 1 8 23 360
27 70 51 61 2 4 0 0.01 0.0 0 8.0 21 330 M M 6 1 29 350
28 68 48 58 -2 7 0 0.00 0.0 0 10.2 20 350 M M 4 8 28 340
================================================================================
SM 1882 1333 231 26 2.78 0.0 250.3 M 125
================================================================================
AV 67.2 47.6 8.9 FASTST M M 4 MAX(MPH)
MISC ----> # 25 160 41 320
================================================================================
NOTES:
# LAST OF SEVERAL OCCURRENCES
COLUMN 17 PEAK WIND IN M.P.H.
PRELIMINARY LOCAL CLIMATOLOGICAL DATA (WS FORM: F-6) , PAGE 2
STATION: PENSACOLA
MONTH: FEBRUARY
YEAR: 2022
LATITUDE: 30 28 N
LONGITUDE: 87 12 W
[TEMPERATURE DATA] [PRECIPITATION DATA] SYMBOLS USED IN COLUMN 16
AVERAGE MONTHLY: 57.4 TOTAL FOR MONTH: 2.78 1 = FOG OR MIST
DPTR FM NORMAL: 0.6 DPTR FM NORMAL: -1.99 2 = FOG REDUCING VISIBILITY
HIGHEST: 79 ON 25 GRTST 24HR 2.13 ON 2- 3 TO 1/4 MILE OR LESS
LOWEST: 33 ON 6 3 = THUNDER
SNOW, ICE PELLETS, HAIL 4 = ICE PELLETS
TOTAL MONTH: 0.0 INCH 5 = HAIL
GRTST 24HR 0.0 6 = FREEZING RAIN OR DRIZZLE
GRTST DEPTH: 0 7 = DUSTSTORM OR SANDSTORM:
VSBY 1/2 MILE OR LESS
8 = SMOKE OR HAZE
[NO. OF DAYS WITH] [WEATHER - DAYS WITH] 9 = BLOWING SNOW
X = TORNADO
MAX 32 OR BELOW: 0 0.01 INCH OR MORE: 6
MAX 90 OR ABOVE: 0 0.10 INCH OR MORE: 4
MIN 32 OR BELOW: 0 0.50 INCH OR MORE: 2
MIN 0 OR BELOW: 0 1.00 INCH OR MORE: 1
[HDD (BASE 65) ]
TOTAL THIS MO. 231 CLEAR (SCALE 0-3) 14
DPTR FM NORMAL -17 PTCLDY (SCALE 4-7) 5
TOTAL FM JUL 1 944 CLOUDY (SCALE 8-10) 9
DPTR FM NORMAL -186
[CDD (BASE 65) ]
TOTAL THIS MO. 26
DPTR FM NORMAL 8 [PRESSURE DATA]
TOTAL FM JAN 1 39 HIGHEST SLP M ON M
DPTR FM NORMAL 8 LOWEST SLP 29.92 ON 3
[REMARKS]
#FINAL-02-22#