000
CXUS54 KMOB 010632
CF6PNS
PRELIMINARY LOCAL CLIMATOLOGICAL DATA (WS FORM: F-6)
STATION: PENSACOLA
MONTH: JULY
YEAR: 2020
LATITUDE: 30 28 N
LONGITUDE: 87 12 W
TEMPERATURE IN F: :PCPN: SNOW: WIND :SUNSHINE: SKY :PK WND
================================================================================
1 2 3 4 5 6A 6B 7 8 9 10 11 12 13 14 15 16 17 18
12Z AVG MX 2MIN
DY MAX MIN AVG DEP HDD CDD WTR SNW DPTH SPD SPD DIR MIN PSBL S-S WX SPD DR
================================================================================
1 94 75 85 3 0 20 0.02 0.0 0 8.7 29 260 M M 1 3 36 270
2 92 74 83 1 0 18 0.24 0.0 0 6.7 15 250 M M 4 18 21 300
3 91 74 83 1 0 18 0.00 0.0 0 6.5 18 170 M M 2 3 21 200
4 90 74 82 0 0 17 T 0.0 0 5.0 14 150 M M 2 138 18 160
5 85 76 81 -1 0 16 0.05 0.0 0 4.6 16 240 M M 3 13 20 170
6 87 75 81 -1 0 16 1.11 0.0 0 4.8 18 260 M M 4 138 24 260
7 90 75 83 1 0 18 T 0.0 0 8.4 26 320 M M 3 3 33 310
8 91 73 82 0 0 17 0.26 0.0 0 6.3 18 230 M M 2 13 21 220
9 95 73 84 2 0 19 0.00 0.0 0 8.1 16 250 M M 2 19 280
10 95 81 88 6 0 23 0.02 0.0 0 9.1 20 320 M M 1 8 24 330
11 97 78 88 6 0 23 0.02 0.0 0 9.4 18 340 M M 1 22 350
12 94 73 84 2 0 19 0.29 0.0 0 7.4 33 340 M M 2 138 43 350
13 93 76 85 3 0 20 0.05 0.0 0 7.2 17 240 M M 4 3 21 240
14 93 75 84 2 0 19 0.33 0.0 0 6.4 18 280 M M 1 3 24 280
15 84 72 78 -4 0 13 1.23 0.0 0 3.1 13 360 M M 4 13 14 360
16 90 75 83 1 0 18 T 0.0 0 4.4 12 160 M M 1 3 15 150
17 95 77 86 4 0 21 0.00 0.0 0 6.9 13 150 M M 1 16 150
18 93 79 86 4 0 21 T 0.0 0 5.4 16 360 M M 1 3 23 350
19 90 78 84 2 0 19 0.05 0.0 0 5.0 13 60 M M 2 3 17 70
20 93 78 86 4 0 21 0.00 0.0 0 6.7 13 200 M M 1 18 140
21 92 78 85 3 0 20 0.00 0.0 0 8.1 15 150 M M 1 19 170
22 92 76 84 2 0 19 0.12 0.0 0 8.1 18 150 M M 2 18 24 100
23 89 77 83 1 0 18 0.65 0.0 0 10.9 25 140 M M 5 1 33 140
24 80 75 78 -4 0 13 1.82 0.0 0 6.0 20 190 M M 6 13 29 210
25 89 76 83 1 0 18 0.22 0.0 0 7.0 20 120 M M 1 138 25 80
26 91 76 84 2 0 19 0.00 0.0 0 6.1 14 100 M M 1 19 70
27 84 75 80 -2 0 15 0.55 0.0 0 5.3 17 190 M M 3 13 24 120
28 87 75 81 -1 0 16 0.46 0.0 0 7.5 23 170 M M 4 138 27 180
29 87 75 81 -1 0 16 1.36 0.0 0 6.1 17 200 M M 4 13 21 220
30 93 77 85 3 0 20 0.00 0.0 0 8.3 17 230 M M 1 1 22 280
31 93 79 86 4 0 21 0.00 0.0 0 8.7 18 190 M M 1 1 23 240
================================================================================
SM 2809 2350 0 571 8.85 0.0 212.2 M 71
================================================================================
AV 90.6 75.8 6.8 FASTST M M 2 MAX(MPH)
MISC ----> # 33 340 # 43 350
================================================================================
NOTES:
# LAST OF SEVERAL OCCURRENCES
COLUMN 17 PEAK WIND IN M.P.H.
PRELIMINARY LOCAL CLIMATOLOGICAL DATA (WS FORM: F-6) , PAGE 2
STATION: PENSACOLA
MONTH: JULY
YEAR: 2020
LATITUDE: 30 28 N
LONGITUDE: 87 12 W
[TEMPERATURE DATA] [PRECIPITATION DATA] SYMBOLS USED IN COLUMN 16
AVERAGE MONTHLY: 83.2 TOTAL FOR MONTH: 8.85 1 = FOG OR MIST
DPTR FM NORMAL: 1.0 DPTR FM NORMAL: 1.44 2 = FOG REDUCING VISIBILITY
HIGHEST: 97 ON 11 GRTST 24HR 1.82 ON 24-24 TO 1/4 MILE OR LESS
LOWEST: 72 ON 15 3 = THUNDER
SNOW, ICE PELLETS, HAIL 4 = ICE PELLETS
TOTAL MONTH: 0.0 INCH 5 = HAIL
GRTST 24HR 0.0 6 = FREEZING RAIN OR DRIZZLE
GRTST DEPTH: 0 7 = DUSTSTORM OR SANDSTORM:
VSBY 1/2 MILE OR LESS
8 = SMOKE OR HAZE
[NO. OF DAYS WITH] [WEATHER - DAYS WITH] 9 = BLOWING SNOW
X = TORNADO
MAX 32 OR BELOW: 0 0.01 INCH OR MORE: 19
MAX 90 OR ABOVE: 22 0.10 INCH OR MORE: 13
MIN 32 OR BELOW: 0 0.50 INCH OR MORE: 6
MIN 0 OR BELOW: 0 1.00 INCH OR MORE: 4
[HDD (BASE 65) ]
TOTAL THIS MO. 0 CLEAR (SCALE 0-3) 23
DPTR FM NORMAL 0 PTCLDY (SCALE 4-7) 8
TOTAL FM JUL 1 0 CLOUDY (SCALE 8-10) 0
DPTR FM NORMAL 0
[CDD (BASE 65) ]
TOTAL THIS MO. 571
DPTR FM NORMAL 38 [PRESSURE DATA]
TOTAL FM JAN 1 1835 HIGHEST SLP 30.16 ON 17
DPTR FM NORMAL 389 LOWEST SLP 29.80 ON 12
[REMARKS]
#FINAL-07-20#