000
CXUS54 KMOB 241406
CF6MOB
PRELIMINARY LOCAL CLIMATOLOGICAL DATA (WS FORM: F-6)

                                          STATION:   MOBILE
                                          MONTH:     JUNE
                                          YEAR:      2016
                                          LATITUDE:   30 40 N
                                          LONGITUDE:  88 15 W

  TEMPERATURE IN F:       :PCPN:    SNOW:  WIND      :SUNSHINE: SKY     :PK WND
================================================================================
1   2   3   4   5  6A  6B    7    8   9   10  11  12  13   14  15   16   17  18
                                     12Z  AVG MX 2MIN
DY MAX MIN AVG DEP HDD CDD  WTR  SNW DPTH SPD SPD DIR MIN PSBL S-S WX    SPD DR
================================================================================

 1  88  67  78   0   0  13 0.00  0.0    0  4.7 14 180   M    M   5 1      17 190
 2  89  69  79   1   0  14 0.00  0.0    0  5.9 17 170   M    M   5 1      27 160
 3  90  70  80   2   0  15 0.21  0.0    0  7.8 22 210   M    M   5 13     28 210
 4  87  71  79   1   0  14 2.25  0.0    0  5.8 21 150   M    M   7 138    25 150
 5  84  68  76  -2   0  11 1.57  0.0    0  5.1 24 270   M    M   6 13     38 280
 6  87  74  81   3   0  16 0.05  0.0    0  7.2 15  10   M    M   6 18     22  20
 7  92  70  81   2   0  16 0.00  0.0    0  5.5 15 360   M    M   3 1      18  10
 8  93  68  81   2   0  16 0.00  0.0    0  6.4 17  50   M    M   5        22  30
 9  91  68  80   1   0  15 0.00  0.0    0  3.1  8 150   M    M   4        12  60
10  90  69  80   1   0  15 0.12  0.0    0  4.0 18 180   M    M   4 18     23 180
11  89  73  81   2   0  16 0.05  0.0    0  2.4 14 150   M    M   4 138    16 190
12  92  73  83   3   0  18 0.00  0.0    0  3.5 17 200   M    M   5 3      21 200
13  92  72  82   2   0  17    T  0.0    0  4.0 24 260   M    M   5 1      33 250
14  88  71  80   0   0  15 0.20  0.0    0  4.6 33 210   M    M   5 138    39 220
15  90  76  83   3   0  18 0.00  0.0    0  5.5 14 200   M    M   5 1      17 200
16  93  78  86   6   0  21 0.00  0.0    0  5.3 14 230   M    M   3 1      22 280
17  96  71  84   4   0  19 0.25  0.0    0  6.6 35  10   M    M   3 138    47 340
18  89  69  79  -1   0  14 0.06  0.0    0  4.9 22  90   M    M   5 1      28  90
19  88  74  81   1   0  16 0.00  0.0    0  9.0 18 120   M    M   5        23 140
20  89  69  79  -1   0  14 0.00  0.0    0  5.6 17 150   M    M   4        20 150
21  90  67  79  -2   0  14 0.00  0.0    0  3.4 14 210   M    M   3        17 210
22  91  67  79  -2   0  14 0.00  0.0    0  4.5 16 210   M    M   3        19 200
23  92  66  79  -2   0  14 0.00  0.0    0  4.5 13 200   M    M   3        16 150
================================================================================
SM 2070 1620         0 355  4.76     0.0 119.3          M      103
================================================================================
AV 90.0 70.4                               5.2 FASTST   M    M   4    MAX(MPH)
                                 MISC ---->  # 35  10               # 47  340
================================================================================
NOTES:
# LAST OF SEVERAL OCCURRENCES

COLUMN 17 PEAK WIND IN M.P.H.

PRELIMINARY LOCAL CLIMATOLOGICAL DATA (WS FORM: F-6) , PAGE 2

                                          STATION:  MOBILE
                                          MONTH:    JUNE
                                          YEAR:     2016
                                          LATITUDE:   30 40 N
                                          LONGITUDE:  88 15 W

[TEMPERATURE DATA]      [PRECIPITATION DATA]       SYMBOLS USED IN COLUMN 16

AVERAGE MONTHLY: 80.2   TOTAL FOR MONTH:   4.76    1 = FOG OR MIST
DPTR FM NORMAL:   0.8   DPTR FM NORMAL:    0.24    2 = FOG REDUCING VISIBILITY
HIGHEST:    96 ON 17    GRTST 24HR  3.80 ON  4- 5      TO 1/4 MILE OR LESS
LOWEST:     66 ON 23                               3 = THUNDER
                        SNOW, ICE PELLETS, HAIL    4 = ICE PELLETS
                        TOTAL MONTH:   0.0 INCH    5 = HAIL
                        GRTST 24HR     0.0         6 = FREEZING RAIN OR DRIZZLE
                        GRTST DEPTH:   0           7 = DUSTSTORM OR SANDSTORM:
                                                       VSBY 1/2 MILE OR LESS
                                                   8 = SMOKE OR HAZE
[NO. OF DAYS WITH]      [WEATHER - DAYS WITH]      9 = BLOWING SNOW
                                                   X = TORNADO
MAX 32 OR BELOW:   0    0.01 INCH OR MORE:   9
MAX 90 OR ABOVE:  13    0.10 INCH OR MORE:   6
MIN 32 OR BELOW:   0    0.50 INCH OR MORE:   2
MIN  0 OR BELOW:   0    1.00 INCH OR MORE:   2

[HDD (BASE 65) ]
TOTAL THIS MO.     0    CLEAR  (SCALE 0-3)   2
DPTR FM NORMAL     0    PTCLDY (SCALE 4-7)  21
TOTAL FM JUL 1  1216    CLOUDY (SCALE 8-10)  0
DPTR FM NORMAL  -479

[CDD (BASE 65) ]
TOTAL THIS MO.   355
DPTR FM NORMAL    24    [PRESSURE DATA]
TOTAL FM JAN 1   814    HIGHEST SLP M ON M
DPTR FM NORMAL    38    LOWEST  SLP 29.70 ON  6

[REMARKS]
