000
CXUS54 KMOB 241443
CF6MOB
PRELIMINARY LOCAL CLIMATOLOGICAL DATA (WS FORM: F-6)

                                          STATION:   MOBILE
                                          MONTH:     MAY
                                          YEAR:      2016
                                          LATITUDE:   30 40 N
                                          LONGITUDE:  88 15 W

  TEMPERATURE IN F:       :PCPN:    SNOW:  WIND      :SUNSHINE: SKY     :PK WND
================================================================================
1   2   3   4   5  6A  6B    7    8   9   10  11  12  13   14  15   16   17  18
                                     12Z  AVG MX 2MIN
DY MAX MIN AVG DEP HDD CDD  WTR  SNW DPTH SPD SPD DIR MIN PSBL S-S WX    SPD DR
================================================================================

 1  80  68  74   4   0   9 0.05  0.0    0  7.8 26 160   M    M   8 1      33 150
 2  83  66  75   4   0  10 0.05  0.0    0  4.8 16 180   M    M   5 138    21 180
 3  79  62  71   0   0   6 0.01  0.0    0  4.8 13 340   M    M   8 128    16 340
 4  76  57  67  -4   0   2 0.00  0.0    0  9.4 20 360   M    M   3        26 340
 5  77  56  67  -4   0   2 0.00  0.0    0  8.0 18 340   M    M   2        27 340
 6  76  51  64  -8   1   0 0.00  0.0    0  6.8 15 350   M    M   1        20  30
 7  81  49  65  -7   0   0 0.00  0.0    0  4.0 16 210   M    M   0        21 180
 8  81  56  69  -3   0   4 0.00  0.0    0  6.0 18 190   M    M   1        24 210
 9  81  63  72   0   0   7 0.00  0.0    0  9.4 24 130   M    M   5        28 140
10  84  67  76   3   0  11 0.00  0.0    0  7.0 18 190   M    M   5 18     24 130
11  86  66  76   3   0  11 0.00  0.0    0  6.3 15 200   M    M   5 128    19 200
12  86  68  77   4   0  12 0.07  0.0    0  4.5 14 210   M    M   6 128    18 170
13  87  64  76   2   0  11 0.00  0.0    0  4.6 14 350   M    M   3 1      17 350
14  87  58  73  -1   0   8 0.00  0.0    0  3.0 14  20   M    M   2        17  10
15  83  61  72  -2   0   7 0.00  0.0    0  8.4 16  10   M    M   3        20  10
16  82  63  73  -1   0   8 0.00  0.0    0  7.5 16 120   M    M   5        21 120
17  80  71  76   2   0  11 0.45  0.0    0  6.6 17 150   M    M   9 18     22 150
18  86  72  79   4   0  14    T  0.0    0  6.9 15 360   M    M   8 18     20 360
19  87  66  77   2   0  12 0.00  0.0    0  5.4 13  10   M    M   6 138    17  10
20  77  65  71  -4   0   6 1.85  0.0    0  9.6 29 270   M    M   6 13     44 270
21  88  68  78   3   0  13 0.00  0.0    0  4.9 13 330   M    M   4 12     18 320
22  83  62  73  -3   0   8 0.00  0.0    0  6.3 15  30   M    M   3        17  30
23  85  55  70  -6   0   5 0.00  0.0    0  3.4 14 200   M    M   2        16 200
================================================================================
SM 1895 1434         1 177  2.48     0.0 145.4          M      100
================================================================================
AV 82.4 62.3                               6.3 FASTST   M    M   4    MAX(MPH)
                                 MISC ---->  # 29 270               # 44  270
================================================================================
NOTES:
# LAST OF SEVERAL OCCURRENCES

COLUMN 17 PEAK WIND IN M.P.H.

PRELIMINARY LOCAL CLIMATOLOGICAL DATA (WS FORM: F-6) , PAGE 2

                                          STATION:  MOBILE
                                          MONTH:    MAY
                                          YEAR:     2016
                                          LATITUDE:   30 40 N
                                          LONGITUDE:  88 15 W

[TEMPERATURE DATA]      [PRECIPITATION DATA]       SYMBOLS USED IN COLUMN 16

AVERAGE MONTHLY: 72.4   TOTAL FOR MONTH:   2.48    1 = FOG OR MIST
DPTR FM NORMAL:  -0.8   DPTR FM NORMAL:   -1.27    2 = FOG REDUCING VISIBILITY
HIGHEST:    88 ON 21    GRTST 24HR  1.85 ON 19-20      TO 1/4 MILE OR LESS
LOWEST:     49 ON  7                               3 = THUNDER
                        SNOW, ICE PELLETS, HAIL    4 = ICE PELLETS
                        TOTAL MONTH:   0.0 INCH    5 = HAIL
                        GRTST 24HR     0.0         6 = FREEZING RAIN OR DRIZZLE
                        GRTST DEPTH:   0           7 = DUSTSTORM OR SANDSTORM:
                                                       VSBY 1/2 MILE OR LESS
                                                   8 = SMOKE OR HAZE
[NO. OF DAYS WITH]      [WEATHER - DAYS WITH]      9 = BLOWING SNOW
                                                   X = TORNADO
MAX 32 OR BELOW:   0    0.01 INCH OR MORE:   6
MAX 90 OR ABOVE:   0    0.10 INCH OR MORE:   2
MIN 32 OR BELOW:   0    0.50 INCH OR MORE:   1
MIN  0 OR BELOW:   0    1.00 INCH OR MORE:   1

[HDD (BASE 65) ]
TOTAL THIS MO.     1    CLEAR  (SCALE 0-3)   7
DPTR FM NORMAL     1    PTCLDY (SCALE 4-7)  14
TOTAL FM JUL 1  1216    CLOUDY (SCALE 8-10)  2
DPTR FM NORMAL  -475

[CDD (BASE 65) ]
TOTAL THIS MO.   177
DPTR FM NORMAL   -15    [PRESSURE DATA]
TOTAL FM JAN 1   363    HIGHEST SLP M ON M
DPTR FM NORMAL    12    LOWEST  SLP 29.81 ON M

[REMARKS]
