000
CXUS54 KMOB 291319
CF6PNS
PRELIMINARY LOCAL CLIMATOLOGICAL DATA (WS FORM: F-6)

                                          STATION:   PENSACOLA
                                          MONTH:     JULY
                                          YEAR:      2016
                                          LATITUDE:   30 28 N
                                          LONGITUDE:  87 12 W

  TEMPERATURE IN F:       :PCPN:    SNOW:  WIND      :SUNSHINE: SKY     :PK WND
================================================================================
1   2   3   4   5  6A  6B    7    8   9   10  11  12  13   14  15   16   17  18
                                     12Z  AVG MX 2MIN
DY MAX MIN AVG DEP HDD CDD  WTR  SNW DPTH SPD SPD DIR MIN PSBL S-S WX    SPD DR
================================================================================

 1  92  77  85   3   0  20 0.25  0.0    0  4.9 14 170   M    M   4 1      17 170
 2  93  77  85   3   0  20 0.00  0.0    0  7.3 15 210   M    M   0        20 220
 3  91  81  86   4   0  21 0.00  0.0    0  8.9 17 200   M    M   1        22 180
 4  94  81  88   6   0  23    T  0.0    0 10.6 21 190   M    M   3 38     26 200
 5  95  82  89   7   0  24 0.00  0.0    0  9.8 18 190   M    M   2 3      23 190
 6  91  78  85   3   0  20 1.17  0.0    0  6.2 21 190   M    M   1 138    24 190
 7  92  79  86   4   0  21 0.00  0.0    0  8.1 18 180   M    M   1 3      22 200
 8  92  81  87   5   0  22 0.05  0.0    0  7.9 17 210   M    M   2 13     22 170
 9  94  78  86   4   0  21 0.21  0.0    0  6.2 21 340   M    M   2 13     27 330
10  92  77  85   3   0  20 0.00  0.0    0  5.0 25 180   M    M   2 13     30 180
11  88  76  82   0   0  17 1.42  0.0    0  4.5 16 180   M    M   1 13     20 180
12  88  74  81  -1   0  16 1.16  0.0    0  4.9 21 140   M    M   3 138    25 150
13  89  77  83   1   0  18 0.02  0.0    0  4.3 20 120   M    M   1 3      25 110
14  91  75  83   1   0  18 0.71  0.0    0  4.6 20 300   M    M   4 138    26 290
15  90  72  81  -1   0  16 0.28  0.0    0  4.9 22 310   M    M   1 138    26 320
16  89  74  82   0   0  17    T  0.0    0  6.5 15 170   M    M   2        20 190
17  90  76  83   1   0  18 0.27  0.0    0  6.6 23 150   M    M   3 1      32 140
18  94  76  85   3   0  20 0.07  0.0    0  5.1 16 150   M    M   2 13     22  20
19  94  75  85   3   0  20 0.00  0.0    0  5.1 12 210   M    M   2        15 250
20  96  79  88   6   0  23 0.00  0.0    0  4.8 16 280   M    M   1 3      20 280
21  92  78  85   3   0  20    T  0.0    0  3.9 17 210   M    M   2 13     22 200
22  91  76  84   2   0  19 0.66  0.0    0  5.7 20 130   M    M   3 1      26 120
23  89  79  84   2   0  19 0.00  0.0    0  4.7 14 180   M    M   2        17 150
24  91  78  85   3   0  20    T  0.0    0  6.7 13 140   M    M   3 3      17 120
25  91  79  85   3   0  20 0.02  0.0    0 11.5 22 130   M    M   4 1      26 120
26  88  79  84   2   0  19 0.33  0.0    0 10.4 25 210   M    M   7 138    33 190
27  90  78  84   2   0  19 0.00  0.0    0  8.8 21 180   M    M   2        29 200
28  91  77  84   2   0  19 0.00  0.0    0  6.3 17 180   M    M   1        22 180
================================================================================
SM 2558 2169         0 550  6.62     0.0 184.2          M       62
================================================================================
AV 91.4 77.5                               6.6 FASTST   M    M   2    MAX(MPH)
                                 MISC ---->  # 25 180               # 33  190
================================================================================
NOTES:
# LAST OF SEVERAL OCCURRENCES

COLUMN 17 PEAK WIND IN M.P.H.

PRELIMINARY LOCAL CLIMATOLOGICAL DATA (WS FORM: F-6) , PAGE 2

                                          STATION:  PENSACOLA
                                          MONTH:    JULY
                                          YEAR:     2016
                                          LATITUDE:   30 28 N
                                          LONGITUDE:  87 12 W

[TEMPERATURE DATA]      [PRECIPITATION DATA]       SYMBOLS USED IN COLUMN 16

AVERAGE MONTHLY: 84.4   TOTAL FOR MONTH:   6.62    1 = FOG OR MIST
DPTR FM NORMAL:   2.4   DPTR FM NORMAL:   -0.05    2 = FOG REDUCING VISIBILITY
HIGHEST:    96 ON 20    GRTST 24HR  1.97 ON 30- 1      TO 1/4 MILE OR LESS
LOWEST:     72 ON 15                               3 = THUNDER
                        SNOW, ICE PELLETS, HAIL    4 = ICE PELLETS
                        TOTAL MONTH:   0.0 INCH    5 = HAIL
                        GRTST 24HR     0.0         6 = FREEZING RAIN OR DRIZZLE
                        GRTST DEPTH:   0           7 = DUSTSTORM OR SANDSTORM:
                                                       VSBY 1/2 MILE OR LESS
                                                   8 = SMOKE OR HAZE
[NO. OF DAYS WITH]      [WEATHER - DAYS WITH]      9 = BLOWING SNOW
                                                   X = TORNADO
MAX 32 OR BELOW:   0    0.01 INCH OR MORE:  14
MAX 90 OR ABOVE:  22    0.10 INCH OR MORE:  10
MIN 32 OR BELOW:   0    0.50 INCH OR MORE:   5
MIN  0 OR BELOW:   0    1.00 INCH OR MORE:   3

[HDD (BASE 65) ]
TOTAL THIS MO.     0    CLEAR  (SCALE 0-3)  21
DPTR FM NORMAL     0    PTCLDY (SCALE 4-7)   7
TOTAL FM JUL 1     0    CLOUDY (SCALE 8-10)  0
DPTR FM NORMAL     0

[CDD (BASE 65) ]
TOTAL THIS MO.   550
DPTR FM NORMAL    74    [PRESSURE DATA]
TOTAL FM JAN 1  1667    HIGHEST SLP M ON M
DPTR FM NORMAL   278    LOWEST  SLP 29.92 ON M

[REMARKS]
