000
CXUS54 KMOB 291413
CF6PNS
PRELIMINARY LOCAL CLIMATOLOGICAL DATA (WS FORM: F-6)

                                          STATION:   PENSACOLA
                                          MONTH:     JUNE
                                          YEAR:      2016
                                          LATITUDE:   30 28 N
                                          LONGITUDE:  87 12 W

  TEMPERATURE IN F:       :PCPN:    SNOW:  WIND      :SUNSHINE: SKY     :PK WND
================================================================================
1   2   3   4   5  6A  6B    7    8   9   10  11  12  13   14  15   16   17  18
                                     12Z  AVG MX 2MIN
DY MAX MIN AVG DEP HDD CDD  WTR  SNW DPTH SPD SPD DIR MIN PSBL S-S WX    SPD DR
================================================================================

 1  88  71  80   2   0  15 0.00  0.0    0  5.9 16 170   M    M   1 1      21 150
 2  88  71  80   2   0  15 0.00  0.0    0  5.8 18 140   M    M   2        23 150
 3  88  72  80   1   0  15 0.00  0.0    0  7.7 16 180   M    M   1 1      21 130
 4  87  72  80   1   0  15 2.98  0.0    0  8.5 21 160   M    M   6 13     26 160
 5  85  72  79   0   0  14 0.38  0.0    0  5.9 15 260   M    M   5 13     18 250
 6  88  76  82   3   0  17 0.32  0.0    0  5.7 13  20   M    M   5 1      17  20
 7  94  75  85   6   0  20 0.00  0.0    0  5.0 13 340   M    M   1        16 350
 8  95  73  84   4   0  19 0.00  0.0    0  6.3 14 360   M    M   0        21  20
 9  91  74  83   3   0  18 0.00  0.0    0  4.7 10 150   M    M   0        13 160
10  91  73  82   2   0  17 0.00  0.0    0  5.3 12 210   M    M   0        16 190
11  90  78  84   4   0  19 0.00  0.0    0  5.3 14 150   M    M   2 3      18 140
12  92  77  85   5   0  20 0.01  0.0    0  6.7 15 250   M    M   2 3      20 210
13  95  75  85   5   0  20 0.13  0.0    0  7.5 21  10   M    M   2 38     25 360
14  89  74  82   2   0  17 0.36  0.0    0  6.1 18 250   M    M   2 13     23 250
15  88  76  82   1   0  17 0.17  0.0    0  7.3 16 250   M    M   3 13     20 240
16  93  80  87   6   0  22 0.08  0.0    0 10.2 22 270   M    M   3 13     28 270
17  95  72  84   3   0  19 0.35  0.0    0 11.1 30  10   M    M   2 13     42  10
18  89  71  80  -1   0  15    T  0.0    0  6.4 13  90   M    M   2        20 330
19  88  77  83   2   0  18 0.00  0.0    0 10.0 18 100   M    M   3        24  80
20  87  74  81   0   0  16 0.00  0.0    0  7.0 15 160   M    M   2        20 150
21  88  70  79  -2   0  14 0.00  0.0    0  6.1 14 180   M    M   1        18 190
22  90  71  81   0   0  16 0.00  0.0    0  6.4 15 180   M    M   1        19 170
23  90  74  82   0   0  17    T  0.0    0  6.9 14 180   M    M   2        19 190
24  91  74  83   1   0  18 0.00  0.0    0  7.2 16 170   M    M   0        22 170
25  93  77  85   3   0  20 0.00  0.0    0  6.8 15 200   M    M   1        18 180
26  94  74  84   2   0  19 0.34  0.0    0  7.3 23  70   M    M   1 13     36  70
27  89  76  83   1   0  18 0.01  0.0    0  5.8 15 310   M    M   2 13     19 320
28  91  75  83   1   0  18    T  0.0    0  4.9 15 340   M    M   1 3      20 340
================================================================================
SM 2527 2074         0 488  5.13     0.0 189.8          M       53
================================================================================
AV 90.2 74.1                               6.8 FASTST   M    M   2    MAX(MPH)
                                 MISC ---->  # 30  10               # 42   10
================================================================================
NOTES:
# LAST OF SEVERAL OCCURRENCES

COLUMN 17 PEAK WIND IN M.P.H.

PRELIMINARY LOCAL CLIMATOLOGICAL DATA (WS FORM: F-6) , PAGE 2

                                          STATION:  PENSACOLA
                                          MONTH:    JUNE
                                          YEAR:     2016
                                          LATITUDE:   30 28 N
                                          LONGITUDE:  87 12 W

[TEMPERATURE DATA]      [PRECIPITATION DATA]       SYMBOLS USED IN COLUMN 16

AVERAGE MONTHLY: 82.2   TOTAL FOR MONTH:   5.13    1 = FOG OR MIST
DPTR FM NORMAL:   1.8   DPTR FM NORMAL:   -0.98    2 = FOG REDUCING VISIBILITY
HIGHEST:    95 ON 17,13 GRTST 24HR  2.98 ON  4- 4      TO 1/4 MILE OR LESS
LOWEST:     70 ON 21                               3 = THUNDER
                        SNOW, ICE PELLETS, HAIL    4 = ICE PELLETS
                        TOTAL MONTH:   0.0 INCH    5 = HAIL
                        GRTST 24HR     0.0         6 = FREEZING RAIN OR DRIZZLE
                        GRTST DEPTH:   0           7 = DUSTSTORM OR SANDSTORM:
                                                       VSBY 1/2 MILE OR LESS
                                                   8 = SMOKE OR HAZE
[NO. OF DAYS WITH]      [WEATHER - DAYS WITH]      9 = BLOWING SNOW
                                                   X = TORNADO
MAX 32 OR BELOW:   0    0.01 INCH OR MORE:  11
MAX 90 OR ABOVE:  15    0.10 INCH OR MORE:   8
MIN 32 OR BELOW:   0    0.50 INCH OR MORE:   1
MIN  0 OR BELOW:   0    1.00 INCH OR MORE:   1

[HDD (BASE 65) ]
TOTAL THIS MO.     0    CLEAR  (SCALE 0-3)  23
DPTR FM NORMAL     0    PTCLDY (SCALE 4-7)   5
TOTAL FM JUL 1   965    CLOUDY (SCALE 8-10)  0
DPTR FM NORMAL  -572

[CDD (BASE 65) ]
TOTAL THIS MO.   488
DPTR FM NORMAL    57    [PRESSURE DATA]
TOTAL FM JAN 1  1084    HIGHEST SLP M ON M
DPTR FM NORMAL   205    LOWEST  SLP 29.70 ON  6

[REMARKS]
