000
CDUS44 KMOB 300645
CLIMOB


CLIMATE REPORT
NATIONAL WEATHER SERVICE MOBILE AL
1245 AM CST FRI JAN 30 2015


...................................

...THE MOBILE CLIMATE SUMMARY FOR JANUARY 29 2015...

CLIMATE NORMAL PERIOD 1981 TO 2010
CLIMATE RECORD PERIOD 1842 TO 2015


WEATHER ITEM   OBSERVED TIME   RECORD YEAR NORMAL DEPARTURE LAST
                VALUE   (LST)  VALUE       VALUE  FROM      YEAR
                                                  NORMAL
..................................................................
TEMPERATURE (F)
 YESTERDAY
  MAXIMUM         70    200 PM  79    1957  62      8       31
  MINIMUM         39    228 AM  19    1966  41     -2       20
  AVERAGE         55                        51      4       26

PRECIPITATION (IN)
  YESTERDAY        0.00          1.95 1960   0.19  -0.19     0.00
  MONTH TO DATE    3.89                      5.28  -1.39     2.92
  SINCE MAR 1     69.48                     60.66   8.82    58.02
  SINCE JAN 1      3.89                      5.28  -1.39     2.92

SNOWFALL (IN)
  YESTERDAY        0.0          MM      MM   0.0    0.0      0.0
  MONTH TO DATE    0.0                       0.0    0.0      1.3
  SINCE MAR 1      0.0                       0.1   -0.1      1.3
  SINCE JUL 1      0.0                       T      0.0      1.3
  SNOW DEPTH       0

DEGREE DAYS
 HEATING
  YESTERDAY       10                        14     -4       39
  MONTH TO DATE  474                       431     43      633
  SINCE DEC 1    791                       835    -44     1027
  SINCE JUL 1   1184                      1093     91     1311

 COOLING
  YESTERDAY        0                         0      0        0
  MONTH TO DATE    3                         0      3        0
  SINCE DEC 1      6                        15     -9       27
  SINCE JAN 1      3                         0      3        0
..................................................................


WIND (MPH)
  HIGHEST WIND SPEED    18   HIGHEST WIND DIRECTION     S (160)
  HIGHEST GUST SPEED    23   HIGHEST GUST DIRECTION     S (180)
  AVERAGE WIND SPEED     7.1


SKY COVER
  POSSIBLE SUNSHINE  MM
  AVERAGE SKY COVER 0.3


WEATHER CONDITIONS
 THE FOLLOWING WEATHER WAS RECORDED YESTERDAY.
  NO SIGNIFICANT WEATHER WAS OBSERVED.


RELATIVE HUMIDITY (PERCENT)
 HIGHEST   100          1200 AM
 LOWEST     53          1200 PM
 AVERAGE    77

..........................................................


THE MOBILE CLIMATE NORMALS FOR TODAY
                         NORMAL    RECORD    YEAR
 MAXIMUM TEMPERATURE (F)   62        79      1957
                                             1950
 MINIMUM TEMPERATURE (F)   41        13      1966


SUNRISE AND SUNSET
JANUARY 30 2015.......SUNRISE   646 AM CST   SUNSET   527 PM CST
JANUARY 31 2015.......SUNRISE   645 AM CST   SUNSET   528 PM CST


-  INDICATES NEGATIVE NUMBERS.
R  INDICATES RECORD WAS SET OR TIED.
MM INDICATES DATA IS MISSING.
T  INDICATES TRACE AMOUNT.




$$
