000
CDUS44 KMOB 270645
CLIMOB


CLIMATE REPORT
NATIONAL WEATHER SERVICE MOBILE AL
1245 AM CST THU NOV 27 2014


...................................

...THE MOBILE CLIMATE SUMMARY FOR NOVEMBER 26 2014...

CLIMATE NORMAL PERIOD 1981 TO 2010
CLIMATE RECORD PERIOD 1842 TO 2014


WEATHER ITEM   OBSERVED TIME   RECORD YEAR NORMAL DEPARTURE LAST
                VALUE   (LST)  VALUE       VALUE  FROM      YEAR
                                                  NORMAL
..................................................................
TEMPERATURE (F)
 YESTERDAY
  MAXIMUM         63    249 PM  82    1973  67     -4       66
                                      1967
  MINIMUM         34    659 AM  29    1950  46    -12       42
  AVERAGE         49                        57     -8       54

PRECIPITATION (IN)
  YESTERDAY        0.00          3.32 1878   0.16  -0.16     1.70
  MONTH TO DATE    1.48                      4.46  -2.98     3.38
  SINCE MAR 1     60.32                     49.65  10.67    47.68
  SINCE JAN 1     67.44                     60.42   7.02    61.86

SNOWFALL (IN)
  YESTERDAY        0.0           0.0  2002   0.0    0.0      0.0
                                      2001
                                      2000
  MONTH TO DATE    0.0                       0.0    0.0      0.0
  SINCE MAR 1      0.0                       0.1   -0.1      0.0
  SINCE JUL 1      0.0                       0.0    0.0      0.0
  SNOW DEPTH       0

DEGREE DAYS
 HEATING
  YESTERDAY       16                         9      7       11
  MONTH TO DATE  305                       163    142      163
  SINCE SEP 1    345                       218    127      193
  SINCE JUL 1    345                       218    127      193

 COOLING
  YESTERDAY        0                         1     -1        0
  MONTH TO DATE    8                        38    -30       15
  SINCE SEP 1    556                       573    -17      665
  SINCE JAN 1   2304                      2500   -196     2495
..................................................................


WIND (MPH)
  HIGHEST WIND SPEED    15   HIGHEST WIND DIRECTION     S (200)
  HIGHEST GUST SPEED    20   HIGHEST GUST DIRECTION    SW (220)
  AVERAGE WIND SPEED     6.8


SKY COVER
  POSSIBLE SUNSHINE  MM
  AVERAGE SKY COVER 0.0


WEATHER CONDITIONS
 THE FOLLOWING WEATHER WAS RECORDED YESTERDAY.
  NO SIGNIFICANT WEATHER WAS OBSERVED.


RELATIVE HUMIDITY (PERCENT)
 HIGHEST    82           400 AM
 LOWEST     27          1200 PM
 AVERAGE    55

..........................................................


THE MOBILE CLIMATE NORMALS FOR TODAY
                         NORMAL    RECORD    YEAR
 MAXIMUM TEMPERATURE (F)   67        82      1973
 MINIMUM TEMPERATURE (F)   46        27      1956


SUNRISE AND SUNSET
NOVEMBER 27 2014......SUNRISE   629 AM CST   SUNSET   452 PM CST
NOVEMBER 28 2014......SUNRISE   630 AM CST   SUNSET   452 PM CST


-  INDICATES NEGATIVE NUMBERS.
R  INDICATES RECORD WAS SET OR TIED.
MM INDICATES DATA IS MISSING.
T  INDICATES TRACE AMOUNT.




$$
