000
CDUS44 KMOB 230645
CLIMOB


CLIMATE REPORT
NATIONAL WEATHER SERVICE MOBILE AL
145 AM CDT SUN JUL 23 2017


...................................

...THE MOBILE CLIMATE SUMMARY FOR JULY 22 2017...

CLIMATE NORMAL PERIOD 1981 TO 2010
CLIMATE RECORD PERIOD 1842 TO 2017


WEATHER ITEM   OBSERVED TIME   RECORD YEAR NORMAL DEPARTURE LAST
                VALUE   (LST)  VALUE       VALUE  FROM      YEAR
                                                  NORMAL
..................................................................
TEMPERATURE (F)
 YESTERDAY
  MAXIMUM         93   1219 PM  98    1907  91      2       87
  MINIMUM         74    337 AM  67    1956  73      1       74
                                      1950
                                      1947
  AVERAGE         84                        82      2       81

PRECIPITATION (IN)
  YESTERDAY        0.37          4.63 1873   0.23   0.14     0.31
  MONTH TO DATE    1.78                      5.12  -3.34     5.41
  SINCE MAR 1     35.92                     27.30   8.62    31.59
  SINCE JAN 1     48.13                     38.07  10.06    41.04

DEGREE DAYS
 COOLING
  YESTERDAY       19                        17      2       16
  MONTH TO DATE  390                       372     18      401
  SINCE JUN 1    809                       816     -7      881
  SINCE JAN 1   1410                      1261    149     1340
..................................................................


WIND (MPH)
  HIGHEST WIND SPEED    20   HIGHEST WIND DIRECTION     S (200)
  HIGHEST GUST SPEED    26   HIGHEST GUST DIRECTION    SW (210)
  AVERAGE WIND SPEED     3.6


SKY COVER
  POSSIBLE SUNSHINE  MM
  AVERAGE SKY COVER 0.5


WEATHER CONDITIONS
 THE FOLLOWING WEATHER WAS RECORDED YESTERDAY.
  THUNDERSTORM
  HEAVY RAIN
  LIGHT RAIN
  FOG


RELATIVE HUMIDITY (PERCENT)
 HIGHEST    94          1200 AM
 LOWEST     49          1200 PM
 AVERAGE    72

..........................................................


THE MOBILE CLIMATE NORMALS FOR TODAY
                         NORMAL    RECORD    YEAR
 MAXIMUM TEMPERATURE (F)   91       100      1976
                                             1924
 MINIMUM TEMPERATURE (F)   73        62      1947


SUNRISE AND SUNSET
JULY 23 2017..........SUNRISE   605 AM CDT   SUNSET   753 PM CDT
JULY 24 2017..........SUNRISE   606 AM CDT   SUNSET   753 PM CDT


-  INDICATES NEGATIVE NUMBERS.
R  INDICATES RECORD WAS SET OR TIED.
MM INDICATES DATA IS MISSING.
T  INDICATES TRACE AMOUNT.




$$
