000
CDUS44 KMOB 180636
CLIMOB


CLIMATE REPORT
NATIONAL WEATHER SERVICE MOBILE AL
126 AM CDT SAT APR 18 2015


...................................

...THE MOBILE CLIMATE SUMMARY FOR APRIL 17 2015...

CLIMATE NORMAL PERIOD 1981 TO 2010
CLIMATE RECORD PERIOD 1842 TO 2015


WEATHER ITEM   OBSERVED TIME   RECORD YEAR NORMAL DEPARTURE LAST
                VALUE   (LST)  VALUE       VALUE  FROM      YEAR
                                                  NORMAL
..................................................................
TEMPERATURE (F)
 YESTERDAY
  MAXIMUM         81    420 PM  89    2006  78      3       71
  MINIMUM         68   1159 PM  42    1983  56     12       44
                                      1962
                                      1949
  AVERAGE         75                        67      8       58

PRECIPITATION (IN)
  YESTERDAY        0.47          2.12 1912   0.16   0.31     0.48
  MONTH TO DATE   11.41                      2.84   8.57     5.88
  SINCE MAR 1     15.37                      8.98   6.39    12.38
  SINCE JAN 1     21.42                     19.75   1.67    19.50

DEGREE DAYS
 HEATING
  YESTERDAY        0                         2     -2        7
  MONTH TO DATE    3                        48    -45       59
  SINCE MAR 1    117                       237   -120      335
  SINCE JUL 1   1819                      1679    140     2038

 COOLING
  YESTERDAY       10                         3      7        0
  MONTH TO DATE  115                        44     71       30
  SINCE MAR 1    211                        83    128       31
  SINCE JAN 1    215                        99    116       43
..................................................................


WIND (MPH)
  HIGHEST WIND SPEED    21   HIGHEST WIND DIRECTION    SE (130)
  HIGHEST GUST SPEED    26   HIGHEST GUST DIRECTION    SE (150)
  AVERAGE WIND SPEED     7.7


SKY COVER
  POSSIBLE SUNSHINE  MM
  AVERAGE SKY COVER 0.8


WEATHER CONDITIONS
 THE FOLLOWING WEATHER WAS RECORDED YESTERDAY.
  THUNDERSTORM
  HEAVY RAIN
  RAIN
  LIGHT RAIN
  FOG


RELATIVE HUMIDITY (PERCENT)
 HIGHEST   100           100 AM
 LOWEST     69           400 PM
 AVERAGE    85

..........................................................


THE MOBILE CLIMATE NORMALS FOR TODAY
                         NORMAL    RECORD    YEAR
 MAXIMUM TEMPERATURE (F)   78        90      2006
 MINIMUM TEMPERATURE (F)   56        40      1999
                                             1997
                                             1921


SUNRISE AND SUNSET
APRIL 18 2015.........SUNRISE   622 AM CDT   SUNSET   723 PM CDT
APRIL 19 2015.........SUNRISE   621 AM CDT   SUNSET   723 PM CDT


-  INDICATES NEGATIVE NUMBERS.
R  INDICATES RECORD WAS SET OR TIED.
MM INDICATES DATA IS MISSING.
T  INDICATES TRACE AMOUNT.




$$
