438
CDUS44 KMOB 252236
CLIMOB


CLIMATE REPORT
NATIONAL WEATHER SERVICE MOBILE AL
534 PM CDT MON SEP 25 2017


...................................

...THE MOBILE CLIMATE SUMMARY FOR SEPTEMBER 25 2017...
VALID TODAY AS OF 0500 PM LOCAL TIME.

CLIMATE NORMAL PERIOD 1981 TO 2010
CLIMATE RECORD PERIOD 1842 TO 2017


WEATHER ITEM   OBSERVED TIME   RECORD YEAR NORMAL DEPARTURE LAST
                VALUE   (LST)  VALUE       VALUE  FROM      YEAR
                                                  NORMAL
..................................................................
TEMPERATURE (F)
 TODAY
  MAXIMUM         85   1253 PM  94    1961  85      0       93
  MINIMUM         72    625 AM  50    1990  65      7       71
  AVERAGE         79                        75      4       82

PRECIPITATION (IN)
  TODAY            T             6.19 2002   0.17  -0.17     0.01
  MONTH TO DATE    1.98                      4.31  -2.33     3.67
  SINCE MAR 1     52.23                     40.70  11.53    41.19
  SINCE JAN 1     64.44                     51.47  12.97    50.64

DEGREE DAYS
 COOLING
  TODAY           14                        10      4       17
  MONTH TO DATE  317                       330    -13      413
  SINCE SEP 1    317                       330    -13      413
  SINCE JAN 1   2403                      2257    146     2463
..................................................................


WIND (MPH)
  HIGHEST WIND SPEED    16   HIGHEST WIND DIRECTION    NE (60)
  HIGHEST GUST SPEED    19   HIGHEST GUST DIRECTION    NE (50)
  AVERAGE WIND SPEED     7.5


SKY COVER
  POSSIBLE SUNSHINE  MM
  AVERAGE SKY COVER 0.8


WEATHER CONDITIONS
 THE FOLLOWING WEATHER WAS RECORDED TODAY.
  THUNDERSTORM
  RAIN


RELATIVE HUMIDITY (PERCENT)
 HIGHEST    93           500 AM
 LOWEST     65           200 PM
 AVERAGE    79

..........................................................


THE MOBILE CLIMATE NORMALS FOR TOMORROW
                         NORMAL    RECORD    YEAR
 MAXIMUM TEMPERATURE (F)   85        94      1977
 MINIMUM TEMPERATURE (F)   65        50      2001
                                             1994
                                             1975


SUNRISE AND SUNSET
SEPTEMBER 25 2017.....SUNRISE   643 AM CDT   SUNSET   645 PM CDT
SEPTEMBER 26 2017.....SUNRISE   644 AM CDT   SUNSET   644 PM CDT


-  INDICATES NEGATIVE NUMBERS.
R  INDICATES RECORD WAS SET OR TIED.
MM INDICATES DATA IS MISSING.
T  INDICATES TRACE AMOUNT.




$$
