000
CDUS44 KMOB 270645
CLIMOB


CLIMATE REPORT
NATIONAL WEATHER SERVICE MOBILE AL
145 AM CDT TUE SEP 27 2016


...................................

...THE MOBILE CLIMATE SUMMARY FOR SEPTEMBER 26 2016...

CLIMATE NORMAL PERIOD 1981 TO 2010
CLIMATE RECORD PERIOD 1842 TO 2016


WEATHER ITEM   OBSERVED TIME   RECORD YEAR NORMAL DEPARTURE LAST
                VALUE   (LST)  VALUE       VALUE  FROM      YEAR
                                                  NORMAL
..................................................................
TEMPERATURE (F)
 YESTERDAY
  MAXIMUM         92    146 PM  94    1977  85      7       87
  MINIMUM         69    615 AM  50    2001  65      4       65
                                      1994
                                      1975
  AVERAGE         81                        75      6       76

PRECIPITATION (IN)
  YESTERDAY        1.57          3.27 1881   0.17   1.40     0.00
  MONTH TO DATE    5.24                      4.48   0.76     2.05
  SINCE MAR 1     42.76                     40.87   1.89    43.07
  SINCE JAN 1     52.21                     51.64   0.57    49.12

DEGREE DAYS
 HEATING
  YESTERDAY        0                         0      0        0
  MONTH TO DATE    0                         0      0        0
  SINCE SEP 1      0                         0      0        0
  SINCE JUL 1      0                         0      0        0

 COOLING
  YESTERDAY       16                        10      6       11
  MONTH TO DATE  430                       340     90      335
  SINCE SEP 1    430                       340     90      335
  SINCE JAN 1   2480                      2267    213     2515
..................................................................


WIND (MPH)
  HIGHEST WIND SPEED    35   HIGHEST WIND DIRECTION    NE (60)
  HIGHEST GUST SPEED    41   HIGHEST GUST DIRECTION    NE (60)
  AVERAGE WIND SPEED     2.2


SKY COVER
  POSSIBLE SUNSHINE  MM
  AVERAGE SKY COVER 0.4


WEATHER CONDITIONS
 THE FOLLOWING WEATHER WAS RECORDED YESTERDAY.
  THUNDERSTORM
  HEAVY RAIN
  RAIN
  LIGHT RAIN
  FOG


RELATIVE HUMIDITY (PERCENT)
 HIGHEST   100           400 AM
 LOWEST     49           100 PM
 AVERAGE    75

..........................................................


THE MOBILE CLIMATE NORMALS FOR TODAY
                         NORMAL    RECORD    YEAR
 MAXIMUM TEMPERATURE (F)   84        94      1954
 MINIMUM TEMPERATURE (F)   64        50      2001
                                             1975
                                             1899


SUNRISE AND SUNSET
SEPTEMBER 27 2016.....SUNRISE   644 AM CDT   SUNSET   643 PM CDT
SEPTEMBER 28 2016.....SUNRISE   645 AM CDT   SUNSET   641 PM CDT


-  INDICATES NEGATIVE NUMBERS.
R  INDICATES RECORD WAS SET OR TIED.
MM INDICATES DATA IS MISSING.
T  INDICATES TRACE AMOUNT.




$$
