000
CDUS44 KMOB 290627
CLIMOB


CLIMATE REPORT
NATIONAL WEATHER SERVICE MOBILE AL
126 AM CDT WED JUN 29 2016


...................................

...THE MOBILE CLIMATE SUMMARY FOR JUNE 28 2016...

CLIMATE NORMAL PERIOD 1981 TO 2010
CLIMATE RECORD PERIOD 1842 TO 2016


WEATHER ITEM   OBSERVED TIME   RECORD YEAR NORMAL DEPARTURE LAST
                VALUE   (LST)  VALUE       VALUE  FROM      YEAR
                                                  NORMAL
..................................................................
TEMPERATURE (F)
 YESTERDAY
  MAXIMUM         90   1048 AM 100    1969  90      0       88
                                      1954
                                      1877
  MINIMUM         74   1159 PM  62    1958  72      2       73
  AVERAGE         82                        81      1       81

PRECIPITATION (IN)
  YESTERDAY        2.35          4.16 1946   0.23   2.12     0.28
  MONTH TO DATE    7.13                      5.65   1.48     5.06
  SINCE MAR 1     25.84                     21.72   4.12    30.97
  SINCE JAN 1     35.29                     32.49   2.80    37.02

DEGREE DAYS
 COOLING
  YESTERDAY       17                        16      1       16
  MONTH TO DATE  447                       411     36      448
  SINCE JUN 1    447                       411     36      448
  SINCE JAN 1    906                       856     50     1048
..................................................................


WIND (MPH)
  HIGHEST WIND SPEED    28   HIGHEST WIND DIRECTION     E (100)
  HIGHEST GUST SPEED    32   HIGHEST GUST DIRECTION     E (100)
  AVERAGE WIND SPEED     4.6


SKY COVER
  POSSIBLE SUNSHINE  MM
  AVERAGE SKY COVER 0.5


WEATHER CONDITIONS
 THE FOLLOWING WEATHER WAS RECORDED YESTERDAY.
  THUNDERSTORM
  HEAVY RAIN
  RAIN
  LIGHT RAIN
  FOG


RELATIVE HUMIDITY (PERCENT)
 HIGHEST   100           900 PM
 LOWEST     59          1100 AM
 AVERAGE    80

..........................................................


THE MOBILE CLIMATE NORMALS FOR TODAY
                         NORMAL    RECORD    YEAR
 MAXIMUM TEMPERATURE (F)   90       102      1954
 MINIMUM TEMPERATURE (F)   72        64      1961


SUNRISE AND SUNSET
JUNE 29 2016..........SUNRISE   553 AM CDT   SUNSET   800 PM CDT
JUNE 30 2016..........SUNRISE   554 AM CDT   SUNSET   800 PM CDT


-  INDICATES NEGATIVE NUMBERS.
R  INDICATES RECORD WAS SET OR TIED.
MM INDICATES DATA IS MISSING.
T  INDICATES TRACE AMOUNT.




$$
