000
CDUS44 KMOB 270645
CLIMOB


CLIMATE REPORT
NATIONAL WEATHER SERVICE MOBILE AL
145 AM CDT THU APR 27 2017


...................................

...THE MOBILE CLIMATE SUMMARY FOR APRIL 26 2017...

CLIMATE NORMAL PERIOD 1981 TO 2010
CLIMATE RECORD PERIOD 1842 TO 2017


WEATHER ITEM   OBSERVED TIME   RECORD YEAR NORMAL DEPARTURE LAST
                VALUE   (LST)  VALUE       VALUE  FROM      YEAR
                                                  NORMAL
..................................................................
TEMPERATURE (F)
 YESTERDAY
  MAXIMUM         81    140 PM  89    1989  80      1       83
                                      1945
  MINIMUM         59    355 AM  46    1992  58      1       62
                                      1983
                                      1910
  AVERAGE         70                        69      1       73

PRECIPITATION (IN)
  YESTERDAY        T             3.81 1964   0.16  -0.16     0.00
  MONTH TO DATE    3.34                      4.19  -0.85     4.14
  SINCE MAR 1      6.48                     10.33  -3.85    14.30
  SINCE JAN 1     18.69                     21.10  -2.41    23.75

DEGREE DAYS
 HEATING
  YESTERDAY        0                         1     -1        0
  MONTH TO DATE   23                        58    -35       21
  SINCE MAR 1    142                       247   -105      117
  SINCE JUL 1    913                      1689   -776     1215

 COOLING
  YESTERDAY        5                         5      0        8
  MONTH TO DATE  118                        82     36       64
  SINCE MAR 1    213                       121     92      134
  SINCE JAN 1    288                       137    151      148
..................................................................


WIND (MPH)
  HIGHEST WIND SPEED    22   HIGHEST WIND DIRECTION    SE (130)
  HIGHEST GUST SPEED    27   HIGHEST GUST DIRECTION    SE (130)
  AVERAGE WIND SPEED    12.5


SKY COVER
  POSSIBLE SUNSHINE  MM
  AVERAGE SKY COVER 0.6


WEATHER CONDITIONS
 THE FOLLOWING WEATHER WAS RECORDED YESTERDAY.
  FOG
  HAZE


RELATIVE HUMIDITY (PERCENT)
 HIGHEST    90           200 AM
 LOWEST     51          1200 PM
 AVERAGE    71

..........................................................


THE MOBILE CLIMATE NORMALS FOR TODAY
                         NORMAL    RECORD    YEAR
 MAXIMUM TEMPERATURE (F)   80        89      1989
                                             1987
                                             1905
 MINIMUM TEMPERATURE (F)   58        42      1992


SUNRISE AND SUNSET
APRIL 27 2017.........SUNRISE   613 AM CDT   SUNSET   729 PM CDT
APRIL 28 2017.........SUNRISE   612 AM CDT   SUNSET   730 PM CDT


-  INDICATES NEGATIVE NUMBERS.
R  INDICATES RECORD WAS SET OR TIED.
MM INDICATES DATA IS MISSING.
T  INDICATES TRACE AMOUNT.




$$
