000
CDUS44 KMOB 272241
CLIMOB


CLIMATE REPORT
NATIONAL WEATHER SERVICE MOBILE AL
538 PM CDT THU AUG 27 2015


...................................

...THE MOBILE CLIMATE SUMMARY FOR AUGUST 27 2015...
VALID TODAY AS OF 0500 PM LOCAL TIME.

CLIMATE NORMAL PERIOD 1981 TO 2010
CLIMATE RECORD PERIOD 1842 TO 2015


WEATHER ITEM   OBSERVED TIME   RECORD YEAR NORMAL DEPARTURE LAST
                VALUE   (LST)  VALUE       VALUE  FROM      YEAR
                                                  NORMAL
..................................................................
TEMPERATURE (F)
 TODAY
  MAXIMUM         87    359 PM  97    2000  90     -3       93
  MINIMUM         62R   551 AM  62    1958  72    -10       72
  AVERAGE         75                        81     -6       83

PRECIPITATION (IN)
  TODAY            0.00          1.90 1984   0.18  -0.18     0.10
  MONTH TO DATE    3.21                      6.24  -3.03     1.78
  SINCE MAR 1     41.02                     35.67   5.35    49.23
  SINCE JAN 1     47.07                     46.44   0.63    56.35

DEGREE DAYS
 COOLING
  TODAY           10                        16     -6       18
  MONTH TO DATE  465                       455     10      468
  SINCE JUN 1   1521                      1421    100     1341
  SINCE JAN 1   2121                      1866    255     1679
..................................................................


WIND (MPH)
  HIGHEST WIND SPEED    16   HIGHEST WIND DIRECTION     N (360)
  HIGHEST GUST SPEED    22   HIGHEST GUST DIRECTION     N (350)
  AVERAGE WIND SPEED     8.1


SKY COVER
  POSSIBLE SUNSHINE  MM
  AVERAGE SKY COVER 0.2


WEATHER CONDITIONS
 THE FOLLOWING WEATHER WAS RECORDED TODAY.
  NO SIGNIFICANT WEATHER WAS OBSERVED.


RELATIVE HUMIDITY (PERCENT)
 HIGHEST    93           400 AM
 LOWEST     40           400 PM
 AVERAGE    67

..........................................................


THE MOBILE CLIMATE NORMALS FOR TOMORROW
                         NORMAL    RECORD    YEAR
 MAXIMUM TEMPERATURE (F)   90        97      2000
                                             1954
                                             1909
 MINIMUM TEMPERATURE (F)   72        66      2013
                                             1992
                                             1952


SUNRISE AND SUNSET
AUGUST 27 2015........SUNRISE   626 AM CDT   SUNSET   722 PM CDT
AUGUST 28 2015........SUNRISE   627 AM CDT   SUNSET   721 PM CDT


-  INDICATES NEGATIVE NUMBERS.
R  INDICATES RECORD WAS SET OR TIED.
MM INDICATES DATA IS MISSING.
T  INDICATES TRACE AMOUNT.




$$
