000
CDUS44 KMOB 310645
CLIMOB


CLIMATE REPORT
NATIONAL WEATHER SERVICE MOBILE AL
145 AM CDT TUE MAY 31 2016


...................................

...THE MOBILE CLIMATE SUMMARY FOR MAY 30 2016...

CLIMATE NORMAL PERIOD 1981 TO 2010
CLIMATE RECORD PERIOD 1842 TO 2016


WEATHER ITEM   OBSERVED TIME   RECORD YEAR NORMAL DEPARTURE LAST
                VALUE   (LST)  VALUE       VALUE  FROM      YEAR
                                                  NORMAL
..................................................................
TEMPERATURE (F)
 YESTERDAY
  MAXIMUM         93    131 PM  97    1911  87      6       87
  MINIMUM         68    520 AM  48    1984  67      1       68
  AVERAGE         81                        77      4       78

PRECIPITATION (IN)
  YESTERDAY        0.00          2.41 1900   0.18  -0.18     0.00
  MONTH TO DATE    2.48                      4.96  -2.48     8.03
  SINCE MAR 1     18.53                     15.89   2.64    25.89
  SINCE JAN 1     27.98                     26.66   1.32    31.94

DEGREE DAYS
 COOLING
  YESTERDAY       16                        12      4       13
  MONTH TO DATE  259                       274    -15      310
  SINCE MAR 1    431                       417     14      585
  SINCE JAN 1    445                       433     12      589
..................................................................


WIND (MPH)
  HIGHEST WIND SPEED    17   HIGHEST WIND DIRECTION     S (190)
  HIGHEST GUST SPEED    21   HIGHEST GUST DIRECTION    SW (210)
  AVERAGE WIND SPEED     4.2


SKY COVER
  POSSIBLE SUNSHINE  MM
  AVERAGE SKY COVER 0.4


WEATHER CONDITIONS
 THE FOLLOWING WEATHER WAS RECORDED YESTERDAY.
  THUNDERSTORM
  FOG
  HAZE


RELATIVE HUMIDITY (PERCENT)
 HIGHEST   100           200 AM
 LOWEST     47          1200 PM
 AVERAGE    74

..........................................................


THE MOBILE CLIMATE NORMALS FOR TODAY
                         NORMAL    RECORD    YEAR
 MAXIMUM TEMPERATURE (F)   87       100      1951
 MINIMUM TEMPERATURE (F)   68        46      1889


SUNRISE AND SUNSET
MAY 31 2016...........SUNRISE   551 AM CDT   SUNSET   751 PM CDT
JUNE  1 2016..........SUNRISE   551 AM CDT   SUNSET   751 PM CDT


-  INDICATES NEGATIVE NUMBERS.
R  INDICATES RECORD WAS SET OR TIED.
MM INDICATES DATA IS MISSING.
T  INDICATES TRACE AMOUNT.




$$
