000
CDUS44 KMOB 010633
CLIMOB


CLIMATE REPORT
NATIONAL WEATHER SERVICE MOBILE AL
132 AM CDT MON SEP 1 2014


...................................

...THE MOBILE CLIMATE SUMMARY FOR AUGUST 31 2014...

CLIMATE NORMAL PERIOD 1981 TO 2010
CLIMATE RECORD PERIOD 1842 TO 2014


WEATHER ITEM   OBSERVED TIME   RECORD YEAR NORMAL DEPARTURE LAST
                VALUE   (LST)  VALUE       VALUE  FROM      YEAR
                                                  NORMAL
..................................................................
TEMPERATURE (F)
 YESTERDAY
  MAXIMUM         92    101 PM  99    1954  90      2       93
  MINIMUM         75   1234 AM  63    1992  72      3       72
  AVERAGE         84                        81      3       83

PRECIPITATION (IN)
  YESTERDAY        T             1.74 1932   0.17  -0.17     0.08
  MONTH TO DATE    2.83                      6.96  -4.13     9.95
  SINCE MAR 1     50.28                     36.39  13.89    37.52
  SINCE JAN 1     57.40                     47.16  10.24    51.70

DEGREE DAYS
 COOLING
  YESTERDAY       19                        16      3       18
  MONTH TO DATE  537                       516     21      498
  SINCE JUN 1   1410                      1482    -72     1466
  SINCE JAN 1   1748                      1927   -179     1830
..................................................................


WIND (MPH)
  HIGHEST WIND SPEED    18   HIGHEST WIND DIRECTION     S (160)
  HIGHEST GUST SPEED    23   HIGHEST GUST DIRECTION     S (170)
  AVERAGE WIND SPEED     6.2


SKY COVER
  POSSIBLE SUNSHINE  MM
  AVERAGE SKY COVER 0.3


WEATHER CONDITIONS
 THE FOLLOWING WEATHER WAS RECORDED YESTERDAY.
  LIGHT RAIN
  FOG


RELATIVE HUMIDITY (PERCENT)
 HIGHEST   100           100 AM
 LOWEST     56           400 PM
 AVERAGE    78

..........................................................


THE MOBILE CLIMATE NORMALS FOR TODAY
                         NORMAL    RECORD    YEAR
 MAXIMUM TEMPERATURE (F)   90        97      1964
                                             1907
 MINIMUM TEMPERATURE (F)   72        62      1946
                                             1915


SUNRISE AND SUNSET
SEPTEMBER  1 2014.....SUNRISE   629 AM CDT   SUNSET   716 PM CDT
SEPTEMBER  2 2014.....SUNRISE   630 AM CDT   SUNSET   715 PM CDT


-  INDICATES NEGATIVE NUMBERS.
R  INDICATES RECORD WAS SET OR TIED.
MM INDICATES DATA IS MISSING.
T  INDICATES TRACE AMOUNT.




$$
