000
CDUS44 KMOB 260645
CLIMOB


CLIMATE REPORT
NATIONAL WEATHER SERVICE MOBILE AL
145 AM CDT SUN APR 26 2015


...................................

...THE MOBILE CLIMATE SUMMARY FOR APRIL 25 2015...

CLIMATE NORMAL PERIOD 1981 TO 2010
CLIMATE RECORD PERIOD 1842 TO 2015


WEATHER ITEM   OBSERVED TIME   RECORD YEAR NORMAL DEPARTURE LAST
                VALUE   (LST)  VALUE       VALUE  FROM      YEAR
                                                  NORMAL
..................................................................
TEMPERATURE (F)
 YESTERDAY
  MAXIMUM         84   1104 AM  88    1989  80      4       86
  MINIMUM         67   1159 PM  39    1910  58      9       67
  AVERAGE         76                        69      7       77

PRECIPITATION (IN)
  YESTERDAY        1.36          5.34 1881   0.15   1.21     0.00
  MONTH TO DATE   13.01                      4.03   8.98     6.26
  SINCE MAR 1     16.97                     10.17   6.80    12.76
  SINCE JAN 1     23.02                     20.94   2.08    19.88

DEGREE DAYS
 HEATING
  YESTERDAY        0                         1     -1        0
  MONTH TO DATE    3                        57    -54       68
  SINCE MAR 1    117                       246   -129      344
  SINCE JUL 1   1819                      1688    131     2047

 COOLING
  YESTERDAY       11                         5      6       12
  MONTH TO DATE  164                        77     87       58
  SINCE MAR 1    260                       116    144       59
  SINCE JAN 1    264                       132    132       71
..................................................................


WIND (MPH)
  HIGHEST WIND SPEED    29   HIGHEST WIND DIRECTION    NW (300)
  HIGHEST GUST SPEED    48   HIGHEST GUST DIRECTION    NW (300)
  AVERAGE WIND SPEED     7.7


SKY COVER
  POSSIBLE SUNSHINE  MM
  AVERAGE SKY COVER 0.7


WEATHER CONDITIONS
 THE FOLLOWING WEATHER WAS RECORDED YESTERDAY.
  THUNDERSTORM
  HEAVY RAIN
  RAIN
  LIGHT RAIN
  FOG


RELATIVE HUMIDITY (PERCENT)
 HIGHEST   100           700 AM
 LOWEST     70          1100 AM
 AVERAGE    85

..........................................................


THE MOBILE CLIMATE NORMALS FOR TODAY
                         NORMAL    RECORD    YEAR
 MAXIMUM TEMPERATURE (F)   80        89      1989
                                             1945
 MINIMUM TEMPERATURE (F)   58        46      1992
                                             1983
                                             1910


SUNRISE AND SUNSET
APRIL 26 2015.........SUNRISE   614 AM CDT   SUNSET   728 PM CDT
APRIL 27 2015.........SUNRISE   613 AM CDT   SUNSET   729 PM CDT


-  INDICATES NEGATIVE NUMBERS.
R  INDICATES RECORD WAS SET OR TIED.
MM INDICATES DATA IS MISSING.
T  INDICATES TRACE AMOUNT.




$$
