000
CDUS44 KMOB 290712
CLIMOB


CLIMATE REPORT
NATIONAL WEATHER SERVICE MOBILE AL
202 AM CDT WED JUL 29 2015


...................................

...THE MOBILE CLIMATE SUMMARY FOR JULY 28 2015...

CLIMATE NORMAL PERIOD 1981 TO 2010
CLIMATE RECORD PERIOD 1842 TO 2015


WEATHER ITEM   OBSERVED TIME   RECORD YEAR NORMAL DEPARTURE LAST
                VALUE   (LST)  VALUE       VALUE  FROM      YEAR
                                                  NORMAL
..................................................................
TEMPERATURE (F)
 YESTERDAY
  MAXIMUM         96    314 PM 100    1968  91      5       94
  MINIMUM         76    553 AM  67    1994  73      3       76
  AVERAGE         86                        82      4       85

PRECIPITATION (IN)
  YESTERDAY        0.00          1.53 1950   0.24  -0.24     0.00
  MONTH TO DATE    6.09                      6.53  -0.44     7.92
  SINCE MAR 1     37.06                     28.71   8.35    47.45
  SINCE JAN 1     43.11                     39.48   3.63    54.57

DEGREE DAYS
 COOLING
  YESTERDAY       21                        17      4       20
  MONTH TO DATE  517                       474     43      428
  SINCE JUN 1    995                       918     77      838
  SINCE JAN 1   1595                      1363    232     1176
..................................................................


WIND (MPH)
  HIGHEST WIND SPEED    10   HIGHEST WIND DIRECTION     N (350)
  HIGHEST GUST SPEED    13   HIGHEST GUST DIRECTION    NW (330)
  AVERAGE WIND SPEED     3.9


SKY COVER
  POSSIBLE SUNSHINE  MM
  AVERAGE SKY COVER 0.5


WEATHER CONDITIONS
 THE FOLLOWING WEATHER WAS RECORDED YESTERDAY.
  FOG


RELATIVE HUMIDITY (PERCENT)
 HIGHEST    91          1000 PM
 LOWEST     46           200 PM
 AVERAGE    69

..........................................................


THE MOBILE CLIMATE NORMALS FOR TODAY
                         NORMAL    RECORD    YEAR
 MAXIMUM TEMPERATURE (F)   91       100      1877
 MINIMUM TEMPERATURE (F)   73        66      1994


SUNRISE AND SUNSET
JULY 29 2015..........SUNRISE   609 AM CDT   SUNSET   750 PM CDT
JULY 30 2015..........SUNRISE   609 AM CDT   SUNSET   749 PM CDT


-  INDICATES NEGATIVE NUMBERS.
R  INDICATES RECORD WAS SET OR TIED.
MM INDICATES DATA IS MISSING.
T  INDICATES TRACE AMOUNT.




$$
