000
CDUS44 KMOB 310628
CLIMOB


CLIMATE REPORT
NATIONAL WEATHER SERVICE MOBILE AL
128 AM CDT SUN AUG 31 2014


...................................

...THE MOBILE CLIMATE SUMMARY FOR AUGUST 30 2014...

CLIMATE NORMAL PERIOD 1981 TO 2010
CLIMATE RECORD PERIOD 1842 TO 2014


WEATHER ITEM   OBSERVED TIME   RECORD YEAR NORMAL DEPARTURE LAST
                VALUE   (LST)  VALUE       VALUE  FROM      YEAR
                                                  NORMAL
..................................................................
TEMPERATURE (F)
 YESTERDAY
  MAXIMUM         90   1117 AM 102    1954  90      0       92
                                      1951
  MINIMUM         75   1156 PM  61    1992  72      3       71
  AVERAGE         83                        81      2       82

PRECIPITATION (IN)
  YESTERDAY        0.01          3.98 1950   0.19  -0.18     0.00
  MONTH TO DATE    2.83                      6.79  -3.96     9.87
  SINCE MAR 1     50.28                     36.22  14.06    37.44
  SINCE JAN 1     57.40                     46.99  10.41    51.62

DEGREE DAYS
 COOLING
  YESTERDAY       18                        16      2       17
  MONTH TO DATE  518                       503     15      480
  SINCE JUN 1   1391                      1469    -78     1448
  SINCE JAN 1   1729                      1914   -185     1812
..................................................................


WIND (MPH)
  HIGHEST WIND SPEED    21   HIGHEST WIND DIRECTION    SE (130)
  HIGHEST GUST SPEED    26   HIGHEST GUST DIRECTION     S (160)
  AVERAGE WIND SPEED     7.8


SKY COVER
  POSSIBLE SUNSHINE  MM
  AVERAGE SKY COVER 0.4


WEATHER CONDITIONS
 THE FOLLOWING WEATHER WAS RECORDED YESTERDAY.
  THUNDERSTORM
  LIGHT RAIN


RELATIVE HUMIDITY (PERCENT)
 HIGHEST   100          1200 AM
 LOWEST     64          1100 AM
 AVERAGE    82

..........................................................


THE MOBILE CLIMATE NORMALS FOR TODAY
                         NORMAL    RECORD    YEAR
 MAXIMUM TEMPERATURE (F)   90        99      1954
 MINIMUM TEMPERATURE (F)   72        63      1992


SUNRISE AND SUNSET
AUGUST 31 2014........SUNRISE   629 AM CDT   SUNSET   717 PM CDT
SEPTEMBER  1 2014.....SUNRISE   629 AM CDT   SUNSET   716 PM CDT


-  INDICATES NEGATIVE NUMBERS.
R  INDICATES RECORD WAS SET OR TIED.
MM INDICATES DATA IS MISSING.
T  INDICATES TRACE AMOUNT.




$$
