000
CDUS44 KMOB 012247
CLIMOB


CLIMATE REPORT
NATIONAL WEATHER SERVICE MOBILE AL
544 PM CDT FRI AUG 1 2014


...................................

...THE MOBILE CLIMATE SUMMARY FOR AUGUST 1 2014...
VALID TODAY AS OF 0500 PM LOCAL TIME.

CLIMATE NORMAL PERIOD 1981 TO 2010
CLIMATE RECORD PERIOD 1842 TO 2014


WEATHER ITEM   OBSERVED TIME   RECORD YEAR NORMAL DEPARTURE LAST
                VALUE   (LST)  VALUE       VALUE  FROM      YEAR
                                                  NORMAL
..................................................................
TEMPERATURE (F)
 TODAY
  MAXIMUM         85    140 PM 101    2010  91     -6       93
  MINIMUM         69   1226 AM  66    1936  73     -4       73
  AVERAGE         77                        82     -5       83

PRECIPITATION (IN)
  TODAY            T             5.65 1984   0.26  -0.26     0.95
  MONTH TO DATE    T                         0.26  -0.26     0.95
  SINCE MAR 1     47.45                     29.69  17.76    28.52
  SINCE JAN 1     54.57                     40.46  14.11    42.70

DEGREE DAYS
 COOLING
  TODAY           12                        17     -5       18
  MONTH TO DATE   12                        17     -5       18
  SINCE JUN 1    885                       983    -98      986
  SINCE JAN 1   1223                      1428   -205     1350
..................................................................


WIND (MPH)
  HIGHEST WIND SPEED     8   HIGHEST WIND DIRECTION    NW (310)
  HIGHEST GUST SPEED    12   HIGHEST GUST DIRECTION    NW (310)
  AVERAGE WIND SPEED     2.2


SKY COVER
  POSSIBLE SUNSHINE  MM
  AVERAGE SKY COVER 0.8


WEATHER CONDITIONS
 THE FOLLOWING WEATHER WAS RECORDED TODAY.
  LIGHT RAIN


RELATIVE HUMIDITY (PERCENT)
 HIGHEST    90          1200 AM
 LOWEST     58           100 PM
 AVERAGE    74

..........................................................


THE MOBILE CLIMATE NORMALS FOR TOMORROW
                         NORMAL    RECORD    YEAR
 MAXIMUM TEMPERATURE (F)   91       101      2010
 MINIMUM TEMPERATURE (F)   73        68      1984
                                             1925
                                             1890


SUNRISE AND SUNSET
AUGUST  1 2014........SUNRISE   611 AM CDT   SUNSET   747 PM CDT
AUGUST  2 2014........SUNRISE   611 AM CDT   SUNSET   747 PM CDT


-  INDICATES NEGATIVE NUMBERS.
R  INDICATES RECORD WAS SET OR TIED.
MM INDICATES DATA IS MISSING.
T  INDICATES TRACE AMOUNT.




$$
