000
CDUS44 KMOB 220645
CLIMOB


CLIMATE REPORT
NATIONAL WEATHER SERVICE MOBILE AL
145 AM CDT MON SEP 22 2014


...................................

...THE MOBILE CLIMATE SUMMARY FOR SEPTEMBER 21 2014...

CLIMATE NORMAL PERIOD 1981 TO 2010
CLIMATE RECORD PERIOD 1842 TO 2014


WEATHER ITEM   OBSERVED TIME   RECORD YEAR NORMAL DEPARTURE LAST
                VALUE   (LST)  VALUE       VALUE  FROM      YEAR
                                                  NORMAL
..................................................................
TEMPERATURE (F)
 YESTERDAY
  MAXIMUM         89    331 PM  99    1925  86      3       78
  MINIMUM         67    556 AM  51    1918  67      0       70
  AVERAGE         78                        76      2       74

PRECIPITATION (IN)
  YESTERDAY        0.00          2.44 1898   0.17  -0.17     0.18
  MONTH TO DATE    4.62                      3.64   0.98     3.14
  SINCE MAR 1     54.90                     40.03  14.87    40.66
  SINCE JAN 1     62.02                     50.80  11.22    54.84

DEGREE DAYS
 HEATING
  YESTERDAY        0                         0      0        0
  MONTH TO DATE    0                         0      0        0
  SINCE SEP 1      0                         0      0        0
  SINCE JUL 1      0                         0      0        0

 COOLING
  YESTERDAY       13                        11      2        9
  MONTH TO DATE  331                       288     43      344
  SINCE SEP 1    331                       288     43      344
  SINCE JAN 1   2079                      2215   -136     2174
..................................................................


WIND (MPH)
  HIGHEST WIND SPEED    10   HIGHEST WIND DIRECTION     S (180)
  HIGHEST GUST SPEED    14   HIGHEST GUST DIRECTION     E (80)
  AVERAGE WIND SPEED     4.8


SKY COVER
  POSSIBLE SUNSHINE  MM
  AVERAGE SKY COVER 0.3


WEATHER CONDITIONS
 THE FOLLOWING WEATHER WAS RECORDED YESTERDAY.
  FOG


RELATIVE HUMIDITY (PERCENT)
 HIGHEST   100           600 AM
 LOWEST     47           300 PM
 AVERAGE    74

..........................................................


THE MOBILE CLIMATE NORMALS FOR TODAY
                         NORMAL    RECORD    YEAR
 MAXIMUM TEMPERATURE (F)   86        98      1925
 MINIMUM TEMPERATURE (F)   66        47      1983


SUNRISE AND SUNSET
SEPTEMBER 22 2014.....SUNRISE   641 AM CDT   SUNSET   650 PM CDT
SEPTEMBER 23 2014.....SUNRISE   642 AM CDT   SUNSET   648 PM CDT


-  INDICATES NEGATIVE NUMBERS.
R  INDICATES RECORD WAS SET OR TIED.
MM INDICATES DATA IS MISSING.
T  INDICATES TRACE AMOUNT.




$$
