000
CDUS44 KMOB 180645
CLIMOB


CLIMATE REPORT
NATIONAL WEATHER SERVICE MOBILE AL
1245 AM CST WED JAN 18 2017


...................................

...THE MOBILE CLIMATE SUMMARY FOR JANUARY 17 2017...

CLIMATE NORMAL PERIOD 1981 TO 2010
CLIMATE RECORD PERIOD 1842 TO 2017


WEATHER ITEM   OBSERVED TIME   RECORD YEAR NORMAL DEPARTURE LAST
                VALUE   (LST)  VALUE       VALUE  FROM      YEAR
                                                  NORMAL
..................................................................
TEMPERATURE (F)
 YESTERDAY
  MAXIMUM         79R   120 PM  78    1974  61     18       56
  MINIMUM         64   1259 AM  15    1977  40     24       33
  AVERAGE         72                        50     22       45

PRECIPITATION (IN)
  YESTERDAY        T             3.15 1926   0.18  -0.18     0.00
  MONTH TO DATE    8.85                      3.03   5.82     2.53
  SINCE MAR 1     61.99                     58.41   3.58    77.85
  SINCE JAN 1      8.85                      3.03   5.82     2.53

SNOWFALL (IN)
  YESTERDAY        0.0          MM      MM   0.0    0.0      0.0
  MONTH TO DATE    0.0                       0.0    0.0      0.0
  SINCE MAR 1      0.0                       0.1   -0.1      0.0
  SINCE JUL 1      0.0                       T      0.0      0.0
  SNOW DEPTH       0

DEGREE DAYS
 HEATING
  YESTERDAY        0                        15    -15       20
  MONTH TO DATE  144                       255   -111      285
  SINCE DEC 1    419                       659   -240      463
  SINCE JUL 1    553                       917   -364      589

 COOLING
  YESTERDAY        7                         0      7        0
  MONTH TO DATE   25                         0     25        0
  SINCE DEC 1     66                        15     51       71
  SINCE JAN 1     25                         0     25        0
..................................................................


WIND (MPH)
  HIGHEST WIND SPEED    17   HIGHEST WIND DIRECTION     S (190)
  HIGHEST GUST SPEED    23   HIGHEST GUST DIRECTION    SW (210)
  AVERAGE WIND SPEED     9.0


SKY COVER
  POSSIBLE SUNSHINE  MM
  AVERAGE SKY COVER 0.9


WEATHER CONDITIONS
 THE FOLLOWING WEATHER WAS RECORDED YESTERDAY.
  FOG
  FOG W/VISIBILITY <= 1/4 MILE
  HAZE


RELATIVE HUMIDITY (PERCENT)
 HIGHEST   100           800 AM
 LOWEST     64           100 PM
 AVERAGE    82

..........................................................


THE MOBILE CLIMATE NORMALS FOR TODAY
                         NORMAL    RECORD    YEAR
 MAXIMUM TEMPERATURE (F)   61        77      1974
                                             1952
                                             1950
 MINIMUM TEMPERATURE (F)   40        14      1948


SUNRISE AND SUNSET
JANUARY 18 2017.......SUNRISE   650 AM CST   SUNSET   517 PM CST
JANUARY 19 2017.......SUNRISE   650 AM CST   SUNSET   518 PM CST


-  INDICATES NEGATIVE NUMBERS.
R  INDICATES RECORD WAS SET OR TIED.
MM INDICATES DATA IS MISSING.
T  INDICATES TRACE AMOUNT.




$$
