000
CDUS44 KMOB 232326
CLIMOB


CLIMATE REPORT
NATIONAL WEATHER SERVICE MOBILE AL
526 PM CST THU NOV 23 2017


...................................

...THE MOBILE CLIMATE SUMMARY FOR NOVEMBER 23 2017...
VALID TODAY AS OF 0500 PM LOCAL TIME.

CLIMATE NORMAL PERIOD 1981 TO 2010
CLIMATE RECORD PERIOD 1842 TO 2017


WEATHER ITEM   OBSERVED TIME   RECORD YEAR NORMAL DEPARTURE LAST
                VALUE   (LST)  VALUE       VALUE  FROM      YEAR
                                                  NORMAL
..................................................................
TEMPERATURE (F)
 TODAY
  MAXIMUM         64    240 PM  83    1973  68     -4       77
  MINIMUM         38    645 AM  25    1956  47     -9       45
  AVERAGE         51                        58     -7       61

PRECIPITATION (IN)
  TODAY            0.00          2.46 1948   0.17  -0.17     0.00
  MONTH TO DATE    0.32                      3.97  -3.65     0.51
  SINCE MAR 1     67.04                     49.16  17.88    43.27
  SINCE JAN 1     79.25                     59.93  19.32    52.72

DEGREE DAYS
 HEATING
  TODAY           14                         8      6        4
  MONTH TO DATE  104                       136    -32       94
  SINCE SEP 1    162                       191    -29      105
  SINCE JUL 1    162                       191    -29      105

 COOLING
  TODAY            0                         1     -1        0
  MONTH TO DATE   56                        35     21       43
  SINCE SEP 1    689                       570    119      741
  SINCE JAN 1   2775                      2497    278     2791
..................................................................


WIND (MPH)
  HIGHEST WIND SPEED    16   HIGHEST WIND DIRECTION     N (350)
  HIGHEST GUST SPEED    25   HIGHEST GUST DIRECTION     N (340)
  AVERAGE WIND SPEED    11.0


SKY COVER
  POSSIBLE SUNSHINE  MM
  AVERAGE SKY COVER 0.1


WEATHER CONDITIONS
 THE FOLLOWING WEATHER WAS RECORDED TODAY.
  NO SIGNIFICANT WEATHER WAS OBSERVED.


RELATIVE HUMIDITY (PERCENT)
 HIGHEST    70           500 AM
 LOWEST     27           300 PM
 AVERAGE    49

..........................................................


THE MOBILE CLIMATE NORMALS FOR TOMORROW
                         NORMAL    RECORD    YEAR
 MAXIMUM TEMPERATURE (F)   68        81      1973
 MINIMUM TEMPERATURE (F)   46        24      1970


SUNRISE AND SUNSET
NOVEMBER 23 2017......SUNRISE   626 AM CST   SUNSET   452 PM CST
NOVEMBER 24 2017......SUNRISE   627 AM CST   SUNSET   452 PM CST


-  INDICATES NEGATIVE NUMBERS.
R  INDICATES RECORD WAS SET OR TIED.
MM INDICATES DATA IS MISSING.
T  INDICATES TRACE AMOUNT.




$$
