000
CDUS44 KMOB 180645
CLIMOB


CLIMATE REPORT
NATIONAL WEATHER SERVICE MOBILE AL
1245 AM CST SUN FEB 18 2018


...................................

...THE MOBILE CLIMATE SUMMARY FOR FEBRUARY 17 2018...

CLIMATE NORMAL PERIOD 1981 TO 2010
CLIMATE RECORD PERIOD 1842 TO 2018


WEATHER ITEM   OBSERVED TIME   RECORD YEAR NORMAL DEPARTURE LAST
                VALUE   (LST)  VALUE       VALUE  FROM      YEAR
                                                  NORMAL
..................................................................
TEMPERATURE (F)
 YESTERDAY
  MAXIMUM         80R   310 PM  79    1967  65     15       66
  MINIMUM         65   1146 PM  20    1996  44     21       36
  AVERAGE         73                        54     19       51

PRECIPITATION (IN)
  YESTERDAY        0.00          2.94 1992   0.17  -0.17     0.17
  MONTH TO DATE    4.89                      3.09   1.80     0.79
  SINCE MAR 1     80.02                     64.12  15.90    64.86
  SINCE JAN 1      8.45                      8.74  -0.29    11.72

SNOWFALL (IN)
  YESTERDAY        0.0          MM      MM   0.0    0.0      0.0
  MONTH TO DATE    0.0                       0.1   -0.1      0.0
  SINCE MAR 1      1.1                       0.2    0.9      0.0
  SINCE JUL 1      1.1                       0.1    1.0      0.0
  SNOW DEPTH       0

DEGREE DAYS
 HEATING
  YESTERDAY        0                        11    -11       14
  MONTH TO DATE   93                       214   -121      103
  SINCE DEC 1   1041                      1077    -36      617
  SINCE JUL 1   1257                      1335    -78      751

 COOLING
  YESTERDAY        8                         0      8        0
  MONTH TO DATE   28                         0     28       15
  SINCE DEC 1     46                        22     24      102
  SINCE JAN 1     30                         7     23       61
..................................................................


WIND (MPH)
  HIGHEST WIND SPEED    18   HIGHEST WIND DIRECTION    SW (210)
  HIGHEST GUST SPEED    24   HIGHEST GUST DIRECTION    SW (210)
  AVERAGE WIND SPEED     7.5


SKY COVER
  POSSIBLE SUNSHINE  MM
  AVERAGE SKY COVER 0.6


WEATHER CONDITIONS
 THE FOLLOWING WEATHER WAS RECORDED YESTERDAY.
  FOG
  FOG W/VISIBILITY <= 1/4 MILE


RELATIVE HUMIDITY (PERCENT)
 HIGHEST   100          1100 PM
 LOWEST     56           100 PM
 AVERAGE    78

..........................................................


THE MOBILE CLIMATE NORMALS FOR TODAY
                         NORMAL    RECORD    YEAR
 MAXIMUM TEMPERATURE (F)   65        80      2000
                                             1976
                                             1887
 MINIMUM TEMPERATURE (F)   44        19      1900


SUNRISE AND SUNSET
FEBRUARY 18 2018......SUNRISE   631 AM CST   SUNSET   543 PM CST
FEBRUARY 19 2018......SUNRISE   630 AM CST   SUNSET   544 PM CST


-  INDICATES NEGATIVE NUMBERS.
R  INDICATES RECORD WAS SET OR TIED.
MM INDICATES DATA IS MISSING.
T  INDICATES TRACE AMOUNT.




$$
