000
CDUS44 KMOB 260645
CLIMOB


CLIMATE REPORT
NATIONAL WEATHER SERVICE MOBILE AL
1245 AM CST WED NOV 26 2014


...................................

...THE MOBILE CLIMATE SUMMARY FOR NOVEMBER 25 2014...

CLIMATE NORMAL PERIOD 1981 TO 2010
CLIMATE RECORD PERIOD 1842 TO 2014


WEATHER ITEM   OBSERVED TIME   RECORD YEAR NORMAL DEPARTURE LAST
                VALUE   (LST)  VALUE       VALUE  FROM      YEAR
                                                  NORMAL
..................................................................
TEMPERATURE (F)
 YESTERDAY
  MAXIMUM         62    110 PM  84    1973  68     -6       58
  MINIMUM         47   1159 PM  22    1950  46      1       38
  AVERAGE         55                        57     -2       48

PRECIPITATION (IN)
  YESTERDAY        0.00          2.97 1944   0.17  -0.17     0.15
  MONTH TO DATE    1.48                      4.30  -2.82     1.68
  SINCE MAR 1     60.32                     49.49  10.83    45.98
  SINCE JAN 1     67.44                     60.26   7.18    60.16

SNOWFALL (IN)
  YESTERDAY        0.0           0.0  2002   0.0    0.0      0.0
                                      2001
                                      2000
  MONTH TO DATE    0.0                       0.0    0.0      0.0
  SINCE MAR 1      0.0                       0.1   -0.1      0.0
  SINCE JUL 1      0.0                       0.0    0.0      0.0
  SNOW DEPTH       0

DEGREE DAYS
 HEATING
  YESTERDAY       10                         9      1       17
  MONTH TO DATE  289                       154    135      152
  SINCE SEP 1    329                       209    120      182
  SINCE JUL 1    329                       209    120      182

 COOLING
  YESTERDAY        0                         1     -1        0
  MONTH TO DATE    8                        37    -29       15
  SINCE SEP 1    556                       572    -16      665
  SINCE JAN 1   2304                      2499   -195     2495
..................................................................


WIND (MPH)
  HIGHEST WIND SPEED    20   HIGHEST WIND DIRECTION     N (350)
  HIGHEST GUST SPEED    25   HIGHEST GUST DIRECTION     N (340)
  AVERAGE WIND SPEED    11.0


SKY COVER
  POSSIBLE SUNSHINE  MM
  AVERAGE SKY COVER 0.8


WEATHER CONDITIONS
 THE FOLLOWING WEATHER WAS RECORDED YESTERDAY.
  NO SIGNIFICANT WEATHER WAS OBSERVED.


RELATIVE HUMIDITY (PERCENT)
 HIGHEST    61           500 AM
 LOWEST     29           100 PM
 AVERAGE    45

..........................................................


THE MOBILE CLIMATE NORMALS FOR TODAY
                         NORMAL    RECORD    YEAR
 MAXIMUM TEMPERATURE (F)   67        82      1973
                                             1967
 MINIMUM TEMPERATURE (F)   46        29      1950


SUNRISE AND SUNSET
NOVEMBER 26 2014......SUNRISE   629 AM CST   SUNSET   452 PM CST
NOVEMBER 27 2014......SUNRISE   629 AM CST   SUNSET   452 PM CST


-  INDICATES NEGATIVE NUMBERS.
R  INDICATES RECORD WAS SET OR TIED.
MM INDICATES DATA IS MISSING.
T  INDICATES TRACE AMOUNT.




$$
