000
CDUS44 KMOB 220645
CLIMOB


CLIMATE REPORT
NATIONAL WEATHER SERVICE MOBILE AL
1245 AM CST MON DEC 22 2014


...................................

...THE MOBILE CLIMATE SUMMARY FOR DECEMBER 21 2014...

CLIMATE NORMAL PERIOD 1981 TO 2010
CLIMATE RECORD PERIOD 1842 TO 2014


WEATHER ITEM   OBSERVED TIME   RECORD YEAR NORMAL DEPARTURE LAST
                VALUE   (LST)  VALUE       VALUE  FROM      YEAR
                                                  NORMAL
..................................................................
TEMPERATURE (F)
 YESTERDAY
  MAXIMUM         56    411 PM  79    1998  62     -6       75
  MINIMUM         48    733 AM  16    1901  41      7       68
  AVERAGE         52                        52      0       72

PRECIPITATION (IN)
  YESTERDAY        0.00          2.03 1918   0.17  -0.17     0.01
  MONTH TO DATE    1.87                      3.36  -1.49     1.12
  SINCE MAR 1     62.19                     53.68   8.51    48.85
  SINCE JAN 1     69.31                     64.45   4.86    63.03

SNOWFALL (IN)
  YESTERDAY        0.0           0.0  2001   0.0    0.0      0.0
                                      2000
  MONTH TO DATE    0.0                       0.0    0.0      0.0
  SINCE MAR 1      0.0                       0.1   -0.1      0.0
  SINCE JUL 1      0.0                       0.0    0.0      0.0
  SNOW DEPTH       0

DEGREE DAYS
 HEATING
  YESTERDAY       13                        14     -1        0
  MONTH TO DATE  216                       259    -43      211
  SINCE DEC 1    216                       259    -43      211
  SINCE JUL 1    609                       517     92      495

 COOLING
  YESTERDAY        0                         0      0        7
  MONTH TO DATE    1                         8     -7       27
  SINCE DEC 1      1                         8     -7       27
  SINCE JAN 1   2305                      2511   -206     2522
..................................................................


WIND (MPH)
  HIGHEST WIND SPEED    10   HIGHEST WIND DIRECTION    NE (30)
  HIGHEST GUST SPEED    14   HIGHEST GUST DIRECTION    NE (50)
  AVERAGE WIND SPEED     5.5


SKY COVER
  POSSIBLE SUNSHINE  MM
  AVERAGE SKY COVER 1.0


WEATHER CONDITIONS
 THE FOLLOWING WEATHER WAS RECORDED YESTERDAY.
  FOG
  HAZE


RELATIVE HUMIDITY (PERCENT)
 HIGHEST   100           400 AM
 LOWEST     86          1100 AM
 AVERAGE    93

..........................................................


THE MOBILE CLIMATE NORMALS FOR TODAY
                         NORMAL    RECORD    YEAR
 MAXIMUM TEMPERATURE (F)   62        79      1884
 MINIMUM TEMPERATURE (F)   41        13      1989


SUNRISE AND SUNSET
DECEMBER 22 2014......SUNRISE   647 AM CST   SUNSET   457 PM CST
DECEMBER 23 2014......SUNRISE   647 AM CST   SUNSET   457 PM CST


-  INDICATES NEGATIVE NUMBERS.
R  INDICATES RECORD WAS SET OR TIED.
MM INDICATES DATA IS MISSING.
T  INDICATES TRACE AMOUNT.




$$
