000
CDUS44 KMOB 010627
CLIMOB


CLIMATE REPORT
NATIONAL WEATHER SERVICE MOBILE AL
126 AM CDT SUN MAY 1 2016


...................................

...THE MOBILE CLIMATE SUMMARY FOR APRIL 30 2016...

CLIMATE NORMAL PERIOD 1981 TO 2010
CLIMATE RECORD PERIOD 1842 TO 2016


WEATHER ITEM   OBSERVED TIME   RECORD YEAR NORMAL DEPARTURE LAST
                VALUE   (LST)  VALUE       VALUE  FROM      YEAR
                                                  NORMAL
..................................................................
TEMPERATURE (F)
 YESTERDAY
  MAXIMUM         81   1236 PM  91    2012  81      0       79
  MINIMUM         66    634 PM  45    1874  59      7       51
  AVERAGE         74                        70      4       65

PRECIPITATION (IN)
  YESTERDAY        1.22          4.43 2005   0.14   1.08     0.00
  MONTH TO DATE    5.89                      4.79   1.10    13.90
  SINCE MAR 1     16.05                     10.93   5.12    17.86
  SINCE JAN 1     25.50                     21.70   3.80    23.91

DEGREE DAYS
 HEATING
  YESTERDAY        0                         1     -1        0
  MONTH TO DATE   21                        62    -41        4
  SINCE MAR 1    117                       249   -132      118
  SINCE JUL 1   1215                      1691   -476     1820

 COOLING
  YESTERDAY        9                         6      3        0
  MONTH TO DATE  102                       104     -2      179
  SINCE MAR 1    172                       143     29      275
  SINCE JAN 1    186                       159     27      279
..................................................................


WIND (MPH)
  HIGHEST WIND SPEED    24   HIGHEST WIND DIRECTION    SE (150)
  HIGHEST GUST SPEED    31   HIGHEST GUST DIRECTION    SE (150)
  AVERAGE WIND SPEED    10.7


SKY COVER
  POSSIBLE SUNSHINE  MM
  AVERAGE SKY COVER 0.8


WEATHER CONDITIONS
 THE FOLLOWING WEATHER WAS RECORDED YESTERDAY.
  THUNDERSTORM
  HEAVY RAIN
  RAIN
  LIGHT RAIN
  FOG


RELATIVE HUMIDITY (PERCENT)
 HIGHEST   100          1200 AM
 LOWEST     74           100 PM
 AVERAGE    87

..........................................................


THE MOBILE CLIMATE NORMALS FOR TODAY
                         NORMAL    RECORD    YEAR
 MAXIMUM TEMPERATURE (F)   81        91      1987
 MINIMUM TEMPERATURE (F)   60        46      1999


SUNRISE AND SUNSET
MAY  1 2016...........SUNRISE   609 AM CDT   SUNSET   732 PM CDT
MAY  2 2016...........SUNRISE   608 AM CDT   SUNSET   732 PM CDT


-  INDICATES NEGATIVE NUMBERS.
R  INDICATES RECORD WAS SET OR TIED.
MM INDICATES DATA IS MISSING.
T  INDICATES TRACE AMOUNT.




$$
