600
CDUS44 KMOB 252225
CLIMOB


CLIMATE REPORT
NATIONAL WEATHER SERVICE MOBILE AL
525 PM CDT SAT JUN 25 2016


...................................

...THE MOBILE CLIMATE SUMMARY FOR JUNE 25 2016...
VALID TODAY AS OF 0500 PM LOCAL TIME.

CLIMATE NORMAL PERIOD 1981 TO 2010
CLIMATE RECORD PERIOD 1842 TO 2016


WEATHER ITEM   OBSERVED TIME   RECORD YEAR NORMAL DEPARTURE LAST
                VALUE   (LST)  VALUE       VALUE  FROM      YEAR
                                                  NORMAL
..................................................................
TEMPERATURE (F)
 TODAY
  MAXIMUM         96    322 PM 100    1914  90      6       89
  MINIMUM         72    430 AM  61    1974  72      0       72
  AVERAGE         84                        81      3       81

PRECIPITATION (IN)
  TODAY            0.00          3.07 1997   0.23  -0.23     0.00
  MONTH TO DATE    4.76                      4.98  -0.22     3.61
  SINCE MAR 1     23.47                     21.05   2.42    29.52
  SINCE JAN 1     32.92                     31.82   1.10    35.57

DEGREE DAYS
 COOLING
  TODAY           19                        16      3       16
  MONTH TO DATE  391                       363     28      399
  SINCE JUN 1    391                       363     28      399
  SINCE JAN 1    850                       808     42      999
..................................................................


WIND (MPH)
  HIGHEST WIND SPEED    13   HIGHEST WIND DIRECTION     S (180)
  HIGHEST GUST SPEED    16   HIGHEST GUST DIRECTION     S (180)
  AVERAGE WIND SPEED     4.3


SKY COVER
  POSSIBLE SUNSHINE  MM
  AVERAGE SKY COVER 0.2


WEATHER CONDITIONS
 THE FOLLOWING WEATHER WAS RECORDED TODAY.
  FOG


RELATIVE HUMIDITY (PERCENT)
 HIGHEST    94           600 AM
 LOWEST     39           100 PM
 AVERAGE    67

..........................................................


THE MOBILE CLIMATE NORMALS FOR TOMORROW
                         NORMAL    RECORD    YEAR
 MAXIMUM TEMPERATURE (F)   90       101      1914
 MINIMUM TEMPERATURE (F)   72        64      1979
                                             1974


SUNRISE AND SUNSET
JUNE 25 2016..........SUNRISE   552 AM CDT   SUNSET   800 PM CDT
JUNE 26 2016..........SUNRISE   552 AM CDT   SUNSET   800 PM CDT


-  INDICATES NEGATIVE NUMBERS.
R  INDICATES RECORD WAS SET OR TIED.
MM INDICATES DATA IS MISSING.
T  INDICATES TRACE AMOUNT.




$$
