000
CDUS44 KMOB 250645
CLIMOB


CLIMATE REPORT
NATIONAL WEATHER SERVICE MOBILE AL
145 AM CDT SAT OCT 25 2014


...................................

...THE MOBILE CLIMATE SUMMARY FOR OCTOBER 24 2014...

CLIMATE NORMAL PERIOD 1981 TO 2010
CLIMATE RECORD PERIOD 1842 TO 2014


WEATHER ITEM   OBSERVED TIME   RECORD YEAR NORMAL DEPARTURE LAST
                VALUE   (LST)  VALUE       VALUE  FROM      YEAR
                                                  NORMAL
..................................................................
TEMPERATURE (F)
 YESTERDAY
  MAXIMUM         77    333 PM  87    1941  77      0       77
  MINIMUM         49   1051 PM  37    1999  55     -6       48
                                      1937
  AVERAGE         63                        66     -3       63

PRECIPITATION (IN)
  YESTERDAY        0.00          4.21 1920   0.12  -0.12     0.00
  MONTH TO DATE    3.02                      2.80   0.22     2.08
  SINCE MAR 1     58.83                     44.30  14.53    44.19
  SINCE JAN 1     65.95                     55.07  10.88    58.37

DEGREE DAYS
 HEATING
  YESTERDAY        2                         3     -1        2
  MONTH TO DATE   23                        29     -6        9
  SINCE SEP 1     23                        31     -8        9
  SINCE JUL 1     23                        31     -8        9

 COOLING
  YESTERDAY        0                         4     -4        0
  MONTH TO DATE  115                       137    -22      177
  SINCE SEP 1    529                       514     15      627
  SINCE JAN 1   2277                      2441   -164     2457
..................................................................


WIND (MPH)
  HIGHEST WIND SPEED    14   HIGHEST WIND DIRECTION     N (20)
  HIGHEST GUST SPEED    17   HIGHEST GUST DIRECTION     N (350)
  AVERAGE WIND SPEED     4.5


SKY COVER
  POSSIBLE SUNSHINE  MM
  AVERAGE SKY COVER 0.1


WEATHER CONDITIONS
 THE FOLLOWING WEATHER WAS RECORDED YESTERDAY.
  NO SIGNIFICANT WEATHER WAS OBSERVED.


RELATIVE HUMIDITY (PERCENT)
 HIGHEST    89           400 AM
 LOWEST     23           300 PM
 AVERAGE    56

..........................................................


THE MOBILE CLIMATE NORMALS FOR TODAY
                         NORMAL    RECORD    YEAR
 MAXIMUM TEMPERATURE (F)   77        88      1927
 MINIMUM TEMPERATURE (F)   55        38      1999
                                             1903


SUNRISE AND SUNSET
OCTOBER 25 2014.......SUNRISE   702 AM CDT   SUNSET   611 PM CDT
OCTOBER 26 2014.......SUNRISE   703 AM CDT   SUNSET   610 PM CDT


-  INDICATES NEGATIVE NUMBERS.
R  INDICATES RECORD WAS SET OR TIED.
MM INDICATES DATA IS MISSING.
T  INDICATES TRACE AMOUNT.




$$
