000
CDUS44 KMOB 240645
CLIMOB


CLIMATE REPORT
NATIONAL WEATHER SERVICE MOBILE AL
1245 AM CST MON NOV 24 2014


...................................

...THE MOBILE CLIMATE SUMMARY FOR NOVEMBER 23 2014...

CLIMATE NORMAL PERIOD 1981 TO 2010
CLIMATE RECORD PERIOD 1842 TO 2014


WEATHER ITEM   OBSERVED TIME   RECORD YEAR NORMAL DEPARTURE LAST
                VALUE   (LST)  VALUE       VALUE  FROM      YEAR
                                                  NORMAL
..................................................................
TEMPERATURE (F)
 YESTERDAY
  MAXIMUM         73    916 AM  83    1973  68      5       66
  MINIMUM         60   1213 AM  25    1956  47     13       48
  AVERAGE         67                        58      9       57

PRECIPITATION (IN)
  YESTERDAY        0.17          2.46 1948   0.17   0.00      T
  MONTH TO DATE    1.48                      3.97  -2.49     1.53
  SINCE MAR 1     60.32                     49.16  11.16    45.83
  SINCE JAN 1     67.44                     59.93   7.51    60.01

SNOWFALL (IN)
  YESTERDAY        0.0           0.0  2002   0.0    0.0      0.0
                                      2001
                                      2000
  MONTH TO DATE    0.0                       0.0    0.0      0.0
  SINCE MAR 1      0.0                       0.1   -0.1      0.0
  SINCE JUL 1      0.0                       0.0    0.0      0.0
  SNOW DEPTH       0

DEGREE DAYS
 HEATING
  YESTERDAY        0                         8     -8        8
  MONTH TO DATE  279                       136    143      116
  SINCE SEP 1    319                       191    128      146
  SINCE JUL 1    319                       191    128      146

 COOLING
  YESTERDAY        2                         1      1        0
  MONTH TO DATE    7                        35    -28       15
  SINCE SEP 1    555                       570    -15      665
  SINCE JAN 1   2303                      2497   -194     2495
..................................................................


WIND (MPH)
  HIGHEST WIND SPEED    28   HIGHEST WIND DIRECTION     S (200)
  HIGHEST GUST SPEED    38   HIGHEST GUST DIRECTION     S (200)
  AVERAGE WIND SPEED    12.7


SKY COVER
  POSSIBLE SUNSHINE  MM
  AVERAGE SKY COVER 0.9


WEATHER CONDITIONS
 THE FOLLOWING WEATHER WAS RECORDED YESTERDAY.
  THUNDERSTORM
  RAIN
  LIGHT RAIN
  FOG


RELATIVE HUMIDITY (PERCENT)
 HIGHEST   100          1200 AM
 LOWEST     81           200 PM
 AVERAGE    91

..........................................................


THE MOBILE CLIMATE NORMALS FOR TODAY
                         NORMAL    RECORD    YEAR
 MAXIMUM TEMPERATURE (F)   68        81      1973
 MINIMUM TEMPERATURE (F)   46        24      1970


SUNRISE AND SUNSET
NOVEMBER 24 2014......SUNRISE   627 AM CST   SUNSET   452 PM CST
NOVEMBER 25 2014......SUNRISE   628 AM CST   SUNSET   452 PM CST


-  INDICATES NEGATIVE NUMBERS.
R  INDICATES RECORD WAS SET OR TIED.
MM INDICATES DATA IS MISSING.
T  INDICATES TRACE AMOUNT.




$$
