000
CDUS44 KMOB 190645
CLIMOB


CLIMATE REPORT
NATIONAL WEATHER SERVICE MOBILE AL
1245 AM CST SUN FEB 19 2017


...................................

...THE MOBILE CLIMATE SUMMARY FOR FEBRUARY 18 2017...

CLIMATE NORMAL PERIOD 1981 TO 2010
CLIMATE RECORD PERIOD 1842 TO 2017


WEATHER ITEM   OBSERVED TIME   RECORD YEAR NORMAL DEPARTURE LAST
                VALUE   (LST)  VALUE       VALUE  FROM      YEAR
                                                  NORMAL
..................................................................
TEMPERATURE (F)
 YESTERDAY
  MAXIMUM         75    227 PM  80    2000  65     10       70
                                      1976
                                      1887
  MINIMUM         53    646 AM  19    1900  44      9       39
  AVERAGE         64                        54     10       55

PRECIPITATION (IN)
  YESTERDAY        0.06          4.06 1926   0.18  -0.12     0.00
  MONTH TO DATE    0.85                      3.27  -2.42     2.66
  SINCE MAR 1     64.92                     64.30   0.62    84.27
  SINCE JAN 1     11.78                      8.92   2.86     8.95

SNOWFALL (IN)
  YESTERDAY        0.0          MM      MM   0.0    0.0      0.0
  MONTH TO DATE    0.0                       0.1   -0.1      0.0
  SINCE MAR 1      0.0                       0.2   -0.2      0.0
  SINCE JUL 1      0.0                       0.1   -0.1      0.0
  SNOW DEPTH       0

DEGREE DAYS
 HEATING
  YESTERDAY        1                        11    -10       10
  MONTH TO DATE  104                       225   -121      225
  SINCE DEC 1    618                      1088   -470      888
  SINCE JUL 1    752                      1346   -594     1014

 COOLING
  YESTERDAY        0                         0      0        0
  MONTH TO DATE   15                         0     15        8
  SINCE DEC 1    102                        22     80       79
  SINCE JAN 1     61                         7     54        8
..................................................................


WIND (MPH)
  HIGHEST WIND SPEED    17   HIGHEST WIND DIRECTION     E (100)
  HIGHEST GUST SPEED    21   HIGHEST GUST DIRECTION     E (110)
  AVERAGE WIND SPEED     5.4


SKY COVER
  POSSIBLE SUNSHINE  MM
  AVERAGE SKY COVER 0.5


WEATHER CONDITIONS
 THE FOLLOWING WEATHER WAS RECORDED YESTERDAY.
  LIGHT RAIN
  FOG
  FOG W/VISIBILITY <= 1/4 MILE


RELATIVE HUMIDITY (PERCENT)
 HIGHEST   100           700 AM
 LOWEST     61           100 PM
 AVERAGE    81

..........................................................


THE MOBILE CLIMATE NORMALS FOR TODAY
                         NORMAL    RECORD    YEAR
 MAXIMUM TEMPERATURE (F)   65        80      2011
 MINIMUM TEMPERATURE (F)   44        25      2015
                                             1958


SUNRISE AND SUNSET
FEBRUARY 19 2017......SUNRISE   630 AM CST   SUNSET   544 PM CST
FEBRUARY 20 2017......SUNRISE   629 AM CST   SUNSET   545 PM CST


-  INDICATES NEGATIVE NUMBERS.
R  INDICATES RECORD WAS SET OR TIED.
MM INDICATES DATA IS MISSING.
T  INDICATES TRACE AMOUNT.




$$
