000
CDUS44 KMOB 300645
CLIMOB


CLIMATE REPORT
NATIONAL WEATHER SERVICE MOBILE AL
145 AM CDT MON MAR 30 2015


...................................

...THE MOBILE CLIMATE SUMMARY FOR MARCH 29 2015...

CLIMATE NORMAL PERIOD 1981 TO 2010
CLIMATE RECORD PERIOD 1842 TO 2015


WEATHER ITEM   OBSERVED TIME   RECORD YEAR NORMAL DEPARTURE LAST
                VALUE   (LST)  VALUE       VALUE  FROM      YEAR
                                                  NORMAL
..................................................................
TEMPERATURE (F)
 YESTERDAY
  MAXIMUM         69    130 PM  85    1879  74     -5       71
  MINIMUM         41    604 AM  33    1955  51    -10       51
  AVERAGE         55                        63     -8       61

PRECIPITATION (IN)
  YESTERDAY        0.00          3.02 2000   0.19  -0.19     0.64
  MONTH TO DATE    3.96                      5.76  -1.80     6.50
  SINCE MAR 1      3.96                      5.76  -1.80     6.50
  SINCE JAN 1     10.01                     16.53  -6.52    13.62

SNOWFALL (IN)
  YESTERDAY        0.0          MM      MM   0.0    0.0      0.0
  MONTH TO DATE    0.0                       0.1   -0.1      0.0
  SINCE MAR 1      0.0                       0.1   -0.1      0.0
  SINCE JUL 1      T                         0.2   -0.2      1.3
  SNOW DEPTH       0

DEGREE DAYS
 HEATING
  YESTERDAY       10                         4      6        4
  MONTH TO DATE  114                       180    -66      261
  SINCE MAR 1    114                       180    -66      261
  SINCE JUL 1   1816                      1622    194     1964

 COOLING
  YESTERDAY        0                         2     -2        0
  MONTH TO DATE   83                        33     50        1
  SINCE MAR 1     83                        33     50        1
  SINCE JAN 1     87                        49     38       13
..................................................................


WIND (MPH)
  HIGHEST WIND SPEED    17   HIGHEST WIND DIRECTION    SE (140)
  HIGHEST GUST SPEED    23   HIGHEST GUST DIRECTION    SE (120)
  AVERAGE WIND SPEED     9.6


SKY COVER
  POSSIBLE SUNSHINE  MM
  AVERAGE SKY COVER 0.4


WEATHER CONDITIONS
 THE FOLLOWING WEATHER WAS RECORDED YESTERDAY.
  NO SIGNIFICANT WEATHER WAS OBSERVED.


RELATIVE HUMIDITY (PERCENT)
 HIGHEST    90           900 PM
 LOWEST     40           900 AM
 AVERAGE    65

..........................................................


THE MOBILE CLIMATE NORMALS FOR TODAY
                         NORMAL    RECORD    YEAR
 MAXIMUM TEMPERATURE (F)   74        90      1946
 MINIMUM TEMPERATURE (F)   52        35      1894


SUNRISE AND SUNSET
MARCH 30 2015.........SUNRISE   645 AM CDT   SUNSET   711 PM CDT
MARCH 31 2015.........SUNRISE   644 AM CDT   SUNSET   711 PM CDT


-  INDICATES NEGATIVE NUMBERS.
R  INDICATES RECORD WAS SET OR TIED.
MM INDICATES DATA IS MISSING.
T  INDICATES TRACE AMOUNT.




$$
