000
CDUS44 KMOB 260634
CLIPNS


CLIMATE REPORT
NATIONAL WEATHER SERVICE MOBILE AL
133 AM CDT SAT JUL 26 2014


...................................

...THE PENSACOLA CLIMATE SUMMARY FOR JULY 25 2014...

CLIMATE NORMAL PERIOD 1981 TO 2010
CLIMATE RECORD PERIOD 1879 TO 2014


WEATHER ITEM   OBSERVED TIME   RECORD YEAR NORMAL DEPARTURE LAST
                VALUE   (LST)  VALUE       VALUE  FROM      YEAR
                                                  NORMAL
..................................................................
TEMPERATURE (F)
 YESTERDAY
  MAXIMUM         90   1257 PM  98    1952  90      0       92
  MINIMUM         73    510 AM  70    1963  74     -1       74
                                      1931
                                      1924
  AVERAGE         82                        82      0       83

PRECIPITATION (IN)
  YESTERDAY        0.49          2.42 1991   0.24   0.25     0.01
  MONTH TO DATE    7.14                      5.94   1.20    14.99
  SINCE MAR 1     55.55                     26.85  28.70    31.11
  SINCE JAN 1     66.88                     36.54  30.34    45.38

DEGREE DAYS
 COOLING
  YESTERDAY       17                        17      0       18
  MONTH TO DATE  401                       425    -24      394
  SINCE JUN 1    880                       890    -10      908
  SINCE JAN 1   1331                      1338     -7     1350
..................................................................


WIND (MPH)
  HIGHEST WIND SPEED    23   HIGHEST WIND DIRECTION     W (260)
  HIGHEST GUST SPEED    28   HIGHEST GUST DIRECTION     W (270)
  AVERAGE WIND SPEED     6.5


SKY COVER
  POSSIBLE SUNSHINE  MM
  AVERAGE SKY COVER 0.4


WEATHER CONDITIONS
 THE FOLLOWING WEATHER WAS RECORDED YESTERDAY.
  THUNDERSTORM
  HEAVY RAIN
  RAIN
  LIGHT RAIN
  FOG
  HAZE


RELATIVE HUMIDITY (PERCENT)
 HIGHEST   100           500 AM
 LOWEST     56           100 PM
 AVERAGE    78

..........................................................


THE PENSACOLA CLIMATE NORMALS FOR TODAY
                         NORMAL    RECORD    YEAR
 MAXIMUM TEMPERATURE (F)   90        98      1990
 MINIMUM TEMPERATURE (F)   74        68      1927
                                             1911
                                             1890


SUNRISE AND SUNSET
JULY 26 2014..........SUNRISE   603 AM CDT   SUNSET   747 PM CDT
JULY 27 2014..........SUNRISE   604 AM CDT   SUNSET   746 PM CDT


-  INDICATES NEGATIVE NUMBERS.
R  INDICATES RECORD WAS SET OR TIED.
MM INDICATES DATA IS MISSING.
T  INDICATES TRACE AMOUNT.




$$
