000
CDUS44 KMOB 270645
CLIPNS


CLIMATE REPORT
NATIONAL WEATHER SERVICE MOBILE AL
145 AM CDT THU JUL 27 2017


...................................

...THE PENSACOLA CLIMATE SUMMARY FOR JULY 26 2017...

CLIMATE NORMAL PERIOD 1981 TO 2010
CLIMATE RECORD PERIOD 1879 TO 2017


WEATHER ITEM   OBSERVED TIME   RECORD YEAR NORMAL DEPARTURE LAST
                VALUE   (LST)  VALUE       VALUE  FROM      YEAR
                                                  NORMAL
..................................................................
TEMPERATURE (F)
 YESTERDAY
  MAXIMUM         95    204 PM  98    1990  90      5       88
  MINIMUM         76   1258 AM  68    1927  74      2       79
                                      1911
                                      1890
  AVERAGE         86                        82      4       84

PRECIPITATION (IN)
  YESTERDAY        T             5.01 1963   0.25  -0.25     0.33
  MONTH TO DATE    4.35                      6.19  -1.84     6.62
  SINCE MAR 1     38.23                     27.10  11.13    29.88
  SINCE JAN 1     53.58                     36.79  16.79    38.53

DEGREE DAYS
 COOLING
  YESTERDAY       21                        17      4       19
  MONTH TO DATE  515                       442     73      512
  SINCE JUN 1    985                       907     78     1033
  SINCE JAN 1   1781                      1355    426     1629
..................................................................


WIND (MPH)
  HIGHEST WIND SPEED    17   HIGHEST WIND DIRECTION    NE (60)
  HIGHEST GUST SPEED    32   HIGHEST GUST DIRECTION     E (70)
  AVERAGE WIND SPEED     5.8


SKY COVER
  POSSIBLE SUNSHINE  MM
  AVERAGE SKY COVER 0.2


WEATHER CONDITIONS
 THE FOLLOWING WEATHER WAS RECORDED YESTERDAY.
  THUNDERSTORM
  LIGHT RAIN
  FOG


RELATIVE HUMIDITY (PERCENT)
 HIGHEST    88           200 AM
 LOWEST     49           200 PM
 AVERAGE    69

..........................................................


THE PENSACOLA CLIMATE NORMALS FOR TODAY
                         NORMAL    RECORD    YEAR
 MAXIMUM TEMPERATURE (F)   90        98      1970
 MINIMUM TEMPERATURE (F)   74        70      1894


SUNRISE AND SUNSET
JULY 27 2017..........SUNRISE   604 AM CDT   SUNSET   746 PM CDT
JULY 28 2017..........SUNRISE   605 AM CDT   SUNSET   746 PM CDT


-  INDICATES NEGATIVE NUMBERS.
R  INDICATES RECORD WAS SET OR TIED.
MM INDICATES DATA IS MISSING.
T  INDICATES TRACE AMOUNT.




$$
