000
CDUS44 KMOB 060651
CLIPNS


CLIMATE REPORT
NATIONAL WEATHER SERVICE MOBILE AL
1251 AM CST TUE DEC 6 2016


...................................

...THE PENSACOLA CLIMATE SUMMARY FOR DECEMBER 5 2016...

CLIMATE NORMAL PERIOD 1981 TO 2010
CLIMATE RECORD PERIOD 1879 TO 2016


WEATHER ITEM   OBSERVED TIME   RECORD YEAR NORMAL DEPARTURE LAST
                VALUE   (LST)  VALUE       VALUE  FROM      YEAR
                                                  NORMAL
..................................................................
TEMPERATURE (F)
 YESTERDAY
  MAXIMUM         72   1140 AM  79    2013  65      7       71
                                      1998
                                      1958
  MINIMUM         63    928 PM  26    1893  46     17       46
  AVERAGE         68                        56     12       59

PRECIPITATION (IN)
  YESTERDAY        4.09R         3.30 2004   0.16   3.93     0.00
  MONTH TO DATE    5.71                      0.79   4.92     0.59
  SINCE MAR 1     52.06                     51.82   0.24    57.53
  SINCE JAN 1     60.71                     61.51  -0.80    67.94

SNOWFALL (IN)
  YESTERDAY        0.0           0.0  2002   0.0    0.0      0.0
                                      2001
                                      2000
  MONTH TO DATE    0.0                       0.0    0.0      0.0
  SINCE MAR 1      0.0                       0.0    0.0      0.0
  SINCE JUL 1      0.0                       0.0    0.0      0.0
  SNOW DEPTH       0

DEGREE DAYS
 HEATING
  YESTERDAY        0                        10    -10        6
  MONTH TO DATE   18                        48    -30       38
  SINCE DEC 1     18                        48    -30       38
  SINCE JUL 1     87                       260   -173      115

 COOLING
  YESTERDAY        3                         1      2        0
  MONTH TO DATE    7                         5      2        6
  SINCE DEC 1      7                         5      2        6
  SINCE JAN 1   3215                      2601    614     3039
..................................................................


WIND (MPH)
  HIGHEST WIND SPEED    28   HIGHEST WIND DIRECTION    NW (320)
  HIGHEST GUST SPEED    31   HIGHEST GUST DIRECTION    NW (320)
  AVERAGE WIND SPEED     6.5


SKY COVER
  POSSIBLE SUNSHINE  MM
  AVERAGE SKY COVER 0.9


WEATHER CONDITIONS
 THE FOLLOWING WEATHER WAS RECORDED YESTERDAY.
  THUNDERSTORM
  HEAVY RAIN
  RAIN
  LIGHT RAIN
  FOG


RELATIVE HUMIDITY (PERCENT)
 HIGHEST   100           100 AM
 LOWEST     84          1000 AM
 AVERAGE    92

..........................................................


THE PENSACOLA CLIMATE NORMALS FOR TODAY
                         NORMAL    RECORD    YEAR
 MAXIMUM TEMPERATURE (F)   65        81      2014
 MINIMUM TEMPERATURE (F)   46        26      1937
                                             1886


SUNRISE AND SUNSET
DECEMBER  6 2016......SUNRISE   632 AM CST   SUNSET   448 PM CST
DECEMBER  7 2016......SUNRISE   633 AM CST   SUNSET   448 PM CST


-  INDICATES NEGATIVE NUMBERS.
R  INDICATES RECORD WAS SET OR TIED.
MM INDICATES DATA IS MISSING.
T  INDICATES TRACE AMOUNT.




$$
