000
CDUS44 KMOB 292321
CLIPNS


CLIMATE REPORT
NATIONAL WEATHER SERVICE MOBILE AL
620 PM CDT WED JUN 29 2016


...................................

...THE PENSACOLA CLIMATE SUMMARY FOR JUNE 29 2016...
VALID TODAY AS OF 0500 PM LOCAL TIME.

CLIMATE NORMAL PERIOD 1981 TO 2010
CLIMATE RECORD PERIOD 1879 TO 2016


WEATHER ITEM   OBSERVED TIME   RECORD YEAR NORMAL DEPARTURE LAST
                VALUE   (LST)  VALUE       VALUE  FROM      YEAR
                                                  NORMAL
..................................................................
TEMPERATURE (F)
 TODAY
  MAXIMUM         89    953 AM 101    1954  90     -1       89
  MINIMUM         75   1044 AM  65    1966  74      1       73
  AVERAGE         82                        82      0       81

PRECIPITATION (IN)
  TODAY            0.80         10.10 1887   0.25   0.55     0.00
  MONTH TO DATE    5.93                      6.36  -0.43     4.10
  SINCE MAR 1     21.54                     20.67   0.87    21.59
  SINCE JAN 1     30.19                     30.36  -0.17    32.00

DEGREE DAYS
 COOLING
  TODAY           17                        17      0       16
  MONTH TO DATE  505                       448     57      464
  SINCE JUN 1    505                       448     57      464
  SINCE JAN 1   1101                       896    205     1117
..................................................................


WIND (MPH)
  HIGHEST WIND SPEED    23   HIGHEST WIND DIRECTION    SW (220)
  HIGHEST GUST SPEED    25   HIGHEST GUST DIRECTION    NW (310)
  AVERAGE WIND SPEED     2.6


SKY COVER
  POSSIBLE SUNSHINE  MM
  AVERAGE SKY COVER 0.2


WEATHER CONDITIONS
 THE FOLLOWING WEATHER WAS RECORDED TODAY.
  THUNDERSTORM
  HEAVY RAIN
  LIGHT RAIN
  FOG


RELATIVE HUMIDITY (PERCENT)
 HIGHEST    87           300 AM
 LOWEST     59           900 AM
 AVERAGE    73

..........................................................


THE PENSACOLA CLIMATE NORMALS FOR TOMORROW
                         NORMAL    RECORD    YEAR
 MAXIMUM TEMPERATURE (F)   90       101      1894
 MINIMUM TEMPERATURE (F)   74        64      1923


SUNRISE AND SUNSET
JUNE 29 2016..........SUNRISE   550 AM CDT   SUNSET   755 PM CDT
JUNE 30 2016..........SUNRISE   550 AM CDT   SUNSET   755 PM CDT


-  INDICATES NEGATIVE NUMBERS.
R  INDICATES RECORD WAS SET OR TIED.
MM INDICATES DATA IS MISSING.
T  INDICATES TRACE AMOUNT.




$$
