000
CDUS44 KMOB 010643
CLIPNS


CLIMATE REPORT
NATIONAL WEATHER SERVICE MOBILE AL
130 AM CDT WED APR 1 2015


...................................

...THE PENSACOLA CLIMATE SUMMARY FOR MARCH 31 2015...

CLIMATE NORMAL PERIOD 1981 TO 2010
CLIMATE RECORD PERIOD 1879 TO 2015


WEATHER ITEM   OBSERVED TIME   RECORD YEAR NORMAL DEPARTURE LAST
                VALUE   (LST)  VALUE       VALUE  FROM      YEAR
                                                  NORMAL
..................................................................
TEMPERATURE (F)
 YESTERDAY
  MAXIMUM         82    110 PM  83    1993  72     10       71
                                      1946
  MINIMUM         66    622 AM  33    2003  54     12       44
  AVERAGE         74                        63     11       58

PRECIPITATION (IN)
  YESTERDAY        0.00          7.48 2005   0.18  -0.18     0.00
  MONTH TO DATE    2.38                      5.81  -3.43     9.78
  SINCE MAR 1      2.38                      5.81  -3.43     9.78
  SINCE JAN 1     12.79                     15.50  -2.71    21.11

SNOWFALL (IN)
  YESTERDAY        0.0          MM      MM   0.0    0.0      0.0
  MONTH TO DATE    0.0                       0.0    0.0      0.0
  SINCE MAR 1      0.0                       0.0    0.0      0.0
  SINCE JUL 1      0.0                       0.0    0.0      1.0
  SNOW DEPTH       0

DEGREE DAYS
 HEATING
  YESTERDAY        0                         3     -3        7
  MONTH TO DATE  100                       177    -77      205
  SINCE MAR 1    100                       176    -76      205
  SINCE JUL 1   1543                      1484     59     1542

 COOLING
  YESTERDAY        9                         2      7        0
  MONTH TO DATE  102                        33     69        6
  SINCE MAR 1    102                        33     69        6
  SINCE JAN 1    109                        47     62       21
..................................................................


WIND (MPH)
  HIGHEST WIND SPEED    24   HIGHEST WIND DIRECTION    SW (240)
  HIGHEST GUST SPEED    30   HIGHEST GUST DIRECTION    SW (220)
  AVERAGE WIND SPEED    13.1


SKY COVER
  POSSIBLE SUNSHINE  MM
  AVERAGE SKY COVER 0.2


WEATHER CONDITIONS
 THE FOLLOWING WEATHER WAS RECORDED YESTERDAY.
  NO SIGNIFICANT WEATHER WAS OBSERVED.


RELATIVE HUMIDITY (PERCENT)
 HIGHEST    93           400 AM
 LOWEST     49          1200 PM
 AVERAGE    71

..........................................................


THE PENSACOLA CLIMATE NORMALS FOR TODAY
                         NORMAL    RECORD    YEAR
 MAXIMUM TEMPERATURE (F)   73        84      2012
 MINIMUM TEMPERATURE (F)   54        34      1987


SUNRISE AND SUNSET
APRIL  1 2015.........SUNRISE   638 AM CDT   SUNSET   708 PM CDT
APRIL  2 2015.........SUNRISE   637 AM CDT   SUNSET   708 PM CDT


-  INDICATES NEGATIVE NUMBERS.
R  INDICATES RECORD WAS SET OR TIED.
MM INDICATES DATA IS MISSING.
T  INDICATES TRACE AMOUNT.




$$
