000
CDUS44 KMOB 240645
CLIPNS


CLIMATE REPORT
NATIONAL WEATHER SERVICE MOBILE AL
145 AM CDT SUN JUL 24 2016


...................................

...THE PENSACOLA CLIMATE SUMMARY FOR JULY 23 2016...

CLIMATE NORMAL PERIOD 1981 TO 2010
CLIMATE RECORD PERIOD 1879 TO 2016


WEATHER ITEM   OBSERVED TIME   RECORD YEAR NORMAL DEPARTURE LAST
                VALUE   (LST)  VALUE       VALUE  FROM      YEAR
                                                  NORMAL
..................................................................
TEMPERATURE (F)
 YESTERDAY
  MAXIMUM         89    330 PM  98    2010  90     -1       95
                                      1952
                                      1948
  MINIMUM         79    606 AM  64    1947  75      4       82
  AVERAGE         84                        82      2       89

PRECIPITATION (IN)
  YESTERDAY        0.00          3.05 1890   0.24  -0.24     0.00
  MONTH TO DATE    6.27                      5.45   0.82     2.37
  SINCE MAR 1     29.53                     26.36   3.17    23.96
  SINCE JAN 1     38.18                     36.05   2.13    34.37

DEGREE DAYS
 COOLING
  YESTERDAY       19                        17      2       24
  MONTH TO DATE  453                       391     62      448
  SINCE JUN 1    974                       856    118      931
  SINCE JAN 1   1570                      1304    266     1584
..................................................................


WIND (MPH)
  HIGHEST WIND SPEED    14   HIGHEST WIND DIRECTION     S (180)
  HIGHEST GUST SPEED    17   HIGHEST GUST DIRECTION    SE (150)
  AVERAGE WIND SPEED     4.7


SKY COVER
  POSSIBLE SUNSHINE  MM
  AVERAGE SKY COVER 0.2


WEATHER CONDITIONS
 THE FOLLOWING WEATHER WAS RECORDED YESTERDAY.
  NO SIGNIFICANT WEATHER WAS OBSERVED.


RELATIVE HUMIDITY (PERCENT)
 HIGHEST    91           100 AM
 LOWEST     59           200 PM
 AVERAGE    75

..........................................................


THE PENSACOLA CLIMATE NORMALS FOR TODAY
                         NORMAL    RECORD    YEAR
 MAXIMUM TEMPERATURE (F)   90       102      1952
 MINIMUM TEMPERATURE (F)   75        68      2007
                                             1890


SUNRISE AND SUNSET
JULY 24 2016..........SUNRISE   602 AM CDT   SUNSET   748 PM CDT
JULY 25 2016..........SUNRISE   603 AM CDT   SUNSET   747 PM CDT


-  INDICATES NEGATIVE NUMBERS.
R  INDICATES RECORD WAS SET OR TIED.
MM INDICATES DATA IS MISSING.
T  INDICATES TRACE AMOUNT.




$$
