000
CDUS44 KMOB 250645
CLIPNS


CLIMATE REPORT
NATIONAL WEATHER SERVICE MOBILE AL
145 AM CDT SAT OCT 25 2014


...................................

...THE PENSACOLA CLIMATE SUMMARY FOR OCTOBER 24 2014...

CLIMATE NORMAL PERIOD 1981 TO 2010
CLIMATE RECORD PERIOD 1879 TO 2014


WEATHER ITEM   OBSERVED TIME   RECORD YEAR NORMAL DEPARTURE LAST
                VALUE   (LST)  VALUE       VALUE  FROM      YEAR
                                                  NORMAL
..................................................................
TEMPERATURE (F)
 YESTERDAY
  MAXIMUM         77    402 PM  89    1941  77      0       74
  MINIMUM         54   1116 PM  40    1937  58     -4       51
                                      1917
  AVERAGE         66                        67     -1       63

PRECIPITATION (IN)
  YESTERDAY        0.00          4.97 1986   0.16  -0.16     0.00
  MONTH TO DATE    3.68                      4.07  -0.39     1.89
  SINCE MAR 1     66.38                     45.13  21.25    51.28
  SINCE JAN 1     77.71                     54.82  22.89    65.55

DEGREE DAYS
 HEATING
  YESTERDAY        0                         2     -2        2
  MONTH TO DATE    6                        18    -12        2
  SINCE SEP 1      6                        19    -13        2
  SINCE JUL 1      6                        19    -13        2

 COOLING
  YESTERDAY        1                         4     -3        0
  MONTH TO DATE  148                       155     -7      204
  SINCE SEP 1    549                       558     -9      680
  SINCE JAN 1   2505                      2525    -20     2662
..................................................................


WIND (MPH)
  HIGHEST WIND SPEED    15   HIGHEST WIND DIRECTION     N (340)
  HIGHEST GUST SPEED    17   HIGHEST GUST DIRECTION     N (340)
  AVERAGE WIND SPEED     5.7


SKY COVER
  POSSIBLE SUNSHINE  MM
  AVERAGE SKY COVER 0.0


WEATHER CONDITIONS
 THE FOLLOWING WEATHER WAS RECORDED YESTERDAY.
  NO SIGNIFICANT WEATHER WAS OBSERVED.


RELATIVE HUMIDITY (PERCENT)
 HIGHEST    77           500 AM
 LOWEST     29           200 PM
 AVERAGE    53

..........................................................


THE PENSACOLA CLIMATE NORMALS FOR TODAY
                         NORMAL    RECORD    YEAR
 MAXIMUM TEMPERATURE (F)   76        87      1992
 MINIMUM TEMPERATURE (F)   57        37      1982


SUNRISE AND SUNSET
OCTOBER 25 2014.......SUNRISE   658 AM CDT   SUNSET   607 PM CDT
OCTOBER 26 2014.......SUNRISE   659 AM CDT   SUNSET   606 PM CDT


-  INDICATES NEGATIVE NUMBERS.
R  INDICATES RECORD WAS SET OR TIED.
MM INDICATES DATA IS MISSING.
T  INDICATES TRACE AMOUNT.




$$
