000
CDUS44 KMOB 290626
CLIPNS


CLIMATE REPORT
NATIONAL WEATHER SERVICE MOBILE AL
126 AM CDT THU SEP 29 2016


...................................

...THE PENSACOLA CLIMATE SUMMARY FOR SEPTEMBER 28 2016...

CLIMATE NORMAL PERIOD 1981 TO 2010
CLIMATE RECORD PERIOD 1879 TO 2016


WEATHER ITEM   OBSERVED TIME   RECORD YEAR NORMAL DEPARTURE LAST
                VALUE   (LST)  VALUE       VALUE  FROM      YEAR
                                                  NORMAL
..................................................................
TEMPERATURE (F)
 YESTERDAY
  MAXIMUM         90    254 PM  93    1986  84      6       75
                                      1961
                                      1953
  MINIMUM         73    608 AM  49    1967  67      6       71
  AVERAGE         82                        75      7       73

PRECIPITATION (IN)
  YESTERDAY        T             6.30 1917   0.19  -0.19     4.48
  MONTH TO DATE    3.36                      5.61  -2.25     6.26
  SINCE MAR 1     45.49                     40.69   4.80    41.56
  SINCE JAN 1     54.14                     50.38   3.76    51.97

DEGREE DAYS
 COOLING
  YESTERDAY       17                        10      7        8
  MONTH TO DATE  497                       383    114      402
  SINCE SEP 1    497                       383    114      402
  SINCE JAN 1   2800                      2350    450     2702
..................................................................


WIND (MPH)
  HIGHEST WIND SPEED    14   HIGHEST WIND DIRECTION     W (260)
  HIGHEST GUST SPEED    25   HIGHEST GUST DIRECTION    NW (310)
  AVERAGE WIND SPEED     4.9


SKY COVER
  POSSIBLE SUNSHINE  MM
  AVERAGE SKY COVER 0.2


WEATHER CONDITIONS
 THE FOLLOWING WEATHER WAS RECORDED YESTERDAY.
  FOG


RELATIVE HUMIDITY (PERCENT)
 HIGHEST    93          1200 AM
 LOWEST     50           400 PM
 AVERAGE    72

..........................................................


THE PENSACOLA CLIMATE NORMALS FOR TODAY
                         NORMAL    RECORD    YEAR
 MAXIMUM TEMPERATURE (F)   84        94      1994
                                             1953
 MINIMUM TEMPERATURE (F)   66        43      1967


SUNRISE AND SUNSET
SEPTEMBER 29 2016.....SUNRISE   641 AM CDT   SUNSET   636 PM CDT
SEPTEMBER 30 2016.....SUNRISE   642 AM CDT   SUNSET   635 PM CDT


-  INDICATES NEGATIVE NUMBERS.
R  INDICATES RECORD WAS SET OR TIED.
MM INDICATES DATA IS MISSING.
T  INDICATES TRACE AMOUNT.




$$
