000
CDUS44 KMOB 222347
CLIPNS


CLIMATE REPORT
NATIONAL WEATHER SERVICE MOBILE AL
544 PM CST MON DEC 22 2014


...................................

...THE PENSACOLA CLIMATE SUMMARY FOR DECEMBER 22 2014...
VALID TODAY AS OF 0500 PM LOCAL TIME.

CLIMATE NORMAL PERIOD 1981 TO 2010
CLIMATE RECORD PERIOD 1879 TO 2014


WEATHER ITEM   OBSERVED TIME   RECORD YEAR NORMAL DEPARTURE LAST
                VALUE   (LST)  VALUE       VALUE  FROM      YEAR
                                                  NORMAL
..................................................................
TEMPERATURE (F)
 TODAY
  MAXIMUM         66    153 PM  80    1970  61      5       77
  MINIMUM         52    737 AM  18    1989  43      9       55
  AVERAGE         59                        52      7       66

PRECIPITATION (IN)
  TODAY            0.12          4.07 1911   0.14  -0.02     0.29
  MONTH TO DATE    1.51                      3.28  -1.77     1.61
  SINCE MAR 1     69.85                     54.31  15.54    58.19
  SINCE JAN 1     81.18                     64.00  17.18    72.46

DEGREE DAYS
 HEATING
  TODAY            6                        13     -7        0
  MONTH TO DATE  192                       247    -55      145
  SINCE DEC 1    192                       247    -55      145
  SINCE JUL 1    519                       459     60      350
..................................................................


WIND (MPH)
  HIGHEST WIND SPEED    16   HIGHEST WIND DIRECTION    SE (130)
  HIGHEST GUST SPEED    20   HIGHEST GUST DIRECTION    SE (130)
  AVERAGE WIND SPEED     7.2


SKY COVER
  POSSIBLE SUNSHINE  MM
  AVERAGE SKY COVER 0.9


WEATHER CONDITIONS
 THE FOLLOWING WEATHER WAS RECORDED TODAY.
  THUNDERSTORM
  RAIN
  LIGHT RAIN
  FOG


RELATIVE HUMIDITY (PERCENT)
 HIGHEST   100          1200 AM
 LOWEST     81           200 PM
 AVERAGE    91

..........................................................


THE PENSACOLA CLIMATE NORMALS FOR TOMORROW
                         NORMAL    RECORD    YEAR
 MAXIMUM TEMPERATURE (F)   61        78      1970
 MINIMUM TEMPERATURE (F)   43        13      1989


SUNRISE AND SUNSET
DECEMBER 22 2014......SUNRISE   642 AM CST   SUNSET   453 PM CST
DECEMBER 23 2014......SUNRISE   643 AM CST   SUNSET   453 PM CST


-  INDICATES NEGATIVE NUMBERS.
R  INDICATES RECORD WAS SET OR TIED.
MM INDICATES DATA IS MISSING.
T  INDICATES TRACE AMOUNT.




$$
