000
CDUS44 KMOB 200635
CLIPNS


CLIMATE REPORT
NATIONAL WEATHER SERVICE MOBILE AL
1225 AM CST SAT JAN 20 2018


...................................

...THE PENSACOLA CLIMATE SUMMARY FOR JANUARY 19 2018...

CLIMATE NORMAL PERIOD 1981 TO 2010
CLIMATE RECORD PERIOD 1879 TO 2018


WEATHER ITEM   OBSERVED TIME   RECORD YEAR NORMAL DEPARTURE LAST
                VALUE   (LST)  VALUE       VALUE  FROM      YEAR
                                                  NORMAL
..................................................................
TEMPERATURE (F)
 YESTERDAY
  MAXIMUM         58    158 PM  78    2017  60     -2       78
                                      1950
  MINIMUM         26    451 AM  10    1977  42    -16       66
  AVERAGE         42                        51     -9       72

PRECIPITATION (IN)
  YESTERDAY        0.00          1.98 2008   0.16  -0.16     0.71
  MONTH TO DATE    1.30                      2.69  -1.39     9.99
  SINCE MAR 1     77.86                     58.27  19.59    65.96
  SINCE JAN 1      1.30                      2.69  -1.39     9.99

SNOWFALL (IN)
  YESTERDAY        0.0          MM      MM   0.0    0.0      0.0
  MONTH TO DATE    T                         0.0    0.0      0.0
  SINCE MAR 1      T                         0.0    0.0      0.0
  SINCE JUL 1      T                         0.0    0.0      0.0
  SNOW DEPTH       0

DEGREE DAYS
 HEATING
  YESTERDAY       23                        14      9        0
  MONTH TO DATE  387                       266    121      118
  SINCE DEC 1    708                       636     72      312
  SINCE JUL 1    843                       848     -5      381

 COOLING
  YESTERDAY        0                         0      0        7
  MONTH TO DATE    0                         0      0       54
  SINCE DEC 1     37                        13     24      101
  SINCE JAN 1      0                         0      0       54
..................................................................


WIND (MPH)
  HIGHEST WIND SPEED     9   HIGHEST WIND DIRECTION     S (190)
  HIGHEST GUST SPEED    13   HIGHEST GUST DIRECTION    SW (240)
  AVERAGE WIND SPEED     2.9


SKY COVER
  POSSIBLE SUNSHINE  MM
  AVERAGE SKY COVER 0.0


WEATHER CONDITIONS
 THE FOLLOWING WEATHER WAS RECORDED YESTERDAY.
  NO SIGNIFICANT WEATHER WAS OBSERVED.


RELATIVE HUMIDITY (PERCENT)
 HIGHEST    75           500 AM
 LOWEST     19           200 PM
 AVERAGE    47

..........................................................


THE PENSACOLA CLIMATE NORMALS FOR TODAY
                         NORMAL    RECORD    YEAR
 MAXIMUM TEMPERATURE (F)   61        77      2017
 MINIMUM TEMPERATURE (F)   42        11      1985


SUNRISE AND SUNSET
JANUARY 20 2018.......SUNRISE   645 AM CST   SUNSET   515 PM CST
JANUARY 21 2018.......SUNRISE   645 AM CST   SUNSET   516 PM CST


-  INDICATES NEGATIVE NUMBERS.
R  INDICATES RECORD WAS SET OR TIED.
MM INDICATES DATA IS MISSING.
T  INDICATES TRACE AMOUNT.




$$
