000
CDUS44 KMOB 190645
CLIPNS


CLIMATE REPORT
NATIONAL WEATHER SERVICE MOBILE AL
145 AM CDT TUE SEP 19 2017


...................................

...THE PENSACOLA CLIMATE SUMMARY FOR SEPTEMBER 18 2017...

CLIMATE NORMAL PERIOD 1981 TO 2010
CLIMATE RECORD PERIOD 1879 TO 2017


WEATHER ITEM   OBSERVED TIME   RECORD YEAR NORMAL DEPARTURE LAST
                VALUE   (LST)  VALUE       VALUE  FROM      YEAR
                                                  NORMAL
..................................................................
TEMPERATURE (F)
 YESTERDAY
  MAXIMUM         91    206 PM  96    2005  86      5       90
  MINIMUM         76    610 AM  53    1981  70      6       76
  AVERAGE         84                        78      6       83

PRECIPITATION (IN)
  YESTERDAY        0.01          3.97 1914   0.19  -0.18      T
  MONTH TO DATE    1.34                      3.60  -2.26     3.31
  SINCE MAR 1     60.84                     38.68  22.16    45.44
  SINCE JAN 1     76.19                     48.37  27.82    54.09

DEGREE DAYS
 COOLING
  YESTERDAY       19                        13      6       18
  MONTH TO DATE  255                       266    -11      312
  SINCE SEP 1    255                       266    -11      312
  SINCE JAN 1   2734                      2233    501     2615
..................................................................


WIND (MPH)
  HIGHEST WIND SPEED    17   HIGHEST WIND DIRECTION     S (170)
  HIGHEST GUST SPEED    20   HIGHEST GUST DIRECTION     S (160)
  AVERAGE WIND SPEED     5.1


SKY COVER
  POSSIBLE SUNSHINE  MM
  AVERAGE SKY COVER 0.2


WEATHER CONDITIONS
 THE FOLLOWING WEATHER WAS RECORDED YESTERDAY.
  RAIN
  FOG
  HAZE


RELATIVE HUMIDITY (PERCENT)
 HIGHEST    94           400 AM
 LOWEST     56          1000 AM
 AVERAGE    75

..........................................................


THE PENSACOLA CLIMATE NORMALS FOR TODAY
                         NORMAL    RECORD    YEAR
 MAXIMUM TEMPERATURE (F)   86        97      2005
 MINIMUM TEMPERATURE (F)   70        49      1981


SUNRISE AND SUNSET
SEPTEMBER 19 2017.....SUNRISE   636 AM CDT   SUNSET   649 PM CDT
SEPTEMBER 20 2017.....SUNRISE   636 AM CDT   SUNSET   648 PM CDT


-  INDICATES NEGATIVE NUMBERS.
R  INDICATES RECORD WAS SET OR TIED.
MM INDICATES DATA IS MISSING.
T  INDICATES TRACE AMOUNT.




$$
