000
CDUS44 KMOB 280645
CLIPNS


CLIMATE REPORT
NATIONAL WEATHER SERVICE MOBILE AL
145 AM CDT MON JUL 28 2014


...................................

...THE PENSACOLA CLIMATE SUMMARY FOR JULY 27 2014...

CLIMATE NORMAL PERIOD 1981 TO 2010
CLIMATE RECORD PERIOD 1879 TO 2014


WEATHER ITEM   OBSERVED TIME   RECORD YEAR NORMAL DEPARTURE LAST
                VALUE   (LST)  VALUE       VALUE  FROM      YEAR
                                                  NORMAL
..................................................................
TEMPERATURE (F)
 YESTERDAY
  MAXIMUM         92    237 PM  98    1970  90      2       86
  MINIMUM         78    530 AM  70    1894  74      4       74
  AVERAGE         85                        82      3       80

PRECIPITATION (IN)
  YESTERDAY        0.00          2.58 1894   0.24  -0.24     0.37
  MONTH TO DATE    7.17                      6.43   0.74    15.36
  SINCE MAR 1     55.58                     27.34  28.24    31.48
  SINCE JAN 1     66.91                     37.03  29.88    45.75

DEGREE DAYS
 COOLING
  YESTERDAY       20                        17      3       15
  MONTH TO DATE  439                       459    -20      427
  SINCE JUN 1    918                       924     -6      941
  SINCE JAN 1   1369                      1372     -3     1383
..................................................................


WIND (MPH)
  HIGHEST WIND SPEED    17   HIGHEST WIND DIRECTION    SW (240)
  HIGHEST GUST SPEED    21   HIGHEST GUST DIRECTION    SW (230)
  AVERAGE WIND SPEED     9.1


SKY COVER
  POSSIBLE SUNSHINE  MM
  AVERAGE SKY COVER 0.1


WEATHER CONDITIONS
 THE FOLLOWING WEATHER WAS RECORDED YESTERDAY.
  NO SIGNIFICANT WEATHER WAS OBSERVED.


RELATIVE HUMIDITY (PERCENT)
 HIGHEST    97           100 AM
 LOWEST     52           200 PM
 AVERAGE    75

..........................................................


THE PENSACOLA CLIMATE NORMALS FOR TODAY
                         NORMAL    RECORD    YEAR
 MAXIMUM TEMPERATURE (F)   90        98      1993
 MINIMUM TEMPERATURE (F)   74        68      1994
                                             1911


SUNRISE AND SUNSET
JULY 28 2014..........SUNRISE   605 AM CDT   SUNSET   746 PM CDT
JULY 29 2014..........SUNRISE   605 AM CDT   SUNSET   745 PM CDT


-  INDICATES NEGATIVE NUMBERS.
R  INDICATES RECORD WAS SET OR TIED.
MM INDICATES DATA IS MISSING.
T  INDICATES TRACE AMOUNT.




$$
