000
CDUS44 KMOB 230627
CLIPNS


CLIMATE REPORT
NATIONAL WEATHER SERVICE MOBILE AL
127 AM CDT FRI JUN 23 2017


...................................

...THE PENSACOLA CLIMATE SUMMARY FOR JUNE 22 2017...

CLIMATE NORMAL PERIOD 1981 TO 2010
CLIMATE RECORD PERIOD 1879 TO 2017


WEATHER ITEM   OBSERVED TIME   RECORD YEAR NORMAL DEPARTURE LAST
                VALUE   (LST)  VALUE       VALUE  FROM      YEAR
                                                  NORMAL
..................................................................
TEMPERATURE (F)
 YESTERDAY
  MAXIMUM         86    334 PM 101    2009  89     -3       90
  MINIMUM         78    154 AM  64    1976  74      4       71
  AVERAGE         82                        81      1       81

PRECIPITATION (IN)
  YESTERDAY        0.64          3.02 1978   0.25   0.39     0.00
  MONTH TO DATE   18.21                      4.61  13.60     4.78
  SINCE MAR 1     31.36                     18.92  12.44    20.39
  SINCE JAN 1     46.71                     28.61  18.10    29.04

DEGREE DAYS
 COOLING
  YESTERDAY       17                        16      1       16
  MONTH TO DATE  326                       330     -4      378
  SINCE JUN 1    326                       330     -4      378
  SINCE JAN 1   1122                       778    344      974
..................................................................


WIND (MPH)
  HIGHEST WIND SPEED    33   HIGHEST WIND DIRECTION     S (160)
  HIGHEST GUST SPEED    41   HIGHEST GUST DIRECTION    SE (150)
  AVERAGE WIND SPEED    18.4


SKY COVER
  POSSIBLE SUNSHINE  MM
  AVERAGE SKY COVER 0.8


WEATHER CONDITIONS
 THE FOLLOWING WEATHER WAS RECORDED YESTERDAY.
  THUNDERSTORM
  HEAVY RAIN
  RAIN
  LIGHT RAIN
  FOG
  HAZE
  TORNADO


RELATIVE HUMIDITY (PERCENT)
 HIGHEST    91           200 AM
 LOWEST     74           500 PM
 AVERAGE    83

..........................................................


THE PENSACOLA CLIMATE NORMALS FOR TODAY
                         NORMAL    RECORD    YEAR
 MAXIMUM TEMPERATURE (F)   89       102      2009
 MINIMUM TEMPERATURE (F)   74        66      1947


SUNRISE AND SUNSET
JUNE 23 2017..........SUNRISE   548 AM CDT   SUNSET   755 PM CDT
JUNE 24 2017..........SUNRISE   548 AM CDT   SUNSET   755 PM CDT


-  INDICATES NEGATIVE NUMBERS.
R  INDICATES RECORD WAS SET OR TIED.
MM INDICATES DATA IS MISSING.
T  INDICATES TRACE AMOUNT.




$$
