000
CDUS44 KMOB 190645
CLIPNS


CLIMATE REPORT
NATIONAL WEATHER SERVICE MOBILE AL
1245 AM CST SUN NOV 19 2017


...................................

...THE PENSACOLA CLIMATE SUMMARY FOR NOVEMBER 18 2017...

CLIMATE NORMAL PERIOD 1981 TO 2010
CLIMATE RECORD PERIOD 1879 TO 2017


WEATHER ITEM   OBSERVED TIME   RECORD YEAR NORMAL DEPARTURE LAST
                VALUE   (LST)  VALUE       VALUE  FROM      YEAR
                                                  NORMAL
..................................................................
TEMPERATURE (F)
 YESTERDAY
  MAXIMUM         81    142 PM  82    1958  70     11       80
  MINIMUM         62   1159 PM  27    1951  51     11       56
  AVERAGE         72                        60     12       68

PRECIPITATION (IN)
  YESTERDAY        0.02          2.26 1947   0.15  -0.13     0.00
  MONTH TO DATE    0.07                      2.89  -2.82     0.36
  SINCE MAR 1     72.88                     49.19  23.69    45.85
  SINCE JAN 1     88.23                     58.88  29.35    54.50

SNOWFALL (IN)
  YESTERDAY        0.0           0.0  2002   0.0    0.0      0.0
                                      2001
                                      2000
  MONTH TO DATE    0.0                       0.0    0.0      0.0
  SINCE MAR 1      0.0                       0.0    0.0      0.0
  SINCE JUL 1      0.0                       0.0    0.0      0.0
  SNOW DEPTH       0

DEGREE DAYS
 HEATING
  YESTERDAY        0                         6     -6        0
  MONTH TO DATE   26                        80    -54       10
  SINCE SEP 1     59                       118    -59       11
  SINCE JUL 1     59                       118    -59       11

 COOLING
  YESTERDAY        7                         1      6        3
  MONTH TO DATE   73                        34     39       63
  SINCE SEP 1    851                       617    234      881
  SINCE JAN 1   3330                      2584    746     3184
..................................................................


WIND (MPH)
  HIGHEST WIND SPEED    31   HIGHEST WIND DIRECTION    NW (330)
  HIGHEST GUST SPEED    39   HIGHEST GUST DIRECTION    NW (330)
  AVERAGE WIND SPEED    11.8


SKY COVER
  POSSIBLE SUNSHINE  MM
  AVERAGE SKY COVER 0.5


WEATHER CONDITIONS
 THE FOLLOWING WEATHER WAS RECORDED YESTERDAY.
  HEAVY RAIN
  LIGHT RAIN
  HAZE


RELATIVE HUMIDITY (PERCENT)
 HIGHEST    90          1200 AM
 LOWEST     58          1000 AM
 AVERAGE    74

..........................................................


THE PENSACOLA CLIMATE NORMALS FOR TODAY
                         NORMAL    RECORD    YEAR
 MAXIMUM TEMPERATURE (F)   69        80      1985
                                             1974
 MINIMUM TEMPERATURE (F)   50        25      2014


SUNRISE AND SUNSET
NOVEMBER 19 2017......SUNRISE   618 AM CST   SUNSET   450 PM CST
NOVEMBER 20 2017......SUNRISE   619 AM CST   SUNSET   450 PM CST


-  INDICATES NEGATIVE NUMBERS.
R  INDICATES RECORD WAS SET OR TIED.
MM INDICATES DATA IS MISSING.
T  INDICATES TRACE AMOUNT.




$$
