000
CDUS44 KMOB 260645
CLIPNS


CLIMATE REPORT
NATIONAL WEATHER SERVICE MOBILE AL
145 AM CDT TUE MAY 26 2015


...................................

...THE PENSACOLA CLIMATE SUMMARY FOR MAY 25 2015...

CLIMATE NORMAL PERIOD 1981 TO 2010
CLIMATE RECORD PERIOD 1879 TO 2015


WEATHER ITEM   OBSERVED TIME   RECORD YEAR NORMAL DEPARTURE LAST
                VALUE   (LST)  VALUE       VALUE  FROM      YEAR
                                                  NORMAL
..................................................................
TEMPERATURE (F)
 YESTERDAY
  MAXIMUM         82    256 PM  94    2012  85     -3       91
                                      1996
                                      1953
  MINIMUM         71    926 AM  53    1979  68      3       71
  AVERAGE         77                        77      0       81

PRECIPITATION (IN)
  YESTERDAY        0.14          1.95 1997   0.14   0.00     0.00
  MONTH TO DATE    2.77                      3.32  -0.55     2.55
  SINCE MAR 1     15.13                     13.45   1.68    41.86
  SINCE JAN 1     25.54                     23.14   2.40    53.19

DEGREE DAYS
 COOLING
  YESTERDAY       12                        12      0       16
  MONTH TO DATE  274                       222     52      226
  SINCE MAR 1    575                       356    219      360
  SINCE JAN 1    582                       370    212      375
..................................................................


WIND (MPH)
  HIGHEST WIND SPEED    22   HIGHEST WIND DIRECTION     S (180)
  HIGHEST GUST SPEED    30   HIGHEST GUST DIRECTION     S (170)
  AVERAGE WIND SPEED    12.2


SKY COVER
  POSSIBLE SUNSHINE  MM
  AVERAGE SKY COVER 0.8


WEATHER CONDITIONS
 THE FOLLOWING WEATHER WAS RECORDED YESTERDAY.
  THUNDERSTORM
  LIGHT RAIN


RELATIVE HUMIDITY (PERCENT)
 HIGHEST    91           700 AM
 LOWEST     79           200 PM
 AVERAGE    85

..........................................................


THE PENSACOLA CLIMATE NORMALS FOR TODAY
                         NORMAL    RECORD    YEAR
 MAXIMUM TEMPERATURE (F)   86        98      2012
                                             1953
 MINIMUM TEMPERATURE (F)   69        48      1979


SUNRISE AND SUNSET
MAY 26 2015...........SUNRISE   549 AM CDT   SUNSET   743 PM CDT
MAY 27 2015...........SUNRISE   549 AM CDT   SUNSET   743 PM CDT


-  INDICATES NEGATIVE NUMBERS.
R  INDICATES RECORD WAS SET OR TIED.
MM INDICATES DATA IS MISSING.
T  INDICATES TRACE AMOUNT.




$$
