000
CDUS44 KMOB 202228
CLIPNS


CLIMATE REPORT
NATIONAL WEATHER SERVICE MOBILE AL
526 PM CDT SUN AUG 20 2017


...................................

...THE PENSACOLA CLIMATE SUMMARY FOR AUGUST 20 2017...
VALID TODAY AS OF 0500 PM LOCAL TIME.

CLIMATE NORMAL PERIOD 1981 TO 2010
CLIMATE RECORD PERIOD 1879 TO 2017


WEATHER ITEM   OBSERVED TIME   RECORD YEAR NORMAL DEPARTURE LAST
                VALUE   (LST)  VALUE       VALUE  FROM      YEAR
                                                  NORMAL
..................................................................
TEMPERATURE (F)
 TODAY
  MAXIMUM         94    121 PM 100    1972  89      5       90
  MINIMUM         77    537 AM  68    1934  74      3       77
                                      1930
  AVERAGE         86                        82      4       84

PRECIPITATION (IN)
  TODAY            0.00          3.51 1934   0.22  -0.22     0.02
  MONTH TO DATE   12.47                      4.58   7.89    11.34
  SINCE MAR 1     51.53                     32.90  18.63    41.43
  SINCE JAN 1     66.88                     42.59  24.29    50.08

DEGREE DAYS
 COOLING
  TODAY           21                        17      4       19
  MONTH TO DATE  382                       340     42      359
  SINCE JUN 1   1473                      1338    135     1490
  SINCE JAN 1   2269                      1786    483     2086
..................................................................


WIND (MPH)
  HIGHEST WIND SPEED    13   HIGHEST WIND DIRECTION     S (180)
  HIGHEST GUST SPEED    15   HIGHEST GUST DIRECTION     S (180)
  AVERAGE WIND SPEED     5.3


SKY COVER
  POSSIBLE SUNSHINE  MM
  AVERAGE SKY COVER 0.1


WEATHER CONDITIONS
 THE FOLLOWING WEATHER WAS RECORDED TODAY.
  NO SIGNIFICANT WEATHER WAS OBSERVED.


RELATIVE HUMIDITY (PERCENT)
 HIGHEST    88           500 AM
 LOWEST     52          1200 PM
 AVERAGE    70

..........................................................


THE PENSACOLA CLIMATE NORMALS FOR TOMORROW
                         NORMAL    RECORD    YEAR
 MAXIMUM TEMPERATURE (F)   89        98      1983
 MINIMUM TEMPERATURE (F)   74        66      1940


SUNRISE AND SUNSET
AUGUST 20 2017........SUNRISE   619 AM CDT   SUNSET   725 PM CDT
AUGUST 21 2017........SUNRISE   619 AM CDT   SUNSET   724 PM CDT


-  INDICATES NEGATIVE NUMBERS.
R  INDICATES RECORD WAS SET OR TIED.
MM INDICATES DATA IS MISSING.
T  INDICATES TRACE AMOUNT.




$$
