000
CDUS44 KMOB 300726
CLIPNS


CLIMATE REPORT
NATIONAL WEATHER SERVICE MOBILE AL
215 AM CDT SUN AUG 30 2015


...................................

...THE PENSACOLA CLIMATE SUMMARY FOR AUGUST 29 2015...

CLIMATE NORMAL PERIOD 1981 TO 2010
CLIMATE RECORD PERIOD 1879 TO 2015


WEATHER ITEM   OBSERVED TIME   RECORD YEAR NORMAL DEPARTURE LAST
                VALUE   (LST)  VALUE       VALUE  FROM      YEAR
                                                  NORMAL
..................................................................
TEMPERATURE (F)
 YESTERDAY
  MAXIMUM         86    252 PM 101    1954  89     -3       90
  MINIMUM         73   1112 PM  65    1992  74     -1       73
                                      1968
  AVERAGE         80                        81     -1       82

PRECIPITATION (IN)
  YESTERDAY        0.00          5.39 1898   0.19  -0.19     0.01
  MONTH TO DATE    6.68                      6.38   0.30     1.37
  SINCE MAR 1     35.27                     34.70   0.57    57.42
  SINCE JAN 1     45.68                     44.39   1.29    68.75

DEGREE DAYS
 COOLING
  YESTERDAY       15                        16     -1       17
  MONTH TO DATE  520                       491     29      495
  SINCE JUN 1   1614                      1489    125     1468
  SINCE JAN 1   2267                      1937    330     1919
..................................................................


WIND (MPH)
  HIGHEST WIND SPEED    13   HIGHEST WIND DIRECTION    SE (140)
  HIGHEST GUST SPEED    15   HIGHEST GUST DIRECTION    SE (150)
  AVERAGE WIND SPEED     5.6


SKY COVER
  POSSIBLE SUNSHINE  MM
  AVERAGE SKY COVER 0.1


WEATHER CONDITIONS
 THE FOLLOWING WEATHER WAS RECORDED YESTERDAY.
  THUNDERSTORM


RELATIVE HUMIDITY (PERCENT)
 HIGHEST    93           400 AM
 LOWEST     61           300 PM
 AVERAGE    77

..........................................................


THE PENSACOLA CLIMATE NORMALS FOR TODAY
                         NORMAL    RECORD    YEAR
 MAXIMUM TEMPERATURE (F)   89       103      1951
 MINIMUM TEMPERATURE (F)   74        62      1992


SUNRISE AND SUNSET
AUGUST 30 2015........SUNRISE   624 AM CDT   SUNSET   714 PM CDT
AUGUST 31 2015........SUNRISE   625 AM CDT   SUNSET   713 PM CDT


-  INDICATES NEGATIVE NUMBERS.
R  INDICATES RECORD WAS SET OR TIED.
MM INDICATES DATA IS MISSING.
T  INDICATES TRACE AMOUNT.




$$
