000
CDUS44 KMOB 020627
CLIPNS


CLIMATE REPORT
NATIONAL WEATHER SERVICE MOBILE AL
126 AM CDT TUE SEP 2 2014


...................................

...THE PENSACOLA CLIMATE SUMMARY FOR SEPTEMBER 1 2014...

CLIMATE NORMAL PERIOD 1981 TO 2010
CLIMATE RECORD PERIOD 1879 TO 2014


WEATHER ITEM   OBSERVED TIME   RECORD YEAR NORMAL DEPARTURE LAST
                VALUE   (LST)  VALUE       VALUE  FROM      YEAR
                                                  NORMAL
..................................................................
TEMPERATURE (F)
 YESTERDAY
  MAXIMUM         91   1203 PM  98    1907  89      2       90
  MINIMUM         75    425 AM  64    1946  74      1       75
  AVERAGE         83                        81      2       83

PRECIPITATION (IN)
  YESTERDAY        0.00          2.67 1890   0.20  -0.20     0.09
  MONTH TO DATE    0.00                      0.20  -0.20     0.09
  SINCE MAR 1     57.42                     35.28  22.14    42.27
  SINCE JAN 1     68.75                     44.97  23.78    56.54

DEGREE DAYS
 COOLING
  YESTERDAY       18                        16      2       18
  MONTH TO DATE   18                        16      2       18
  SINCE SEP 1     18                        16      2       18
  SINCE JAN 1   1974                      1983     -9     2000
..................................................................


WIND (MPH)
  HIGHEST WIND SPEED    15   HIGHEST WIND DIRECTION     S (160)
  HIGHEST GUST SPEED    22   HIGHEST GUST DIRECTION     E (80)
  AVERAGE WIND SPEED     8.0


SKY COVER
  POSSIBLE SUNSHINE  MM
  AVERAGE SKY COVER 0.2


WEATHER CONDITIONS
 THE FOLLOWING WEATHER WAS RECORDED YESTERDAY.
  NO SIGNIFICANT WEATHER WAS OBSERVED.


RELATIVE HUMIDITY (PERCENT)
 HIGHEST   100           400 AM
 LOWEST     59          1200 PM
 AVERAGE    80

..........................................................


THE PENSACOLA CLIMATE NORMALS FOR TODAY
                         NORMAL    RECORD    YEAR
 MAXIMUM TEMPERATURE (F)   89        98      1989
 MINIMUM TEMPERATURE (F)   73        65      1967
                                             1903
                                             1892


SUNRISE AND SUNSET
SEPTEMBER  2 2014.....SUNRISE   626 AM CDT   SUNSET   710 PM CDT
SEPTEMBER  3 2014.....SUNRISE   627 AM CDT   SUNSET   709 PM CDT


-  INDICATES NEGATIVE NUMBERS.
R  INDICATES RECORD WAS SET OR TIED.
MM INDICATES DATA IS MISSING.
T  INDICATES TRACE AMOUNT.




$$
