000
CDUS44 KMOB 230628
CLIPNS


CLIMATE REPORT
NATIONAL WEATHER SERVICE MOBILE AL
127 AM CDT SAT AUG 23 2014


...................................

...THE PENSACOLA CLIMATE SUMMARY FOR AUGUST 22 2014...

CLIMATE NORMAL PERIOD 1981 TO 2010
CLIMATE RECORD PERIOD 1879 TO 2014


WEATHER ITEM   OBSERVED TIME   RECORD YEAR NORMAL DEPARTURE LAST
                VALUE   (LST)  VALUE       VALUE  FROM      YEAR
                                                  NORMAL
..................................................................
TEMPERATURE (F)
 YESTERDAY
  MAXIMUM         96    123 PM 101    1951  89      7       89
  MINIMUM         78    605 AM  62    1956  74      4       73
  AVERAGE         87                        82      5       81

PRECIPITATION (IN)
  YESTERDAY        0.00          2.32 1882   0.21  -0.21      T
  MONTH TO DATE    1.36                      5.00  -3.64     9.64
  SINCE MAR 1     57.41                     33.32  24.09    41.81
  SINCE JAN 1     68.74                     43.01  25.73    56.08

DEGREE DAYS
 COOLING
  YESTERDAY       22                        17      5       16
  MONTH TO DATE  366                       374     -8      384
  SINCE JUN 1   1339                      1372    -33     1399
  SINCE JAN 1   1790                      1820    -30     1841
..................................................................


WIND (MPH)
  HIGHEST WIND SPEED    14   HIGHEST WIND DIRECTION     S (190)
  HIGHEST GUST SPEED    16   HIGHEST GUST DIRECTION     S (200)
  AVERAGE WIND SPEED     8.1


SKY COVER
  POSSIBLE SUNSHINE  MM
  AVERAGE SKY COVER 0.1


WEATHER CONDITIONS
 THE FOLLOWING WEATHER WAS RECORDED YESTERDAY.
  NO SIGNIFICANT WEATHER WAS OBSERVED.


RELATIVE HUMIDITY (PERCENT)
 HIGHEST    91           400 AM
 LOWEST     49           100 PM
 AVERAGE    70

..........................................................


THE PENSACOLA CLIMATE NORMALS FOR TODAY
                         NORMAL    RECORD    YEAR
 MAXIMUM TEMPERATURE (F)   89        98      1955
 MINIMUM TEMPERATURE (F)   74        66      2009


SUNRISE AND SUNSET
AUGUST 23 2014........SUNRISE   620 AM CDT   SUNSET   722 PM CDT
AUGUST 24 2014........SUNRISE   621 AM CDT   SUNSET   721 PM CDT


-  INDICATES NEGATIVE NUMBERS.
R  INDICATES RECORD WAS SET OR TIED.
MM INDICATES DATA IS MISSING.
T  INDICATES TRACE AMOUNT.




$$
