000
CDUS44 KMOB 262228
CLIPNS


CLIMATE REPORT
NATIONAL WEATHER SERVICE MOBILE AL
526 PM CDT SUN APR 26 2015


...................................

...THE PENSACOLA CLIMATE SUMMARY FOR APRIL 26 2015...
VALID TODAY AS OF 0500 PM LOCAL TIME.

CLIMATE NORMAL PERIOD 1981 TO 2010
CLIMATE RECORD PERIOD 1879 TO 2015


WEATHER ITEM   OBSERVED TIME   RECORD YEAR NORMAL DEPARTURE LAST
                VALUE   (LST)  VALUE       VALUE  FROM      YEAR
                                                  NORMAL
..................................................................
TEMPERATURE (F)
 TODAY
  MAXIMUM         87    141 PM  88    1988  78      9       82
                                      1945
  MINIMUM         67    527 AM  48    1983  60      7       67
                                      1977
                                      1910
  AVERAGE         77                        69      8       75

PRECIPITATION (IN)
  TODAY            0.00          5.86 1964   0.14  -0.14     0.00
  MONTH TO DATE    9.37                      3.80   5.57     9.06
  SINCE MAR 1     11.75                      9.61   2.14    18.84
  SINCE JAN 1     22.16                     19.30   2.86    30.17

DEGREE DAYS
 HEATING
  TODAY            0                         1     -1        0
  MONTH TO DATE    1                        50    -49       41
  SINCE MAR 1    101                       226   -125      246
  SINCE JUL 1   1544                      1534     10     1583

 COOLING
  TODAY           12                         5      7       10
  MONTH TO DATE  190                        80    110       90
  SINCE MAR 1    292                       113    179       96
  SINCE JAN 1    299                       127    172      111
..................................................................


WIND (MPH)
  HIGHEST WIND SPEED    15   HIGHEST WIND DIRECTION     S (190)
  HIGHEST GUST SPEED    19   HIGHEST GUST DIRECTION     S (170)
  AVERAGE WIND SPEED     7.0


SKY COVER
  POSSIBLE SUNSHINE  MM
  AVERAGE SKY COVER 0.2


WEATHER CONDITIONS
 THE FOLLOWING WEATHER WAS RECORDED TODAY.
  NO SIGNIFICANT WEATHER WAS OBSERVED.


RELATIVE HUMIDITY (PERCENT)
 HIGHEST   100           300 AM
 LOWEST     55          1200 PM
 AVERAGE    78

..........................................................


THE PENSACOLA CLIMATE NORMALS FOR TOMORROW
                         NORMAL    RECORD    YEAR
 MAXIMUM TEMPERATURE (F)   78        86      1970
                                             1944
 MINIMUM TEMPERATURE (F)   61        47      1992
                                             1977


SUNRISE AND SUNSET
APRIL 26 2015.........SUNRISE   610 AM CDT   SUNSET   723 PM CDT
APRIL 27 2015.........SUNRISE   609 AM CDT   SUNSET   724 PM CDT


-  INDICATES NEGATIVE NUMBERS.
R  INDICATES RECORD WAS SET OR TIED.
MM INDICATES DATA IS MISSING.
T  INDICATES TRACE AMOUNT.




$$
