000
CXUS54 KMOB 010710
CLMMOB


CLIMATE REPORT
NATIONAL WEATHER SERVICE MOBILE AL
203 AM CDT SUN MAY 1 2016

...................................

...THE MOBILE CLIMATE SUMMARY FOR THE MONTH OF APRIL 2016...

CLIMATE NORMAL PERIOD 1981 TO 2010
CLIMATE RECORD PERIOD 1842 TO 2016

WEATHER         OBSERVED          NORMAL  DEPART  LAST YEAR`S
                 VALUE   DATE(S)  VALUE   FROM    VALUE  DATE(S)
                                          NORMAL
................................................................
TEMPERATURE (F)
RECORD
 HIGH              94   04/21/1987
 LOW               32   04/05/1987
                        04/05/1891
                        04/02/1881
HIGHEST            86   04/29                         87  04/26
LOWEST             40   04/09                         49  04/05
AVG. MAXIMUM     77.8              77.5     0.3     79.8
AVG. MINIMUM     57.1              55.4     1.7     61.5
MEAN             67.5              66.4     1.1     70.7
DAYS MAX >= 90      0               0.1    -0.1        0
DAYS MAX <= 32      0               0.0     0.0        0
DAYS MIN <= 32      0               0.0     0.0        0
DAYS MIN <= 0       0               0.0     0.0        0

PRECIPITATION (INCHES)

TOTALS           5.89              4.79    1.10    13.90
DAILY AVG.       0.20              0.16    0.04     0.46
DAYS >= .01        10               7.0     3.0       15
DAYS >= .10         7               5.0     2.0       11
DAYS >= .50         4               2.7     1.3        5
DAYS >= 1.00        2               1.4     0.6        3
GREATEST
 24 HR. TOTAL    2.68   04/01 TO 04/01

DEGREE_DAYS
HEATING TOTAL      21                60     -39        4
 SINCE 7/1       1215              1691    -476     1820
COOLING TOTAL     102               104      -2      179
 SINCE 1/1        186               159      27      279
.................................................................

WIND (MPH)
AVERAGE WIND SPEED              7.7
HIGHEST WIND SPEED/DIRECTION    26/340    DATE  04/01
HIGHEST GUST SPEED/DIRECTION    38/350    DATE  04/02

SKY COVER
POSSIBLE SUNSHINE (PERCENT)   MM
AVERAGE SKY COVER           0.50
NUMBER OF DAYS FAIR           14
NUMBER OF DAYS PC              8
NUMBER OF DAYS CLOUDY          8

AVERAGE RH (PERCENT)     75

WEATHER CONDITIONS. NUMBER OF DAYS WITH
THUNDERSTORM              9     MIXED PRECIP               0
HEAVY RAIN                7     RAIN                       7
LIGHT RAIN                9     FREEZING RAIN              0
LT FREEZING RAIN          0     HAIL                       0
HEAVY SNOW                0     SNOW                       0
LIGHT SNOW                0     SLEET                      0
FOG                      14     FOG W/VIS <= 1/4 MILE      2
HAZE                      4

-  INDICATES NEGATIVE NUMBERS.
R  INDICATES RECORD WAS SET OR TIED.
MM INDICATES DATA IS MISSING.
T  INDICATES TRACE AMOUNT.

$$
