000
CXUS54 KMOB 012127 CCA
CLMMOB

CLIMATE REPORT
NATIONAL WEATHER SERVICE MOBILE AL
248 AM CDT WED JUN 1 2016

...................................

...THE MOBILE CLIMATE SUMMARY FOR THE MONTH OF MAY 2016...

CLIMATE NORMAL PERIOD 1981 TO 2010
CLIMATE RECORD PERIOD 1842 TO 2016

WEATHER         OBSERVED          NORMAL  DEPART  LAST YEAR`S
                 VALUE   DATE(S)  VALUE   FROM    VALUE  DATE(S)
                                          NORMAL
................................................................
TEMPERATURE (F)
RECORD
 HIGH             100   05/27/1953
                        05/31/1951
 LOW               43   05/04/2013
                        05/13/1960
HIGHEST            93   05/30                         90  05/21
                                                          05/20
                                                          05/12
LOWEST             49   05/07                         47  05/02
AVG. MAXIMUM     83.8              84.5    -0.7     85.3
AVG. MINIMUM     63.2              63.7    -0.5     64.8
MEAN             73.5              74.1    -0.6     75.1
DAYS MAX >= 90      3               3.0     0.0        3
DAYS MAX <= 32      0               0.0     0.0        0
DAYS MIN <= 32      0               0.0     0.0        0
DAYS MIN <= 0       0               0.0     0.0        0

PRECIPITATION (INCHES)
RECORD
 MAXIMUM         6.91   1900
TOTALS           2.66              5.14   -2.48     8.05
DAILY AVG.       0.09              0.17   -0.08     0.26
DAYS >= .01         7               8.1    -1.1       11
DAYS >= .10         3               5.9    -2.9        9
DAYS >= .50         1               3.2    -2.2        3
DAYS >= 1.00        1               1.6    -0.6        2
GREATEST
 24 HR. TOTAL    1.85   05/20 TO 05/20

DEGREE_DAYS
COOLING TOTAL     273               286     -13      321
 SINCE 1/1        459               445      14      600
.................................................................

WIND (MPH)
AVERAGE WIND SPEED              6.1
HIGHEST WIND SPEED/DIRECTION    29/270    DATE  05/20
HIGHEST GUST SPEED/DIRECTION    44/270    DATE  05/20

SKY COVER
POSSIBLE SUNSHINE (PERCENT)
AVERAGE SKY COVER           0.40
NUMBER OF DAYS FAIR           11
NUMBER OF DAYS PC             16
NUMBER OF DAYS CLOUDY          4

AVERAGE RH (PERCENT)     74

WEATHER CONDITIONS. NUMBER OF DAYS WITH
THUNDERSTORM              5     MIXED PRECIP               0
HEAVY RAIN                2     RAIN                       3
LIGHT RAIN                6     FREEZING RAIN              0
LT FREEZING RAIN          0     HAIL                       0
HEAVY SNOW                0     SNOW                       0
LIGHT SNOW                0     SLEET                      0
FOG                      18     FOG W/VIS <= 1/4 MILE      4
HAZE                     11

-  INDICATES NEGATIVE NUMBERS.
R  INDICATES RECORD WAS SET OR TIED.
MM INDICATES DATA IS MISSING.
T  INDICATES TRACE AMOUNT.

$$
