000
CXUS54 KMOB 010735
CLMPNS


CLIMATE REPORT
NATIONAL WEATHER SERVICE MOBILE AL
220 AM CDT WED APR 1 2015

...................................

...THE PENSACOLA CLIMATE SUMMARY FOR THE MONTH OF MARCH 2015...

CLIMATE NORMAL PERIOD 1981 TO 2010
CLIMATE RECORD PERIOD 1879 TO 2015

WEATHER         OBSERVED          NORMAL  DEPART  LAST YEAR`S
                 VALUE   DATE(S)  VALUE   FROM    VALUE  DATE(S)
                                          NORMAL
................................................................
TEMPERATURE (F)
RECORD
 HIGH              88   03/30/1946
 LOW               22   03/02/1980
HIGHEST            87   03/17                         78  03/23
                                                          03/20
LOWEST             29   03/06                         36  03/04
                                                          03/03
AVG. MAXIMUM     73.1              69.6     3.5     68.0
AVG. MINIMUM     56.6              51.2     5.4     48.8
MEAN             64.9              60.4     4.5     58.4
DAYS MAX >= 90      0               0.0     0.0        0
DAYS MAX <= 32      0               0.0     0.0        0
DAYS MIN <= 32      1               0.6     0.4        0
DAYS MIN <= 0       0               0.0     0.0        0

PRECIPITATION (INCHES)

TOTALS           2.38              5.81   -3.43     9.78
DAILY AVG.       0.08              0.19   -0.11     0.32
DAYS >= .01         6               8.1    -2.1       11
DAYS >= .10         3               6.2    -3.2        6
DAYS >= .50         1               3.5    -2.5        4
DAYS >= 1.00        1               1.8    -0.8        4
GREATEST
 24 HR. TOTAL    1.68   03/22 TO 03/22

SNOWFALL (INCHES)

TOTALS            0.0               0.0     0.0      0.0
SINCE 7/1         0.0               0.0     0.0      1.0
SNOWDEPTH AVG.      0                                  0
DAYS >= 1.0         0               0.0     0.0        0
GREATEST
 SNOW DEPTH         0                                  0
 24 HR TOTAL      0.0   03/31 TO 03/31

DEGREE_DAYS
HEATING TOTAL     100               176     -76      205
 SINCE 7/1       1543              1484      59     1542
COOLING TOTAL     102                33      69        6
 SINCE 1/1        109                47      62       21
.................................................................

WIND (MPH)
AVERAGE WIND SPEED              8.6
HIGHEST WIND SPEED/DIRECTION    35/330    DATE  03/05
HIGHEST GUST SPEED/DIRECTION    41/330    DATE  03/05

SKY COVER
POSSIBLE SUNSHINE (PERCENT)   MM
AVERAGE SKY COVER           0.50
NUMBER OF DAYS FAIR           12
NUMBER OF DAYS PC              7
NUMBER OF DAYS CLOUDY         12

AVERAGE RH (PERCENT)     76

WEATHER CONDITIONS. NUMBER OF DAYS WITH
THUNDERSTORM              1     MIXED PRECIP               0
HEAVY RAIN                1     RAIN                       5
LIGHT RAIN                7     FREEZING RAIN              0
LT FREEZING RAIN          0     HAIL                       0
HEAVY SNOW                0     SNOW                       0
LIGHT SNOW                0     SLEET                      0
FOG                      17     FOG W/VIS <= 1/4 MILE      9
HAZE                      5

-  INDICATES NEGATIVE NUMBERS.
R  INDICATES RECORD WAS SET OR TIED.
MM INDICATES DATA IS MISSING.
T  INDICATES TRACE AMOUNT.

$$
