000
CXUS54 KMOB 012126 CCA
CLMPNS

CLIMATE REPORT
NATIONAL WEATHER SERVICE MOBILE AL
248 AM CDT WED JUN 1 2016

...................................

...THE PENSACOLA CLIMATE SUMMARY FOR THE MONTH OF MAY 2016...

CLIMATE NORMAL PERIOD 1981 TO 2010
CLIMATE RECORD PERIOD 1879 TO 2016

WEATHER         OBSERVED          NORMAL  DEPART  LAST YEAR`S
                 VALUE   DATE(S)  VALUE   FROM    VALUE  DATE(S)
                                          NORMAL
................................................................
TEMPERATURE (F)
RECORD
 HIGH             100   05/27/1953
 LOW               44   05/04/1921
                        05/07/1898
HIGHEST            92   05/30                         89  05/21
                                                          05/13
LOWEST             54   05/06                         53  05/02
AVG. MAXIMUM     84.5              83.2     1.3     84.0
AVG. MINIMUM     67.6              66.0     1.6     67.8
MEAN             76.1              74.6     1.5     75.9
DAYS MAX >= 90      4               2.1     1.9        0
DAYS MAX <= 32      0               0.0     0.0        0
DAYS MIN <= 32      0               0.0     0.0        0
DAYS MIN <= 0       0               0.0     0.0        0

PRECIPITATION (INCHES)
RECORD
 MAXIMUM         5.47   1915
TOTALS           1.96              4.18   -2.22     5.13
DAILY AVG.       0.06              0.13   -0.07     0.17
DAYS >= .01         6               6.7    -0.7        9
DAYS >= .10         3               4.7    -1.7        8
DAYS >= .50         1               2.4    -1.4        3
DAYS >= 1.00        1               1.3    -0.3        2
GREATEST
 24 HR. TOTAL    1.30   05/20 TO 05/20

DEGREE_DAYS
COOLING TOTAL     351               300      51      345
 SINCE 1/1        596               448     148      653
.................................................................

WIND (MPH)
AVERAGE WIND SPEED              7.6
HIGHEST WIND SPEED/DIRECTION    35/290    DATE  05/20
HIGHEST GUST SPEED/DIRECTION    47/290    DATE  05/20

SKY COVER
POSSIBLE SUNSHINE (PERCENT)
AVERAGE SKY COVER           0.20
NUMBER OF DAYS FAIR           21
NUMBER OF DAYS PC              8
NUMBER OF DAYS CLOUDY          2

AVERAGE RH (PERCENT)     67

WEATHER CONDITIONS. NUMBER OF DAYS WITH
THUNDERSTORM              9     MIXED PRECIP               0
HEAVY RAIN                3     RAIN                       3
LIGHT RAIN               10     FREEZING RAIN              0
LT FREEZING RAIN          0     HAIL                       0
HEAVY SNOW                0     SNOW                       0
LIGHT SNOW                0     SLEET                      0
FOG                       3     FOG W/VIS <= 1/4 MILE      1
HAZE                      0

-  INDICATES NEGATIVE NUMBERS.
R  INDICATES RECORD WAS SET OR TIED.
MM INDICATES DATA IS MISSING.
T  INDICATES TRACE AMOUNT.

$$
