000
CXUS54 KHGX 011410
CF611R
PRELIMINARY LOCAL CLIMATOLOGICAL DATA (WS FORM: F-6)
STATION: BRENHAM
MONTH: JUNE
YEAR: 2022
LATITUDE: 30 13 N
LONGITUDE: 96 22 W
TEMPERATURE IN F: :PCPN: SNOW: WIND :SUNSHINE: SKY :PK WND
================================================================================
1 2 3 4 5 6A 6B 7 8 9 10 11 12 13 14 15 16 17 18
12Z AVG MX 2MIN
DY MAX MIN AVG DEP HDD CDD WTR SNW DPTH SPD SPD DIR MIN PSBL S-S WX SPD DR
================================================================================
1 91 77 84 M 0 19 0.31 0.0 0 5.3 10 240 M M 6 17 150
2 92 73 83 M 0 18 0.00 0.0 0 3.4 10 350 M M 2 1 20 310
3 90 69 80 M 0 15 0.00 0.0 0 3.7 13 10 M M 0 18 10
4 92 70 81 M 0 16 0.00 0.0 0 2.9 10 140 M M 3 M M
5 96 70 83 M 0 18 0.00 0.0 0 6.4 15 160 M M 2 1 22 180
6 95 75 85 M 0 20 0.00 0.0 0 11.1 17 180 M M 3 24 190
7 98 76 87 M 0 22 0.00 0.0 0 10.0 16 180 M M 4 24 170
8 98 75 87 M 0 22 0.00 0.0 0 6.5 14 220 M M 5 1 21 0
9 98 76 87 M 0 22 0.00 0.0 0 3.5 9 180 M M 3 1 M M
10 100 78 89 M 0 24 0.00 0.0 0 7.7 14 240 M M 4 20 200
11 99 79 89 M 0 24 0.00 0.0 0 7.4 10 180 M M 2 16 220
12 102 79 91 M 0 26 0.00 0.0 0 9.2 15 210 M M 4 22 180
13 100 80 90 M 0 25 0.00 0.0 0 11.5 18 170 M M 3 1 24 180
14 97 78 88 M 0 23 0.00 0.0 0 11.5 20 190 M M 4 18 28 170
15 99 78 89 M 0 24 0.00 0.0 0 8.8 14 180 M M 5 21 140
16 100 78 89 M 0 24 0.00 0.0 0 4.0 7 170 M M 3 18 16 90
17 98 76 87 M 0 22 0.00 0.0 0 3.8 9 140 M M 2 18 16 170
18 98 74 86 M 0 21 0.00 0.0 0 3.6 7 120 M M 2 1 M M
19 101 75 88 M 0 23 0.00 0.0 0 2.9 8 150 M M 1 M M
20 101 74 88 M 0 23 0.00 0.0 0 3.7 8 120 M M 2 17 110
21 99 75 87 M 0 22 0.00 0.0 0 4.7 13 80 M M 3 18 80
22 99 74 87 M 0 22 T 0.0 0 3.2 6 170 M M 2 17 0
23 101 75 88 M 0 23 0.00 0.0 0 3.7 9 180 M M 0 16 180
24 101 77 89 M 0 24 0.00 0.0 0 5.8 10 180 M M 0 18 180
25 101 73 87 M 0 22 0.00 0.0 0 5.8 10 200 M M 1 21 190
26 101 74 88 M 0 23 0.00 0.0 0 3.2 8 180 M M 2 M M
27 101 75 88 M 0 23 0.21 0.0 0 5.8 13 70 M M 2 3 27 100
28 96 75 86 M 0 21 0.00 0.0 0 5.2 13 20 M M 4 23 20
29 99 71 85 M 0 20 0.00 0.0 0 2.9 9 130 M M 2 16 100
30 94 75 85 M 0 20 0.00 0.0 0 5.1 15 100 M M 4 21 100
================================================================================
SM 2937 2254 0 651 0.52 0.0 172.3 M 80
================================================================================
AV 97.9 75.1 5.7 FASTST M M 3 MAX(MPH)
MISC ----> 20 190 28 170
================================================================================
NOTES:
# LAST OF SEVERAL OCCURRENCES
COLUMN 17 PEAK WIND IN M.P.H.
PRELIMINARY LOCAL CLIMATOLOGICAL DATA (WS FORM: F-6) , PAGE 2
STATION: BRENHAM
MONTH: JUNE
YEAR: 2022
LATITUDE: 30 13 N
LONGITUDE: 96 22 W
[TEMPERATURE DATA] [PRECIPITATION DATA] SYMBOLS USED IN COLUMN 16
AVERAGE MONTHLY: 86.5 TOTAL FOR MONTH: 0.52 1 = FOG OR MIST
DPTR FM NORMAL: 34.1 DPTR FM NORMAL: -3.32 2 = FOG REDUCING VISIBILITY
HIGHEST: 102 ON 12 GRTST 24HR 0.31 ON 1- 1 TO 1/4 MILE OR LESS
LOWEST: 69 ON 3 3 = THUNDER
SNOW, ICE PELLETS, HAIL 4 = ICE PELLETS
TOTAL MONTH: 0.0 INCH 5 = HAIL
GRTST 24HR 0.0 6 = FREEZING RAIN OR DRIZZLE
GRTST DEPTH: 0 7 = DUSTSTORM OR SANDSTORM:
VSBY 1/2 MILE OR LESS
8 = SMOKE OR HAZE
[NO. OF DAYS WITH] [WEATHER - DAYS WITH] 9 = BLOWING SNOW
X = TORNADO
MAX 32 OR BELOW: 0 0.01 INCH OR MORE: 2
MAX 90 OR ABOVE: 30 0.10 INCH OR MORE: 2
MIN 32 OR BELOW: 0 0.50 INCH OR MORE: 0
MIN 0 OR BELOW: 0 1.00 INCH OR MORE: 0
[HDD (BASE 65) ]
TOTAL THIS MO. 0 CLEAR (SCALE 0-3) 19
DPTR FM NORMAL M PTCLDY (SCALE 4-7) 11
TOTAL FM JUL 1 1333 CLOUDY (SCALE 8-10) 0
DPTR FM NORMAL M
[CDD (BASE 65) ]
TOTAL THIS MO. 651
DPTR FM NORMAL M [PRESSURE DATA]
TOTAL FM JAN 1 1485 HIGHEST SLP M ON M
DPTR FM NORMAL M LOWEST SLP M ON M
[REMARKS]
#FINAL-06-22#