000
CXUS55 KBOU 011000
CF620V
PRELIMINARY LOCAL CLIMATOLOGICAL DATA (WS FORM: F-6)
STATION: KREMMLING
MONTH: JANUARY
YEAR: 2022
LATITUDE: 40 3 N
LONGITUDE: 106 22 W
TEMPERATURE IN F: :PCPN: SNOW: WIND :SUNSHINE: SKY :PK WND
================================================================================
1 2 3 4 5 6A 6B 7 8 9 10 11 12 13 14 15 16 17 18
12Z AVG MX 2MIN
DY MAX MIN AVG DEP HDD CDD WTR SNW DPTH SPD SPD DIR MIN PSBL S-S WX SPD DR
================================================================================
1 18 -18 0 M 65 0 M M M 3.5 12 320 M M 6 1 17 340
2 1 -24 -11 M 76 0 M M M 0.0 M M M M 2 8 M M
3 0 -26 -13 M 78 0 M M M 0.3 4 90 M M 1 8 M M
4 34 -6 14 M 51 0 M M M 11.3 30 240 M M 5 37 240
5 32 25 29 M 36 0 M M M 14.0 27 250 M M 10 41 250
6 39 30 35 M 30 0 M M M 10.7 25 240 M M 10 33 250
7 48 27 38 M 27 0 M M M 8.8 26 250 M M 0 31 250
8 36 5 21 M 44 0 M M M 6.9 18 260 M M 5 23 260
9 14 -6 4 M 61 0 M M M 0.5 6 110 M M 2 M M
10 7 -15 -4 M 69 0 M M M 0.0 M M M M 2 8 M M
11 5 -17 -6 M 71 0 M M M 0.2 3 260 M M 0 8 M M
12 12 -11 1 M 64 0 M M M 0.4 3 360 M M 0 M M
13 12 -8 2 M 63 0 M M M 0.0 M M M M 2 M M
14 30 3 17 M 48 0 M M M 2.9 17 340 M M 7 23 340
15 21 -6 8 M 57 0 M M M 1.0 8 260 M M 2 M M
16 10 -13 -1 M 66 0 M M M 0.5 5 50 M M 1 M M
17 10 -13 -1 M 66 0 M M M 0.0 M M M M 0 M M
18 12 -11 1 M 64 0 M M M 0.5 5 70 M M 1 M M
19 18 -4 7 M 58 0 M M M 0.0 M M M M 4 M M
20 19 0 10 M 55 0 M M M 0.1 4 80 M M 7 M M
21 27 12 20 M 45 0 M M M 0.1 3 110 M M 9 1 M M
22 18 -6 6 M 59 0 M M M 0.0 M M M M 5 12 M M
23 12 -11 1 M 64 0 M M M 0.1 4 110 M M 4 12 M M
24 10 -15 -2 M 67 0 M M M 0.3 3 140 M M 3 M M
25 27 -8 10 M 55 0 M M M 2.1 9 340 M M 8 M M
26 10 -18 -4 M 69 0 M M M 0.0 M M M M 6 8 M M
27 19 -15 2 M 63 0 M M M 0.8 5 110 M M 5 M M
28 7 -22 -7 M 72 0 M M M 0.0 M M M M 3 8 M M
29 0 -27 -13 M 78 0 M M M 0.1 3 360 M M 1 8 M M
30 0 -31 -15 M 80 0 M M M 0.0 M M M M 0 8 M M
31 18 -24 -3 M 68 0 0.00 M M 0.6 6 110 M M 0 M M
================================================================================
SM 526 -253 1869 0 0.00 M 65.7 M 111
================================================================================
AV 17.0 -8.2 2.1 FASTST M M 4 MAX(MPH)
MISC ----> 30 240 41 250
================================================================================
NOTES:
# LAST OF SEVERAL OCCURRENCES
COLUMN 17 PEAK WIND IN M.P.H.
PRELIMINARY LOCAL CLIMATOLOGICAL DATA (WS FORM: F-6) , PAGE 2
STATION: KREMMLING
MONTH: JANUARY
YEAR: 2022
LATITUDE: 40 3 N
LONGITUDE: 106 22 W
[TEMPERATURE DATA] [PRECIPITATION DATA] SYMBOLS USED IN COLUMN 16
AVERAGE MONTHLY: 4.4 TOTAL FOR MONTH: 0.00 1 = FOG OR MIST
DPTR FM NORMAL: 0.0 DPTR FM NORMAL: M 2 = FOG REDUCING VISIBILITY
HIGHEST: 48 ON 7 GRTST 24HR 0.25 ON 25-25 TO 1/4 MILE OR LESS
LOWEST: -31 ON 30 3 = THUNDER
SNOW, ICE PELLETS, HAIL 4 = ICE PELLETS
TOTAL MONTH: M 5 = HAIL
GRTST 24HR M ON M 6 = FREEZING RAIN OR DRIZZLE
GRTST DEPTH: M ON M 7 = DUSTSTORM OR SANDSTORM:
VSBY 1/2 MILE OR LESS
8 = SMOKE OR HAZE
[NO. OF DAYS WITH] [WEATHER - DAYS WITH] 9 = BLOWING SNOW
X = TORNADO
MAX 32 OR BELOW: 27 0.01 INCH OR MORE: 0
MAX 90 OR ABOVE: 0 0.10 INCH OR MORE: 0
MIN 32 OR BELOW: 31 0.50 INCH OR MORE: 0
MIN 0 OR BELOW: 25 1.00 INCH OR MORE: 0
[HDD (BASE 65) ]
TOTAL THIS MO. 1869 CLEAR (SCALE 0-3) 17
DPTR FM NORMAL M PTCLDY (SCALE 4-7) 11
TOTAL FM JUL 1 5128 CLOUDY (SCALE 8-10) 3
DPTR FM NORMAL M
[CDD (BASE 65) ]
TOTAL THIS MO. 0
DPTR FM NORMAL M [PRESSURE DATA]
TOTAL FM JAN 1 0 HIGHEST SLP M ON M
DPTR FM NORMAL M LOWEST SLP M ON M
[REMARKS]
#FINAL-01-22#