000
CXUS53 KUNR 011030
CF62WX
PRELIMINARY LOCAL CLIMATOLOGICAL DATA (WS FORM: F-6)
STATION: BUFFALO SD
MONTH: JANUARY
YEAR: 2024
LATITUDE: 45 35 N
LONGITUDE: 103 33 W
TEMPERATURE IN F: :PCPN: SNOW: WIND :SUNSHINE: SKY :PK WND
================================================================================
1 2 3 4 5 6A 6B 7 8 9 10 11 12 13 14 15 16 17 18
12Z AVG MX 2MIN
DY MAX MIN AVG DEP HDD CDD WTR SNW DPTH SPD SPD DIR MIN PSBL S-S WX SPD DR
================================================================================
1 49 13 31 9 34 0 0.00 M M 11.8 26 310 M M M 33 310
2 47 20 34 12 31 0 0.00 M M 9.2 17 300 M M M 22 310
3 28 22 25 3 40 0 0.00 M M 9.1 17 150 M M M 22 150
4 26 18 22 1 43 0 0.00 M M 5.8 16 150 M M M 23 150
5 38 16 27 6 38 0 0.01 M M 14.0 39 320 M M M 51 310
6 41 15 28 7 37 0 0.00 M M 11.1 33 310 M M M 44 310
7 26 13 20 -1 45 0 0.01 M M 6.6 12 120 M M M 14 120
8 22 7 15 -6 50 0 0.04 M M 10.7 23 310 M M M 28 320
9 34 9 22 1 43 0 0.00 M M 7.7 15 260 M M M 19 250
10 35 0 18 -3 47 0 0.00 M M 16.1 26 310 M M M 32 320
11 8 -7 1 -20 64 0 0.00 M M 11.4 22 320 M M M 29 310
12 -4 -24 -14 -35 79 0 0.01 M M 16.0 30 330 M M M 38 300
13 -17 -31 -24 -45 89 0 0.00 M M 22.7 37 300 M M M 46 300
14 -6 -28 -17 -38 82 0 0.00 M M 11.6 23 310 M M M 29 310
15 -4 -20 -12 -33 77 0 0.00 M M 22.3 38 300 M M M 47 300
16 20 -13 4 -17 61 0 0.01 M M 17.1 32 280 M M M 40 280
17 20 15 18 -3 47 0 0.01 M M 4.4 8 260 M M M M M
18 9 -7 1 -20 64 0 0.12 M M 25.9 46 310 M M M 57 310
19 8 -9 0 -21 65 0 0.00 M M 14.7 29 290 M M M 35 290
20 17 -9 4 -17 61 0 0.00 M M 11.4 21 170 M M M 25 170
21 50 7 29 8 36 0 0.00 M M 6.8 18 280 M M M 23 270
22 34 21 28 7 37 0 0.00 M M 7.7 18 140 M M M 23 140
23 31 20 26 5 39 0 0.00 M M 9.3 18 150 M M M 23 150
24 52 21 37 16 28 0 0.00 M M 3.7 8 300 M M M 9 310
25 51 26 39 18 26 0 0.00 M M 3.5 8 300 M M M 11 300
26 50 27 39 18 26 0 0.00 M M 9.2 20 280 M M M 23 280
27 53 25 39 18 26 0 0.00 M M 6.6 16 190 M M M 19 200
28 60 31 46 25 19 0 0.00 M M 12.6 22 290 M M M 27 280
29 58 36 47 26 18 0 0.00 M M 11.3 28 310 M M M 33 320
30 66 34 50 29 15 0 0.00 M M 9.1 21 280 M M M 24 280
31 66 33 50 29 15 0 0.00 M M 5.0 9 110 M M M 13 200
================================================================================
SM 968 281 1382 0 0.21 M 344.4 M M
================================================================================
AV 31.2 9.1 11.1 FASTST M M M MAX(MPH)
MISC ----> 46 310 57 310
================================================================================
NOTES:
# LAST OF SEVERAL OCCURRENCES
COLUMN 17 PEAK WIND IN M.P.H.
PRELIMINARY LOCAL CLIMATOLOGICAL DATA (WS FORM: F-6) , PAGE 2
STATION: BUFFALO SD
MONTH: JANUARY
YEAR: 2024
LATITUDE: 45 35 N
LONGITUDE: 103 33 W
[TEMPERATURE DATA] [PRECIPITATION DATA] SYMBOLS USED IN COLUMN 16
AVERAGE MONTHLY: 20.1 TOTAL FOR MONTH: 0.21 1 = FOG OR MIST
DPTR FM NORMAL: -1.1 DPTR FM NORMAL: -0.10 2 = FOG REDUCING VISIBILITY
HIGHEST: 66 ON 31,30 GRTST 24HR 0.12 ON 18-18 TO 1/4 MILE OR LESS
LOWEST: -31 ON 13 3 = THUNDER
SNOW, ICE PELLETS, HAIL 4 = ICE PELLETS
TOTAL MONTH: M 5 = HAIL
GRTST 24HR M ON M 6 = FREEZING RAIN OR DRIZZLE
GRTST DEPTH: M ON M 7 = DUSTSTORM OR SANDSTORM:
VSBY 1/2 MILE OR LESS
8 = SMOKE OR HAZE
[NO. OF DAYS WITH] [WEATHER - DAYS WITH] 9 = BLOWING SNOW
X = TORNADO
MAX 32 OR BELOW: 15 0.01 INCH OR MORE: 7
MAX 90 OR ABOVE: 0 0.10 INCH OR MORE: 1
MIN 32 OR BELOW: 28 0.50 INCH OR MORE: 0
MIN 0 OR BELOW: 10 1.00 INCH OR MORE: 0
[HDD (BASE 65) ]
TOTAL THIS MO. 1382 CLEAR (SCALE 0-3) 0
DPTR FM NORMAL 23 PTCLDY (SCALE 4-7) 0
TOTAL FM JUL 1 3861 CLOUDY (SCALE 8-10) 31
DPTR FM NORMAL -576
[CDD (BASE 65) ]
TOTAL THIS MO. 0
DPTR FM NORMAL 0 [PRESSURE DATA]
TOTAL FM JAN 1 0 HIGHEST SLP 30.69 ON 19
DPTR FM NORMAL 0 LOWEST SLP 29.29 ON 10
[REMARKS]
#FINAL-01-24#