000
CXUS53 KUNR 011534
CLM2WX
CLIMATE REPORT
NATIONAL WEATHER SERVICE RAPID CITY SD
934 AM MDT SAT JUL 01 2023
...................................
...THE BUFFALO SD CLIMATE SUMMARY FOR THE MONTH OF JUNE 2023...
CLIMATE NORMAL PERIOD 1991 TO 2020
CLIMATE RECORD PERIOD 9999 TO 9999
WEATHER OBSERVED NORMAL DEPART LAST YEAR`S
VALUE DATE(S) VALUE FROM VALUE DATE(S)
NORMAL
................................................................
TEMPERATURE (F)
HIGHEST 94 06/08 95 06/29
LOWEST 46 06/17 39 06/01
06/03
AVG. MAXIMUM 79.9 77.0 2.9 76.5
AVG. MINIMUM 55.3 51.6 3.7 51.4
MEAN 67.6 64.3 3.3 64.0
DAYS MAX >= 90 2 2
DAYS MAX <= 32 0 0
DAYS MIN <= 32 0 0
DAYS MIN <= 0 0 0
PRECIPITATION (INCHES)
TOTALS 4.80 2.11 2.69 4.28
DAILY AVG. 0.16 0.07 0.09 0.14
DAYS >= .01 13 13
DAYS >= .10 8 9
DAYS >= .50 4 2
DAYS >= 1.00 1 0
GREATEST
24 HR. TOTAL 1.42 06/22 TO 06/23 1.26
DEGREE DAYS
HEATING TOTAL 34 97 -63 99
SINCE 7/1 7399 7668 -269 MM
COOLING TOTAL 119 76 43 76
SINCE 1/1 155 86 69 MM
................................................................
WIND (MPH)
AVERAGE WIND SPEED 9.9
HIGHEST WIND SPEED/DIRECTION 46/120 DATE 06/01
HIGHEST GUST SPEED/DIRECTION 60/120 DATE 06/01
AVERAGE RH (PERCENT) 65
- INDICATES NEGATIVE NUMBERS.
R INDICATES RECORD WAS SET OR TIED.
MM INDICATES DATA IS MISSING.
T INDICATES TRACE AMOUNT.
$$