000
CXUS54 KEWX 011110
CF63T5
PRELIMINARY LOCAL CLIMATOLOGICAL DATA (WS FORM: F-6)
STATION: LA GRANGE
MONTH: DECEMBER
YEAR: 2022
LATITUDE: 29 54 N
LONGITUDE: 96 57 W
TEMPERATURE IN F: :PCPN: SNOW: WIND :SUNSHINE: SKY :PK WND
================================================================================
1 2 3 4 5 6A 6B 7 8 9 10 11 12 13 14 15 16 17 18
12Z AVG MX 2MIN
DY MAX MIN AVG DEP HDD CDD WTR SNW DPTH SPD SPD DIR MIN PSBL S-S WX SPD DR
================================================================================
1 58 38 48 M 17 0 0.00 M M 4.4 7 130 M M 7 1 M M
2 70 55 63 M 2 0 0.02 M M 3.5 13 210 M M 10 1 M M
3 67 55 61 M 4 0 0.00 M M 6.1 12 340 M M 10 1 20 340
4 63 54 59 M 6 0 0.00 M M 3.3 9 30 M M 10 18 M M
5 80 61 71 M 0 6 0.01 M M 6.8 14 200 M M 7 1 23 200
6 81 69 75 M 0 10 0.00 M M 9.1 15 200 M M 10 21 210
7 80 67 74 M 0 9 0.00 M M 8.2 16 180 M M 6 1 22 180
8 81 66 74 M 0 9 0.00 M M 6.1 12 170 M M 6 1 M M
9 80 68 74 M 0 9 0.00 M M 5.9 15 160 M M 7 1 27 160
10 79 66 73 M 0 8 0.03 M M 4.1 9 160 M M 8 1 M M
11 72 61 67 M 0 2 0.13 M M 5.6 13 30 M M 9 13 17 30
12 73 61 67 M 0 2 T M M 6.7 12 150 M M 9 1 20 160
13 80 63 72 M 0 7 T M M 9.6 16 180 M M 8 8 23 180
14 69 49 59 M 6 0 0.00 M M 8.5 20 330 M M 5 8 27 330
15 64 38 51 M 14 0 0.00 M M 2.6 8 180 M M 0 8 M M
16 60 42 51 M 14 0 0.00 M M 5.8 13 10 M M 7 18 22 10
17 57 37 47 M 18 0 0.00 M M 3.4 9 350 M M 5 8 M M
18 54 31 43 M 22 0 0.00 M M 2.3 10 90 M M 5 18 M M
19 51 42 47 M 18 0 0.12 M M 6.6 16 330 M M 10 1 21 330
20 53 41 47 M 18 0 T M M 5.6 10 350 M M 9 18 17 10
21 52 38 45 M 20 0 T M M 1.2 5 190 M M 6 12 M M
22 59 18 39 M 26 0 T M M 10.9 24 340 M M 6 1 33 M
23 30 15 23 M 42 0 0.00 M M 13.7 20 340 M M 1 31 M
24 39 19 29 M 36 0 0.00 M M 4.8 13 360 M M 1 18 360
25 50 21 36 M 29 0 0.00 M M 2.7 6 190 M M 0 M M
26 61 27 44 M 21 0 0.00 M M 3.5 12 300 M M 0 M M
27 57 31 44 M 21 0 0.00 M M 4.0 8 170 M M 0 M M
28 77 34 56 M 9 0 0.00 M M 8.0 21 180 M M 4 18 32 M
29 74 62 68 M 0 3 0.14 M M 7.9 14 180 M M 10 138 24 170
30 63 52 58 M 7 0 0.00 M M 4.8 10 340 M M 7 1 M M
31 75 44 60 M 5 0 M M M 5.2 12 220 M M 0 21 210
================================================================================
SM 2009 1425 355 65 0.45 M 180.8 M 183
================================================================================
AV 64.8 46.0 5.8 FASTST M M 6 MAX(MPH)
MISC ----> 24 340 33 9999
================================================================================
NOTES:
# LAST OF SEVERAL OCCURRENCES
COLUMN 17 PEAK WIND IN M.P.H.
PRELIMINARY LOCAL CLIMATOLOGICAL DATA (WS FORM: F-6) , PAGE 2
STATION: LA GRANGE
MONTH: DECEMBER
YEAR: 2022
LATITUDE: 29 54 N
LONGITUDE: 96 57 W
[TEMPERATURE DATA] [PRECIPITATION DATA] SYMBOLS USED IN COLUMN 16
AVERAGE MONTHLY: 55.4 TOTAL FOR MONTH: 0.45 1 = FOG OR MIST
DPTR FM NORMAL: 0.0 DPTR FM NORMAL: M 2 = FOG REDUCING VISIBILITY
HIGHEST: 81 ON 8, 6 GRTST 24HR 0.14 ON 29-29 TO 1/4 MILE OR LESS
LOWEST: 15 ON 23 3 = THUNDER
SNOW, ICE PELLETS, HAIL 4 = ICE PELLETS
TOTAL MONTH: 0.0 INCH 5 = HAIL
GRTST 24HR M ON M 6 = FREEZING RAIN OR DRIZZLE
GRTST DEPTH: M ON M 7 = DUSTSTORM OR SANDSTORM:
VSBY 1/2 MILE OR LESS
8 = SMOKE OR HAZE
[NO. OF DAYS WITH] [WEATHER - DAYS WITH] 9 = BLOWING SNOW
X = TORNADO
MAX 32 OR BELOW: 1 0.01 INCH OR MORE: 6
MAX 90 OR ABOVE: 0 0.10 INCH OR MORE: 3
MIN 32 OR BELOW: 7 0.50 INCH OR MORE: 0
MIN 0 OR BELOW: 0 1.00 INCH OR MORE: 0
[HDD (BASE 65) ]
TOTAL THIS MO. 355 CLEAR (SCALE 0-3) 7
DPTR FM NORMAL M PTCLDY (SCALE 4-7) 14
TOTAL FM JUL 1 367 CLOUDY (SCALE 8-10) 10
DPTR FM NORMAL M
[CDD (BASE 65) ]
TOTAL THIS MO. 65
DPTR FM NORMAL M [PRESSURE DATA]
TOTAL FM JAN 1 3398 HIGHEST SLP M ON M
DPTR FM NORMAL M LOWEST SLP M ON M
[REMARKS]
#FINAL-12-22#