000
CXUS55 KABR 011100
CF68D3
PRELIMINARY LOCAL CLIMATOLOGICAL DATA (WS FORM: F-6)
STATION: SISSETON SD
MONTH: MAY
YEAR: 2021
LATITUDE: 45 40 N
LONGITUDE: 96 59 W
TEMPERATURE IN F: :PCPN: SNOW: WIND :SUNSHINE: SKY :PK WND
================================================================================
1 2 3 4 5 6A 6B 7 8 9 10 11 12 13 14 15 16 17 18
12Z AVG MX 2MIN
DY MAX MIN AVG DEP HDD CDD WTR SNW DPTH SPD SPD DIR MIN PSBL S-S WX SPD DR
================================================================================
1 90 57 74 23 0 9 0.00 0.0 0 14.4 30 220 M M 0 43 230
2 74 52 63 12 2 0 0.00 0.0 0 7.8 29 340 M M 0 37 330
3 59 36 48 -4 17 0 0.00 0.0 0 22.0 32 350 M M 0 40 350
4 59 30 45 -7 20 0 0.00 0.0 0 10.1 23 350 M M 0 40 360
5 51 33 42 -11 23 0 0.02 0.0 0 6.6 24 40 M M 0 29 50
6 68 36 52 -1 13 0 T 0.0 0 13.6 38 330 M M 0 47 310
7 59 30 45 -9 20 0 0.00 0.0 0 10.2 18 20 M M 0 29 360
8 53 30 42 -12 23 0 0.00 0.0 0 8.0 22 110 M M 0 26 110
9 64 32 48 -6 17 0 0.00 0.0 0 10.4 20 350 M M 0 27 340
10 59 32 46 -9 19 0 0.00 0.0 0 6.3 18 20 M M 0 24 20
11 65 29 47 -8 18 0 0.00 0.0 0 5.6 14 240 M M 0 19 240
12 70 35 53 -3 12 0 0.00 0.0 0 10.1 23 210 M M 0 30 190
13 72 47 60 4 5 0 0.06 0.0 0 15.1 29 170 M M 0 41 180
14 77 50 64 7 1 0 0.09 0.0 0 9.2 22 50 M M 0 29 40
15 77 40 59 2 6 0 0.00 0.0 0 4.7 14 10 M M 0 23 50
16 82 46 64 7 1 0 0.00 0.0 0 6.8 17 250 M M 0 23 250
17 82 49 66 8 0 1 0.00 0.0 0 10.8 24 140 M M 0 33 110
18 78 51 65 7 0 0 0.00 0.0 0 13.8 26 140 M M 0 33 150
19 82 60 71 12 0 6 0.00 0.0 0 14.8 23 180 M M 0 31 170
20 82 63 73 14 0 8 0.15 0.0 0 11.6 20 170 M M 0 23 180
21 88 63 76 17 0 11 0.00 0.0 0 12.7 23 180 M M 0 35 170
22 83 55 69 9 0 4 0.00 0.0 0 14.6 25 350 M M 0 34 220
23 88 51 70 10 0 5 0.00 0.0 0 11.9 24 120 M M 0 32 120
24 88 62 75 15 0 10 0.01 0.0 0 14.6 28 240 M M 0 39 230
25 81 56 69 8 0 4 0.00 0.0 0 18.7 37 280 M M 0 49 270
26 59 46 53 -8 12 0 0.00 0.0 0 13.0 24 360 M M 0 30 20
27 49 45 47 -15 18 0 0.83 0.0 0 10.3 21 40 M M 0 26 40
28 61 35 48 -14 17 0 0.00 0.0 0 8.2 17 150 M M 0 26 140
29 61 40 51 -11 14 0 0.16 0.0 0 11.2 29 180 M M 0 35 170
30 77 47 62 -1 3 0 0.00 0.0 0 6.2 16 260 M M 0 21 340
31 75 50 63 0 2 0 0.00 0.0 0 9.1 17 330 M M 0 24 310
================================================================================
SM 2213 1388 263 58 1.32 0.0 342.4 M 0
================================================================================
AV 71.4 44.8 11.0 FASTST M M 0 MAX(MPH)
MISC ----> 38 330 49 270
================================================================================
NOTES:
# LAST OF SEVERAL OCCURRENCES
COLUMN 17 PEAK WIND IN M.P.H.
PRELIMINARY LOCAL CLIMATOLOGICAL DATA (WS FORM: F-6) , PAGE 2
STATION: SISSETON SD
MONTH: MAY
YEAR: 2021
LATITUDE: 45 40 N
LONGITUDE: 96 59 W
[TEMPERATURE DATA] [PRECIPITATION DATA] SYMBOLS USED IN COLUMN 16
AVERAGE MONTHLY: 58.1 TOTAL FOR MONTH: 1.32 1 = FOG OR MIST
DPTR FM NORMAL: 0.8 DPTR FM NORMAL: -1.47 2 = FOG REDUCING VISIBILITY
HIGHEST: 90 ON 1 GRTST 24HR 0.83 ON 27-27 TO 1/4 MILE OR LESS
LOWEST: 29 ON 11 3 = THUNDER
SNOW, ICE PELLETS, HAIL 4 = ICE PELLETS
TOTAL MONTH: 0.0 INCH 5 = HAIL
GRTST 24HR 0.0 6 = FREEZING RAIN OR DRIZZLE
GRTST DEPTH: 0 7 = DUSTSTORM OR SANDSTORM:
VSBY 1/2 MILE OR LESS
8 = SMOKE OR HAZE
[NO. OF DAYS WITH] [WEATHER - DAYS WITH] 9 = BLOWING SNOW
X = TORNADO
MAX 32 OR BELOW: 0 0.01 INCH OR MORE: 7
MAX 90 OR ABOVE: 1 0.10 INCH OR MORE: 3
MIN 32 OR BELOW: 6 0.50 INCH OR MORE: 1
MIN 0 OR BELOW: 0 1.00 INCH OR MORE: 0
[HDD (BASE 65) ]
TOTAL THIS MO. 263 CLEAR (SCALE 0-3) 31
DPTR FM NORMAL -7 PTCLDY (SCALE 4-7) 0
TOTAL FM JUL 1 7279 CLOUDY (SCALE 8-10) 0
DPTR FM NORMAL -849
[CDD (BASE 65) ]
TOTAL THIS MO. 58
DPTR FM NORMAL 28 [PRESSURE DATA]
TOTAL FM JAN 1 58 HIGHEST SLP 30.40 ON 11
DPTR FM NORMAL 27 LOWEST SLP 29.42 ON 1
[REMARKS]
#FINAL-05-21#