012
CXUS55 KABR 011700
CF68D3
PRELIMINARY LOCAL CLIMATOLOGICAL DATA (WS FORM: F-6)
STATION: SISSETON SD
MONTH: MAY
YEAR: 2020
LATITUDE: 45 40 N
LONGITUDE: 96 59 W
TEMPERATURE IN F: :PCPN: SNOW: WIND :SUNSHINE: SKY :PK WND
================================================================================
1 2 3 4 5 6A 6B 7 8 9 10 11 12 13 14 15 16 17 18
12Z AVG MX 2MIN
DY MAX MIN AVG DEP HDD CDD WTR SNW DPTH SPD SPD DIR MIN PSBL S-S WX SPD DR
================================================================================
1 76 49 63 11 2 0 0.00 0.0 0 14.5 32 300 M M 0 43 310
2 73 46 60 8 5 0 0.00 0.0 0 16.4 35 320 M M 0 46 320
3 58 35 47 -6 18 0 0.00 0.0 0 10.3 20 10 M M 0 31 40
4 51 39 45 -8 20 0 0.64 0.0 0 9.4 23 150 M M 0 29 160
5 48 41 45 -9 20 0 0.54 0.0 0 10.0 23 20 M M 0 29 20
6 62 41 52 -2 13 0 0.00 0.0 0 8.1 17 320 M M 0 23 310
7 54 34 44 -10 21 0 0.00 0.0 0 11.5 25 360 M M 0 31 10
8 52 29 41 -14 24 0 0.00 0.0 0 11.0 21 340 M M 0 29 330
9 51 35 43 -12 22 0 0.06 0.0 0 15.6 29 360 M M 0 37 360
10 46 34 40 -15 25 0 0.00 0.0 0 17.2 28 340 M M 0 37 350
11 49 29 39 -17 26 0 0.00 0.0 0 11.6 22 320 M M 0 35 340
12 55 25 40 -16 25 0 0.00 0.0 0 4.9 14 120 M M 0 20 150
13 53 44 49 -7 16 0 0.07 0.0 0 12.9 29 170 M M 0 36 170
14 69 44 57 0 8 0 0.00 0.0 0 12.5 28 280 M M 0 36 300
15 69 38 54 -3 11 0 0.00 0.0 0 7.4 18 320 M M 0 24 310
16 62 44 53 -5 12 0 0.02 0.0 0 5.3 15 130 M M 0 19 140
17 69 45 57 -1 8 0 0.02 0.0 0 10.3 22 50 M M 0 31 50
18 75 40 58 0 7 0 0.00 0.0 0 11.0 23 110 M M 0 32 120
19 72 44 58 0 7 0 0.00 0.0 0 12.3 23 160 M M 0 30 170
20 71 57 64 5 1 0 0.00 0.0 0 18.8 28 150 M M 0 37 150
21 70 56 63 4 2 0 0.00 0.0 0 16.8 29 170 M M 0 36 180
22 76 55 66 7 0 1 0.00 0.0 0 14.0 23 150 M M 0 29 150
23 76 55 66 6 0 1 0.00 0.0 0 7.6 18 140 M M 0 25 130
24 66 53 60 0 5 0 0.21 0.0 0 5.4 12 300 M M 0 16 290
25 68 55 62 2 3 0 0.02 0.0 0 11.4 17 330 M M 0 23 340
26 70 55 63 3 2 0 0.17 0.0 0 7.8 13 320 M M 0 17 300
27 85 54 70 9 0 5 0.00 0.0 0 7.5 18 320 M M 0 23 340
28 73 49 61 0 4 0 0.00 0.0 0 15.8 31 320 M M 0 44 340
29 69 46 58 -3 7 0 0.00 0.0 0 11.1 22 350 M M 0 28 350
30 69 46 58 -4 7 0 0.00 0.0 0 6.4 15 30 M M 0 22 10
31 81 41 61 -1 4 0 0.00 0.0 0 13.7 28 170 M M 0 35 170
================================================================================
SM 2018 1358 325 7 1.75 0.0 348.5 M 0
================================================================================
AV 65.1 43.8 11.2 FASTST M M 0 MAX(MPH)
MISC ----> # 35 320 # 46 320
================================================================================
NOTES:
# LAST OF SEVERAL OCCURRENCES
COLUMN 17 PEAK WIND IN M.P.H.
PRELIMINARY LOCAL CLIMATOLOGICAL DATA (WS FORM: F-6) , PAGE 2
STATION: SISSETON SD
MONTH: MAY
YEAR: 2020
LATITUDE: 45 40 N
LONGITUDE: 96 59 W
[TEMPERATURE DATA] [PRECIPITATION DATA] SYMBOLS USED IN COLUMN 16
AVERAGE MONTHLY: 54.5 TOTAL FOR MONTH: 1.75 1 = FOG OR MIST
DPTR FM NORMAL: -2.8 DPTR FM NORMAL: -0.97 2 = FOG REDUCING VISIBILITY
HIGHEST: 85 ON 27 GRTST 24HR 0.64 ON 4- 4 TO 1/4 MILE OR LESS
LOWEST: 25 ON 12 3 = THUNDER
SNOW, ICE PELLETS, HAIL 4 = ICE PELLETS
TOTAL MONTH: 0.0 INCH 5 = HAIL
GRTST 24HR 0.0 6 = FREEZING RAIN OR DRIZZLE
GRTST DEPTH: 0 7 = DUSTSTORM OR SANDSTORM:
VSBY 1/2 MILE OR LESS
8 = SMOKE OR HAZE
[NO. OF DAYS WITH] [WEATHER - DAYS WITH] 9 = BLOWING SNOW
X = TORNADO
MAX 32 OR BELOW: 0 0.01 INCH OR MORE: 9
MAX 90 OR ABOVE: 0 0.10 INCH OR MORE: 4
MIN 32 OR BELOW: 3 0.50 INCH OR MORE: 2
MIN 0 OR BELOW: 0 1.00 INCH OR MORE: 0
[HDD (BASE 65) ]
TOTAL THIS MO. 325 CLEAR (SCALE 0-3) 31
DPTR FM NORMAL 63 PTCLDY (SCALE 4-7) 0
TOTAL FM JUL 1 8364 CLOUDY (SCALE 8-10) 0
DPTR FM NORMAL 143
[CDD (BASE 65) ]
TOTAL THIS MO. 7
DPTR FM NORMAL -15 [PRESSURE DATA]
TOTAL FM JAN 1 7 HIGHEST SLP 30.41 ON 11
DPTR FM NORMAL -16 LOWEST SLP 29.54 ON 1
[REMARKS]
#FINAL-05-20#