000
CXUS53 KABR 011212
CLM8D3
CLIMATE REPORT
NATIONAL WEATHER SERVICE ABERDEEN SD
712 AM CDT THU JUN 01 2023
...................................
...THE SISSETON SD CLIMATE SUMMARY FOR THE MONTH OF MAY 2023...
CLIMATE NORMAL PERIOD 1991 TO 2020
CLIMATE RECORD PERIOD 1900 TO 2023
WEATHER OBSERVED NORMAL DEPART LAST YEAR`S
VALUE DATE(S) VALUE FROM VALUE DATE(S)
NORMAL
................................................................
TEMPERATURE (F)
RECORD
HIGH 113 05/30/1934
LOW 19 05/03/2005
05/12/1946
HIGHEST 92 05/23 MM MM 87 05/28
05/25
05/31
LOWEST 36 05/03 MM MM 37 05/04
05/22
05/23
AVG. MAXIMUM 80.2 69.2 11.0 68.8
AVG. MINIMUM 51.1 45.3 5.8 47.8
MEAN 65.6 57.3 8.3 58.3
DAYS MAX >= 90 6 1.0 5.0 0
DAYS MAX <= 32 0 0.0 0.0 0
DAYS MIN <= 32 0 2.3 -2.3 0
DAYS MIN <= 0 0 0.0 0.0 0
PRECIPITATION (INCHES)
RECORD
MAXIMUM 9.76 1965
MINIMUM 0.36 1934
TOTALS 1.00 2.79 -1.79 3.77
DAYS >= .01 3 10.9 -7.9 12
DAYS >= .10 3 5.8 -2.8 6
DAYS >= .50 1 1.9 -0.9 2
DAYS >= 1.00 0 0.4 -0.4 1
SNOWFALL (INCHES)
RECORDS
TOTAL 9.0 1935
SNOW DEPTH MM MM
TOTALS 0.0 0.0 0.0 0.0
SINCE 7/1 81.8 36.3 45.5 MM
SNOWDEPTH AVG. 0 0
DAYS >= TRACE 0 0.0 0.0 0
DAYS >= 1.0 0 0.0 0.0 0
GREATEST
SNOW DEPTH 0 0 MM
DEGREE DAYS
HEATING TOTAL 89 270 -181 220
SINCE 7/1 8170 8128 42 MM
COOLING TOTAL 117 30 87 22
SINCE 1/1 117 31 86 MM
FREEZE DATES
RECORD
EARLIEST MM
LATEST MM
EARLIEST 09/28
LATEST 04/28
................................................................
WIND (MPH)
AVERAGE WIND SPEED 10.8
RESULTANT WIND SPEED/DIRECTION 2/160
HIGHEST WIND SPEED/DIRECTION 33/360 DATE 05/01
HIGHEST GUST SPEED/DIRECTION 45/350 DATE 05/01
SKY COVER
POSSIBLE SUNSHINE (PERCENT) MM
AVERAGE SKY COVER 0.00
NUMBER OF DAYS FAIR 31
NUMBER OF DAYS PC 0
NUMBER OF DAYS CLOUDY 0
AVERAGE RH (PERCENT) 52
$$