000
CXUS54 KSJT 011000
CF6ABI
PRELIMINARY LOCAL CLIMATOLOGICAL DATA (WS FORM: F-6)
STATION: ABILENE
MONTH: SEPTEMBER
YEAR: 2023
LATITUDE: 32 25 N
LONGITUDE: 99 41 W
TEMPERATURE IN F: :PCPN: SNOW: WIND :SUNSHINE: SKY :PK WND
================================================================================
1 2 3 4 5 6A 6B 7 8 9 10 11 12 13 14 15 16 17 18
12Z AVG MX 2MIN
DY MAX MIN AVG DEP HDD CDD WTR SNW DPTH SPD SPD DIR MIN PSBL S-S WX SPD DR
================================================================================
1 103 73 88 7 0 23 0.00 0.0 0 8.6 17 120 M M 0 24 110
2 104 72 88 7 0 23 0.00 0.0 0 M 21 150 M M 0 30 150
3 105 76 91 11 0 26 0.00 0.0 0 11.5 22 150 M M 0 31 160
4 105 79 92 12 0 27 0.00 0.0 0 13.9 24 190 M M 0 34 200
5 107 81 94 14 0 29 0.01 0.0 0 12.7 23 180 M M 0 3 32 190
6 104 76 90 10 0 25 0.00 0.0 0 7.9 29 100 M M 0 3 39 110
7 106 78 92 13 0 27 0.00 0.0 0 7.3 16 140 M M 0 22 180
8 108 78 93 14 0 28 0.00 0.0 0 10.8 23 50 M M 0 3 32 70
9 103 76 90 11 0 25 0.00 0.0 M 10.2 23 90 M M 0 3 31 90
10 99 74 87 9 0 22 0.00 0.0 0 13.8 25 120 M M 0 3 35 110
11 94 68 81 3 0 16 0.13 0.0 0 13.4 32 330 M M 4 13 44 340
12 73 67 70 -8 0 5 0.41 0.0 0 8.5 16 340 M M 9 13 20 350
13 78 66 72 -6 0 7 0.02 0.0 0 4.0 17 110 M M 8 1 21 110
14 86 69 78 1 0 13 0.68 0.0 0 7.7 16 120 M M 8 13 21 290
15 91 68 80 3 0 15 0.07 0.0 0 6.5 18 130 M M 4 138 22 130
16 85 68 77 0 0 12 1.11 0.0 0 6.9 20 130 M M 5 13 26 140
17 89 66 78 2 0 13 0.00 0.0 0 4.6 12 340 M M 1 15 20
18 92 64 78 2 0 13 0.00 0.0 0 8.1 18 190 M M 0 24 180
19 96 73 85 9 0 20 0.00 0.0 0 13.6 22 210 M M 0 35 170
20 100 74 87 11 0 22 0.00 0.0 0 11.0 23 210 M M 0 31 200
21 91 75 83 8 0 18 T 0.0 0 10.0 21 190 M M 1 30 190
22 97 76 87 12 0 22 0.00 0.0 0 11.5 21 210 M M 0 29 210
23 101 78 90 15 0 25 0.00 0.0 0 11.4 22 210 M M 0 29 210
24 97 75 86 12 0 21 0.00 0.0 0 8.3 17 210 M M 0 25 200
25 91 72 82 8 0 17 0.00 0.0 0 8.1 17 360 M M 3 24 360
26 93 65 79 5 0 14 0.00 0.0 0 4.3 12 110 M M 0 17 360
27 95 70 83 9 0 18 0.00 0.0 0 7.3 17 160 M M 2 8 24 160
28 94 68 81 8 0 16 0.00 0.0 0 9.2 17 160 M M 1 24 170
29 94 70 82 9 0 17 0.00 0.0 0 12.1 22 170 M M 0 30 140
30 92 69 81 8 0 16 0.00 0.0 0 13.5 22 140 M M 1 40 160
================================================================================
SM 2873 2164 0 575 2.43 0.0 276.7 M 47
================================================================================
AV 95.8 72.1 9.5 FASTST M M 2 MAX(MPH)
MISC ----> 32 330 44 340
================================================================================
NOTES:
# LAST OF SEVERAL OCCURRENCES
COLUMN 17 PEAK WIND IN M.P.H.
PRELIMINARY LOCAL CLIMATOLOGICAL DATA (WS FORM: F-6) , PAGE 2
STATION: ABILENE
MONTH: SEPTEMBER
YEAR: 2023
LATITUDE: 32 25 N
LONGITUDE: 99 41 W
[TEMPERATURE DATA] [PRECIPITATION DATA] SYMBOLS USED IN COLUMN 16
AVERAGE MONTHLY: 84.0 TOTAL FOR MONTH: 2.43 1 = FOG OR MIST
DPTR FM NORMAL: 7.1 DPTR FM NORMAL: -0.24 2 = FOG REDUCING VISIBILITY
HIGHEST: 108 ON 8 GRTST 24HR 1.11 ON 16-16 TO 1/4 MILE OR LESS
LOWEST: 64 ON 18 3 = THUNDER
SNOW, ICE PELLETS, HAIL 4 = ICE PELLETS
TOTAL MONTH: 0.0 INCH 5 = HAIL
GRTST 24HR 0.0 6 = FREEZING RAIN OR DRIZZLE
GRTST DEPTH: 0 7 = DUSTSTORM OR SANDSTORM:
VSBY 1/2 MILE OR LESS
8 = SMOKE OR HAZE
[NO. OF DAYS WITH] [WEATHER - DAYS WITH] 9 = BLOWING SNOW
X = TORNADO
MAX 32 OR BELOW: 0 0.01 INCH OR MORE: 7
MAX 90 OR ABOVE: 25 0.10 INCH OR MORE: 4
MIN 32 OR BELOW: 0 0.50 INCH OR MORE: 2
MIN 0 OR BELOW: 0 1.00 INCH OR MORE: 1
[HDD (BASE 65) ]
TOTAL THIS MO. 0 CLEAR (SCALE 0-3) 24
DPTR FM NORMAL -7 PTCLDY (SCALE 4-7) 5
TOTAL FM JUL 1 0 CLOUDY (SCALE 8-10) 1
DPTR FM NORMAL -1
[CDD (BASE 65) ]
TOTAL THIS MO. 575
DPTR FM NORMAL 213 [PRESSURE DATA]
TOTAL FM JAN 1 3077 HIGHEST SLP 30.11 ON 17
DPTR FM NORMAL 552 LOWEST SLP 29.65 ON 4
[REMARKS]
#FINAL-09-23#