000
CXUS55 KABR 011100
CF6ABR
PRELIMINARY LOCAL CLIMATOLOGICAL DATA (WS FORM: F-6)
STATION: ABERDEEN SD
MONTH: SEPTEMBER
YEAR: 2020
LATITUDE: 45 27 N
LONGITUDE: 98 26 W
TEMPERATURE IN F: :PCPN: SNOW: WIND :SUNSHINE: SKY :PK WND
================================================================================
1 2 3 4 5 6A 6B 7 8 9 10 11 12 13 14 15 16 17 18
12Z AVG MX 2MIN
DY MAX MIN AVG DEP HDD CDD WTR SNW DPTH SPD SPD DIR MIN PSBL S-S WX SPD DR
================================================================================
1 83 55 69 4 0 4 0.00 0.0 0 11.0 25 270 M M 4 8 34 250
2 87 49 68 3 0 3 0.00 0.0 0 12.0 32 330 M M 1 8 50 310
3 76 47 62 -2 3 0 0.00 0.0 0 14.4 36 330 M M 0 50 330
4 86 43 65 1 0 0 0.00 0.0 0 7.4 26 310 M M 0 8 37 310
5 85 45 65 1 0 0 0.00 0.0 0 7.5 20 120 M M 0 33 110
6 86 53 70 7 0 5 0.00 0.0 0 13.1 28 340 M M 0 37 340
7 62 45 54 -9 11 0 0.70 0.0 0 7.4 15 360 M M 6 1 19 360
8 52 36 44 -18 21 0 0.00 0.0 0 8.5 18 350 M M 3 24 350
9 60 32 46 -16 19 0 0.00 0.0 0 3.6 14 200 M M 0 8 18 180
10 65 32 49 -12 16 0 0.00 0.0 0 6.0 12 210 M M 0 18 18 250
11 58 39 49 -12 16 0 0.50 0.0 0 4.9 12 110 M M 7 1 16 140
12 68 50 59 -2 6 0 0.11 0.0 0 4.1 14 310 M M 7 1 17 320
13 67 48 58 -2 7 0 0.00 0.0 0 9.5 20 30 M M 1 28 30
14 83 47 65 5 0 0 0.00 0.0 0 10.8 18 180 M M 0 28 180
15 81 57 69 10 0 4 0.00 0.0 0 7.0 15 180 M M 0 8 23 170
16 65 45 55 -4 10 0 0.00 0.0 0 8.4 20 340 M M 1 26 350
17 68 43 56 -2 9 0 0.00 0.0 0 5.8 14 150 M M 8 18 17 120
18 71 39 55 -3 10 0 0.00 0.0 0 8.8 21 150 M M 1 18 29 160
19 78 50 64 7 1 0 0.00 0.0 0 13.7 24 170 M M 0 36 170
20 83 54 69 12 0 4 0.00 0.0 0 14.1 24 170 M M 0 18 36 180
21 87 46 67 11 0 2 0.00 0.0 0 2.4 8 180 M M 2 128 11 170
22 87 46 67 11 0 2 0.00 0.0 0 4.2 12 160 M M 0 18 16 130
23 78 55 67 11 0 2 T 0.0 0 9.0 20 10 M M 0 18 26 30
24 81 52 67 12 0 2 0.00 0.0 0 9.3 16 180 M M 1 21 160
25 84 49 67 12 0 2 0.00 0.0 0 8.7 20 300 M M 0 8 27 310
26 78 53 66 12 0 1 T 0.0 0 8.9 23 320 M M 3 8 32 330
27 61 46 54 0 11 0 0.23 0.0 0 14.5 24 290 M M 5 1 48 310
28 58 43 51 -2 14 0 0.00 0.0 0 12.2 25 330 M M 6 8 34 340
29 75 45 60 7 5 0 T 0.0 0 12.9 36 340 M M 4 8 47 340
30 67 47 57 5 8 0 0.00 0.0 0 19.4 33 320 M M 5 47 310
================================================================================
SM 2220 1391 167 31 1.54 0.0 279.5 M 65
================================================================================
AV 74.0 46.4 9.3 FASTST M M 2 MAX(MPH)
MISC ----> # 36 330 # 50 310
================================================================================
NOTES:
# LAST OF SEVERAL OCCURRENCES
COLUMN 17 PEAK WIND IN M.P.H.
PRELIMINARY LOCAL CLIMATOLOGICAL DATA (WS FORM: F-6) , PAGE 2
STATION: ABERDEEN SD
MONTH: SEPTEMBER
YEAR: 2020
LATITUDE: 45 27 N
LONGITUDE: 98 26 W
[TEMPERATURE DATA] [PRECIPITATION DATA] SYMBOLS USED IN COLUMN 16
AVERAGE MONTHLY: 60.2 TOTAL FOR MONTH: 1.54 1 = FOG OR MIST
DPTR FM NORMAL: 1.3 DPTR FM NORMAL: -0.65 2 = FOG REDUCING VISIBILITY
HIGHEST: 87 ON 22,21 GRTST 24HR 0.70 ON 7- 7 TO 1/4 MILE OR LESS
LOWEST: 32 ON 10, 9 3 = THUNDER
SNOW, ICE PELLETS, HAIL 4 = ICE PELLETS
TOTAL MONTH: 0.0 INCH 5 = HAIL
GRTST 24HR 0.0 6 = FREEZING RAIN OR DRIZZLE
GRTST DEPTH: 0 7 = DUSTSTORM OR SANDSTORM:
VSBY 1/2 MILE OR LESS
8 = SMOKE OR HAZE
[NO. OF DAYS WITH] [WEATHER - DAYS WITH] 9 = BLOWING SNOW
X = TORNADO
MAX 32 OR BELOW: 0 0.01 INCH OR MORE: 4
MAX 90 OR ABOVE: 0 0.10 INCH OR MORE: 4
MIN 32 OR BELOW: 2 0.50 INCH OR MORE: 2
MIN 0 OR BELOW: 0 1.00 INCH OR MORE: 0
[HDD (BASE 65) ]
TOTAL THIS MO. 167 CLEAR (SCALE 0-3) 21
DPTR FM NORMAL -56 PTCLDY (SCALE 4-7) 9
TOTAL FM JUL 1 167 CLOUDY (SCALE 8-10) 0
DPTR FM NORMAL -108
[CDD (BASE 65) ]
TOTAL THIS MO. 31
DPTR FM NORMAL -9 [PRESSURE DATA]
TOTAL FM JAN 1 869 HIGHEST SLP 30.48 ON 10
DPTR FM NORMAL 346 LOWEST SLP 29.46 ON 2
[REMARKS]
#FINAL-09-20#