000
CXUS55 KABR 011700
CF6ABR
PRELIMINARY LOCAL CLIMATOLOGICAL DATA (WS FORM: F-6)
STATION: ABERDEEN SD
MONTH: JUNE
YEAR: 2020
LATITUDE: 45 27 N
LONGITUDE: 98 26 W
TEMPERATURE IN F: :PCPN: SNOW: WIND :SUNSHINE: SKY :PK WND
================================================================================
1 2 3 4 5 6A 6B 7 8 9 10 11 12 13 14 15 16 17 18
12Z AVG MX 2MIN
DY MAX MIN AVG DEP HDD CDD WTR SNW DPTH SPD SPD DIR MIN PSBL S-S WX SPD DR
================================================================================
1 98 67 83 22 0 18 0.00 0.0 0 8.3 23 160 M M 0 29 150
2 87 61 74 12 0 9 0.01 0.0 0 10.0 26 10 M M 2 35 10
3 87 48 68 6 0 3 0.00 0.0 0 6.8 21 220 M M 1 28 220
4 85 56 71 9 0 6 0.79 0.0 0 6.7 52 320 M M 3 1358 80 320
5 81 55 68 6 0 3 0.00 0.0 0 6.1 15 40 M M 1 21 40
6 77 59 68 5 0 3 0.09 0.0 0 18.2 33 110 M M 3 3 51 110
7 95 66 81 18 0 16 0.56 0.0 0 19.2 33 180 M M 3 13 47 260
8 87 67 77 14 0 12 0.19 0.0 0 14.5 28 190 M M 3 3 37 190
9 67 56 62 -2 3 0 1.04 0.0 0 13.4 28 360 M M 9 13 35 350
10 76 53 65 1 0 0 0.00 0.0 0 12.5 25 300 M M 1 35 330
11 81 51 66 2 0 1 0.00 0.0 0 7.8 16 270 M M 0 24 290
12 85 54 70 5 0 5 0.00 0.0 0 10.9 23 70 M M 1 33 80
13 88 61 75 10 0 10 0.00 0.0 0 14.6 26 130 M M 0 41 120
14 91 64 78 13 0 13 0.00 0.0 0 22.5 37 160 M M 0 55 170
15 90 68 79 13 0 14 0.00 0.0 0 15.3 36 180 M M 0 54 170
16 95 69 82 16 0 17 0.00 0.0 0 23.2 40 180 M M 0 55 180
17 95 70 83 17 0 18 0.33 0.0 0 19.1 36 150 M M 2 38 57 170
18 78 61 70 4 0 5 0.52 0.0 0 7.6 17 280 M M 7 13 27 300
19 77 52 65 -2 0 0 0.00 0.0 0 6.6 14 340 M M 1 17 350
20 78 62 70 3 0 5 0.03 0.0 0 12.7 26 190 M M 5 36 180
21 73 58 66 -1 0 1 T 0.0 0 4.8 16 350 M M 6 21 360
22 76 55 66 -2 0 1 0.00 0.0 0 8.7 20 350 M M 5 1 29 330
23 79 53 66 -2 0 1 0.00 0.0 0 6.6 15 340 M M 3 23 20
24 88 52 70 2 0 5 0.00 0.0 0 4.2 10 310 M M 0 18 14 360
25 86 59 73 5 0 8 0.00 0.0 0 10.2 24 150 M M 0 18 33 140
26 88 64 76 7 0 11 0.00 0.0 0 6.5 16 340 M M 1 18 22 20
27 90 56 73 4 0 8 0.00 0.0 0 9.6 20 180 M M 1 1 28 180
28 89 72 81 12 0 16 0.18 0.0 0 16.6 26 150 M M 2 13 38 140
29 89 70 80 11 0 15 0.05 0.0 0 11.2 22 110 M M 7 3 28 110
30 91 66 79 9 0 14 0.64 0.0 0 13.0 26 190 M M 6 138 39 180
================================================================================
SM 2547 1805 3 238 4.43 0.0 347.4 M 73
================================================================================
AV 84.9 60.2 11.6 FASTST M M 2 MAX(MPH)
MISC ----> # 52 320 # 80 320
================================================================================
NOTES:
# LAST OF SEVERAL OCCURRENCES
COLUMN 17 PEAK WIND IN M.P.H.
PRELIMINARY LOCAL CLIMATOLOGICAL DATA (WS FORM: F-6) , PAGE 2
STATION: ABERDEEN SD
MONTH: JUNE
YEAR: 2020
LATITUDE: 45 27 N
LONGITUDE: 98 26 W
[TEMPERATURE DATA] [PRECIPITATION DATA] SYMBOLS USED IN COLUMN 16
AVERAGE MONTHLY: 72.5 TOTAL FOR MONTH: 4.43 1 = FOG OR MIST
DPTR FM NORMAL: 6.9 DPTR FM NORMAL: 0.73 2 = FOG REDUCING VISIBILITY
HIGHEST: 98 ON 1 GRTST 24HR 1.04 ON 9- 9 TO 1/4 MILE OR LESS
LOWEST: 48 ON 3 3 = THUNDER
SNOW, ICE PELLETS, HAIL 4 = ICE PELLETS
TOTAL MONTH: 0.0 INCH 5 = HAIL
GRTST 24HR 0.0 6 = FREEZING RAIN OR DRIZZLE
GRTST DEPTH: 0 7 = DUSTSTORM OR SANDSTORM:
VSBY 1/2 MILE OR LESS
8 = SMOKE OR HAZE
[NO. OF DAYS WITH] [WEATHER - DAYS WITH] 9 = BLOWING SNOW
X = TORNADO
MAX 32 OR BELOW: 0 0.01 INCH OR MORE: 12
MAX 90 OR ABOVE: 8 0.10 INCH OR MORE: 8
MIN 32 OR BELOW: 0 0.50 INCH OR MORE: 5
MIN 0 OR BELOW: 0 1.00 INCH OR MORE: 1
[HDD (BASE 65) ]
TOTAL THIS MO. 3 CLEAR (SCALE 0-3) 22
DPTR FM NORMAL -73 PTCLDY (SCALE 4-7) 7
TOTAL FM JUL 1 8215 CLOUDY (SCALE 8-10) 1
DPTR FM NORMAL -319
[CDD (BASE 65) ]
TOTAL THIS MO. 238
DPTR FM NORMAL 146 [PRESSURE DATA]
TOTAL FM JAN 1 258 HIGHEST SLP 30.26 ON 12
DPTR FM NORMAL 143 LOWEST SLP 29.39 ON 7
[REMARKS]
#FINAL-06-20#