000
CXUS55 KABR 011700
CF6ABR
PRELIMINARY LOCAL CLIMATOLOGICAL DATA (WS FORM: F-6)
STATION: ABERDEEN SD
MONTH: APRIL
YEAR: 2020
LATITUDE: 45 27 N
LONGITUDE: 98 26 W
TEMPERATURE IN F: :PCPN: SNOW: WIND :SUNSHINE: SKY :PK WND
================================================================================
1 2 3 4 5 6A 6B 7 8 9 10 11 12 13 14 15 16 17 18
12Z AVG MX 2MIN
DY MAX MIN AVG DEP HDD CDD WTR SNW DPTH SPD SPD DIR MIN PSBL S-S WX SPD DR
================================================================================
1 57 29 43 6 22 0 0.02 0.0 0 12.9 28 360 M M 6 35 360
2 29 18 24 -14 41 0 0.30 1.9 0 20.2 30 360 M M 10 1368 43 360
3 29 11 20 -18 45 0 T T 2 10.5 23 340 M M 4 31 340
4 41 7 24 -15 41 0 0.00 0.0 1 9.6 22 150 M M 2 26 140
5 55 26 41 2 24 0 T 0.0 T 11.5 23 150 M M 4 32 160
6 68 38 53 13 12 0 T 0.0 0 11.2 22 150 M M 1 138 31 140
7 69 41 55 15 10 0 0.00 0.0 0 8.0 18 10 M M 2 1 25 10
8 54 35 45 4 20 0 0.00 0.0 0 16.4 33 310 M M 4 43 320
9 41 22 32 -9 33 0 0.01 0.3 0 15.3 36 330 M M 4 12 44 340
10 54 20 37 -5 28 0 0.00 0.0 0 9.3 22 170 M M 2 29 170
11 45 31 38 -4 27 0 0.00 0.0 0 15.0 28 30 M M 7 37 50
12 38 17 28 -15 37 0 0.00 0.0 0 17.3 28 350 M M 7 39 360
13 34 17 26 -17 39 0 T T 0 14.6 26 330 M M 6 35 350
14 35 18 27 -17 38 0 T T T 8.9 17 290 M M 5 24 280
15 41 15 28 -16 37 0 0.00 0.0 0 4.8 14 30 M M 3 18 19 30
16 50 17 34 -11 31 0 0.00 0.0 0 8.4 20 310 M M 2 18 26 310
17 55 18 37 -8 28 0 0.00 0.0 0 11.1 22 250 M M 0 1 29 240
18 63 30 47 1 18 0 0.00 0.0 0 13.3 23 340 M M 4 29 330
19 55 25 40 -6 25 0 0.00 0.0 0 9.5 18 360 M M 3 27 10
20 66 32 49 2 16 0 0.00 0.0 0 17.6 33 340 M M 2 45 340
21 77 26 52 5 13 0 0.00 0.0 0 9.4 21 150 M M 2 29 160
22 78 29 54 6 11 0 0.00 0.0 0 9.2 22 360 M M 1 29 10
23 72 43 58 10 7 0 T 0.0 0 8.7 25 320 M M 4 34 350
24 68 40 54 6 11 0 T 0.0 0 7.3 21 20 M M 3 27 10
25 62 38 50 1 15 0 0.16 T 0 6.9 18 340 M M 5 135 25 340
26 70 30 50 1 15 0 T 0.0 0 10.4 23 180 M M 2 12 41 160
27 76 38 57 7 8 0 T 0.0 0 7.0 17 80 M M 2 22 80
28 59 49 54 4 11 0 0.42 0.0 0 7.7 23 20 M M 9 1 30 30
29 67 41 54 3 11 0 0.00 0.0 0 11.6 24 350 M M 2 31 340
30 73 32 53 2 12 0 0.00 0.0 0 9.0 20 160 M M 2 12 27 190
================================================================================
SM 1681 833 686 0 0.91 2.2 332.6 M 110
================================================================================
AV 56.0 27.8 11.1 FASTST M M 4 MAX(MPH)
MISC ----> # 36 330 # 45 340
================================================================================
NOTES:
# LAST OF SEVERAL OCCURRENCES
COLUMN 17 PEAK WIND IN M.P.H.
PRELIMINARY LOCAL CLIMATOLOGICAL DATA (WS FORM: F-6) , PAGE 2
STATION: ABERDEEN SD
MONTH: APRIL
YEAR: 2020
LATITUDE: 45 27 N
LONGITUDE: 98 26 W
[TEMPERATURE DATA] [PRECIPITATION DATA] SYMBOLS USED IN COLUMN 16
AVERAGE MONTHLY: 41.9 TOTAL FOR MONTH: 0.91 1 = FOG OR MIST
DPTR FM NORMAL: -2.5 DPTR FM NORMAL: -0.94 2 = FOG REDUCING VISIBILITY
HIGHEST: 78 ON 22 GRTST 24HR 0.42 ON 28-28 TO 1/4 MILE OR LESS
LOWEST: 7 ON 4 3 = THUNDER
SNOW, ICE PELLETS, HAIL 4 = ICE PELLETS
TOTAL MONTH: 2.2 INCHES 5 = HAIL
GRTST 24HR 1.9 ON 2- 2 6 = FREEZING RAIN OR DRIZZLE
GRTST DEPTH: 2 ON 3 7 = DUSTSTORM OR SANDSTORM:
VSBY 1/2 MILE OR LESS
8 = SMOKE OR HAZE
[NO. OF DAYS WITH] [WEATHER - DAYS WITH] 9 = BLOWING SNOW
X = TORNADO
MAX 32 OR BELOW: 2 0.01 INCH OR MORE: 5
MAX 90 OR ABOVE: 0 0.10 INCH OR MORE: 3
MIN 32 OR BELOW: 21 0.50 INCH OR MORE: 0
MIN 0 OR BELOW: 0 1.00 INCH OR MORE: 0
[HDD (BASE 65) ]
TOTAL THIS MO. 686 CLEAR (SCALE 0-3) 16
DPTR FM NORMAL 66 PTCLDY (SCALE 4-7) 12
TOTAL FM JUL 1 7922 CLOUDY (SCALE 8-10) 2
DPTR FM NORMAL -249
[CDD (BASE 65) ]
TOTAL THIS MO. 0
DPTR FM NORMAL -2 [PRESSURE DATA]
TOTAL FM JAN 1 0 HIGHEST SLP 30.36 ON 3
DPTR FM NORMAL -2 LOWEST SLP 29.57 ON 6
[REMARKS]
#FINAL-04-20#