000
CXUS52 KTAE 010800
CF6ABY
PRELIMINARY LOCAL CLIMATOLOGICAL DATA (WS FORM: F-6)
STATION: ALBANY
MONTH: MAY
YEAR: 2022
LATITUDE: 31 31 N
LONGITUDE: 84 11 W
TEMPERATURE IN F: :PCPN: SNOW: WIND :SUNSHINE: SKY :PK WND
================================================================================
1 2 3 4 5 6A 6B 7 8 9 10 11 12 13 14 15 16 17 18
12Z AVG MX 2MIN
DY MAX MIN AVG DEP HDD CDD WTR SNW DPTH SPD SPD DIR MIN PSBL S-S WX SPD DR
================================================================================
1 87 66 77 6 0 12 0.11 M M 3.5 17 200 M M 4 138 20 190
2 91 65 78 7 0 13 0.00 0.0 0 1.6 10 230 M M 3 128 15 250
3 93 69 81 9 0 16 0.00 0.0 M 5.6 14 250 M M 0 18 250
4 94 71 83 11 0 18 0.00 0.0 0 3.7 12 240 M M 2 18 16 240
5 96 67 82 10 0 17 0.00 0.0 0 4.4 14 230 M M 1 19 220
6 88 71 80 7 0 15 0.54 0.0 0 10.9 29 210 M M 5 13 36 210
7 86 64 75 2 0 10 0.00 0.0 0 9.3 22 290 M M 1 28 290
8 85 57 71 -2 0 6 0.00 0.0 0 5.5 14 50 M M 0 17 50
9 81 60 71 -3 0 6 0.00 0.0 0 8.7 21 60 M M 0 23 50
10 87 55 71 -3 0 6 0.00 0.0 M 4.6 17 80 M M 0 22 70
11 89 56 73 -1 0 8 0.00 0.0 M 5.9 17 40 M M 0 25 50
12 89 59 74 0 0 9 0.00 0.0 M 6.9 18 70 M M 1 24 50
13 85 67 76 1 0 11 0.00 0.0 M 5.7 13 50 M M 6 17 340
14 90 64 77 2 0 12 0.00 0.0 M 4.3 13 340 M M 3 128 15 350
15 96 65 81 6 0 16 0.00 0.0 0 3.3 15 310 M M 3 21 300
16 94 67 81 5 0 16 0.00 0.0 0 5.1 14 280 M M 1 128 17 240
17 97 70 84 8 0 19 0.00 0.0 0 4.5 15 270 M M 0 20 280
18 99 63 81 5 0 16 0.00 0.0 0 4.0 13 290 M M 1 19 300
19 99 75 87 11 0 22 0.00 0.0 0 7.4 15 200 M M 3 21 200
20 98 71 85 9 0 20 0.07 0.0 0 6.8 21 180 M M 2 138 25 200
21 93 74 84 7 0 19 0.00 0.0 0 8.2 21 180 M M 2 3 25 180
22 95 69 82 5 0 17 0.39 0.0 0 4.4 25 280 M M 2 13 33 280
23 91 71 81 4 0 16 0.65 0.0 0 6.5 18 250 M M 4 138 27 250
24 95 70 83 6 0 18 0.67 0.0 M 3.7 29 170 M M 2 13 49 140
25 90 72 81 3 0 16 0.00 0.0 M 6.7 18 170 M M 5 23 140
26 84 72 78 0 0 13 0.61 0.0 M 8.1 18 210 M M 5 1 25 200
27 92 72 82 4 0 17 0.03 0.0 0 5.9 14 210 M M 6 1 20 240
28 90 66 78 0 0 13 0.00 0.0 0 3.1 14 290 M M 2 21 300
29 95 66 81 3 0 16 0.00 0.0 0 3.2 13 160 M M 1 18 200
30 97 69 83 4 0 18 0.00 0.0 0 4.8 22 70 M M 1 28 70
31 96 70 83 4 0 18 0.07 0.0 0 5.5 29 170 M M 3 3 41 190
================================================================================
SM 2842 2073 0 449 3.14 0.0 171.8 M 69
================================================================================
AV 91.7 66.9 5.5 FASTST M M 2 MAX(MPH)
MISC ----> # 29 210 49 140
================================================================================
NOTES:
# LAST OF SEVERAL OCCURRENCES
COLUMN 17 PEAK WIND IN M.P.H.
PRELIMINARY LOCAL CLIMATOLOGICAL DATA (WS FORM: F-6) , PAGE 2
STATION: ALBANY
MONTH: MAY
YEAR: 2022
LATITUDE: 31 31 N
LONGITUDE: 84 11 W
[TEMPERATURE DATA] [PRECIPITATION DATA] SYMBOLS USED IN COLUMN 16
AVERAGE MONTHLY: 79.3 TOTAL FOR MONTH: 3.14 1 = FOG OR MIST
DPTR FM NORMAL: 4.0 DPTR FM NORMAL: 0.73 2 = FOG REDUCING VISIBILITY
HIGHEST: 99 ON 19,18 GRTST 24HR 0.85 ON 22-23 TO 1/4 MILE OR LESS
LOWEST: 55 ON 10 3 = THUNDER
SNOW, ICE PELLETS, HAIL 4 = ICE PELLETS
TOTAL MONTH: 0.0 INCH 5 = HAIL
GRTST 24HR 0.0 6 = FREEZING RAIN OR DRIZZLE
GRTST DEPTH: 0 7 = DUSTSTORM OR SANDSTORM:
VSBY 1/2 MILE OR LESS
8 = SMOKE OR HAZE
[NO. OF DAYS WITH] [WEATHER - DAYS WITH] 9 = BLOWING SNOW
X = TORNADO
MAX 32 OR BELOW: 0 0.01 INCH OR MORE: 9
MAX 90 OR ABOVE: 21 0.10 INCH OR MORE: 6
MIN 32 OR BELOW: 0 0.50 INCH OR MORE: 4
MIN 0 OR BELOW: 0 1.00 INCH OR MORE: 0
[HDD (BASE 65) ]
TOTAL THIS MO. 0 CLEAR (SCALE 0-3) 22
DPTR FM NORMAL -4 PTCLDY (SCALE 4-7) 9
TOTAL FM JUL 1 1140 CLOUDY (SCALE 8-10) 0
DPTR FM NORMAL -540
[CDD (BASE 65) ]
TOTAL THIS MO. 449
DPTR FM NORMAL 126 [PRESSURE DATA]
TOTAL FM JAN 1 759 HIGHEST SLP 30.27 ON 10
DPTR FM NORMAL 258 LOWEST SLP 29.71 ON 7
[REMARKS]
#FINAL-05-22#