000
CXUS52 KTAE 010800
CF6ABY
PRELIMINARY LOCAL CLIMATOLOGICAL DATA (WS FORM: F-6)
STATION: ALBANY
MONTH: APRIL
YEAR: 2022
LATITUDE: 31 31 N
LONGITUDE: 84 11 W
TEMPERATURE IN F: :PCPN: SNOW: WIND :SUNSHINE: SKY :PK WND
================================================================================
1 2 3 4 5 6A 6B 7 8 9 10 11 12 13 14 15 16 17 18
12Z AVG MX 2MIN
DY MAX MIN AVG DEP HDD CDD WTR SNW DPTH SPD SPD DIR MIN PSBL S-S WX SPD DR
================================================================================
1 80 51 66 2 0 1 0.00 0.0 M 4.3 15 300 M M 0 21 290
2 72 49 61 -3 4 0 0.00 0.0 0 2.7 10 50 M M 0 8 13 70
3 82 47 65 1 0 0 0.00 0.0 M 3.8 15 340 M M 0 8 24 340
4 85 49 67 3 0 2 T M M 2.7 12 260 M M 0 8 17 260
5 81 57 69 5 0 4 1.41 0.0 0 9.1 26 290 M M 7 138 37 290
6 87 66 77 12 0 12 0.15 0.0 M 10.3 26 190 M M 9 138 33 180
7 79 57 68 3 0 3 0.01 0.0 M 10.9 20 320 M M 4 26 280
8 73 49 61 -4 4 0 0.00 0.0 0 11.6 28 320 M M 2 34 240
9 65 45 55 -10 10 0 0.00 0.0 0 9.5 26 290 M M 2 36 290
10 79 40 60 -6 5 0 0.00 0.0 0 3.6 14 210 M M 0 19 210
11 83 48 66 0 0 1 0.00 0.0 0 6.3 16 200 M M 0 8 23 200
12 87 57 72 6 0 7 T 0.0 0 5.9 15 180 M M 1 20 190
13 85 62 74 8 0 9 0.00 0.0 0 6.9 21 160 M M 2 26 160
14 81 62 72 6 0 7 0.01 0.0 0 5.4 24 310 M M 3 1 29 310
15 87 52 70 3 0 5 0.00 0.0 0 7.0 18 120 M M 0 23 120
16 81 63 72 5 0 7 0.03 0.0 M 5.7 15 330 M M 4 18 20 320
17 85 63 74 7 0 9 0.16 0.0 M 3.9 17 300 M M 6 123 25 300
18 81 64 73 5 0 8 0.69 M M 8.7 15 290 M M 8 13 23 290
19 73 50 62 -6 3 0 0.00 M M 6.7 20 30 M M 0 31 30
20 81 45 63 -5 2 0 0.00 0.0 M 7.8 18 120 M M 0 8 23 100
21 84 59 72 4 0 7 0.00 0.0 0 7.3 14 100 M M 1 20 110
22 86 57 72 4 0 7 0.00 0.0 0 5.3 16 80 M M 0 22 120
23 87 57 72 3 0 7 0.00 0.0 0 6.4 17 150 M M 1 21 130
24 87 60 74 5 0 9 0.00 0.0 0 4.2 14 150 M M 2 18 140
25 91 64 78 9 0 13 0.00 0.0 0 4.7 13 200 M M 3 15 200
26 90 64 77 7 0 12 0.00 0.0 M 6.0 22 330 M M 4 27 330
27 86 58 72 2 0 7 0.00 0.0 M 6.4 12 340 M M 0 18 350
28 87 57 72 2 0 7 0.00 0.0 M 6.3 16 100 M M 0 20 100
29 87 58 73 3 0 8 0.00 0.0 0 6.6 16 120 M M 2 21 120
30 92 66 79 8 0 14 0.36 0.0 0 7.2 21 250 M M 4 3 26 260
================================================================================
SM 2484 1676 28 166 2.82 0.0 193.2 M 65
================================================================================
AV 82.8 55.9 6.4 FASTST M M 2 MAX(MPH)
MISC ----> 28 320 37 290
================================================================================
NOTES:
# LAST OF SEVERAL OCCURRENCES
COLUMN 17 PEAK WIND IN M.P.H.
PRELIMINARY LOCAL CLIMATOLOGICAL DATA (WS FORM: F-6) , PAGE 2
STATION: ALBANY
MONTH: APRIL
YEAR: 2022
LATITUDE: 31 31 N
LONGITUDE: 84 11 W
[TEMPERATURE DATA] [PRECIPITATION DATA] SYMBOLS USED IN COLUMN 16
AVERAGE MONTHLY: 69.3 TOTAL FOR MONTH: 2.82 1 = FOG OR MIST
DPTR FM NORMAL: 2.3 DPTR FM NORMAL: -0.85 2 = FOG REDUCING VISIBILITY
HIGHEST: 92 ON 30 GRTST 24HR 1.41 ON 4- 5 TO 1/4 MILE OR LESS
LOWEST: 40 ON 10 3 = THUNDER
SNOW, ICE PELLETS, HAIL 4 = ICE PELLETS
TOTAL MONTH: 0.0 INCH 5 = HAIL
GRTST 24HR 0.0 6 = FREEZING RAIN OR DRIZZLE
GRTST DEPTH: 0 7 = DUSTSTORM OR SANDSTORM:
VSBY 1/2 MILE OR LESS
8 = SMOKE OR HAZE
[NO. OF DAYS WITH] [WEATHER - DAYS WITH] 9 = BLOWING SNOW
X = TORNADO
MAX 32 OR BELOW: 0 0.01 INCH OR MORE: 8
MAX 90 OR ABOVE: 3 0.10 INCH OR MORE: 5
MIN 32 OR BELOW: 0 0.50 INCH OR MORE: 2
MIN 0 OR BELOW: 0 1.00 INCH OR MORE: 1
[HDD (BASE 65) ]
TOTAL THIS MO. 28 CLEAR (SCALE 0-3) 22
DPTR FM NORMAL -28 PTCLDY (SCALE 4-7) 6
TOTAL FM JUL 1 1140 CLOUDY (SCALE 8-10) 2
DPTR FM NORMAL -538
[CDD (BASE 65) ]
TOTAL THIS MO. 166
DPTR FM NORMAL 52 [PRESSURE DATA]
TOTAL FM JAN 1 310 HIGHEST SLP 30.42 ON 22
DPTR FM NORMAL 132 LOWEST SLP 29.67 ON 7
[REMARKS]
#FINAL-04-22#