000
CXUS52 KTAE 010900
CF6ABY
PRELIMINARY LOCAL CLIMATOLOGICAL DATA (WS FORM: F-6)
STATION: ALBANY
MONTH: JANUARY
YEAR: 2021
LATITUDE: 31 31 N
LONGITUDE: 84 11 W
TEMPERATURE IN F: :PCPN: SNOW: WIND :SUNSHINE: SKY :PK WND
================================================================================
1 2 3 4 5 6A 6B 7 8 9 10 11 12 13 14 15 16 17 18
12Z AVG MX 2MIN
DY MAX MIN AVG DEP HDD CDD WTR SNW DPTH SPD SPD DIR MIN PSBL S-S WX SPD DR
================================================================================
1 75 67 71 22 0 6 1.24 0.0 M 11.6 28 200 M M 8 1 35 200
2 68 58 63 14 2 0 0.74 0.0 M 4.3 12 270 M M 9 1 15 260
3 59 40 50 1 15 0 0.00 0.0 0 7.2 15 320 M M 4 1 20 280
4 63 34 49 0 16 0 0.00 0.0 0 2.4 12 340 M M 0 14 340
5 66 39 53 4 12 0 0.00 0.0 M 6.0 17 300 M M 1 22 300
6 61 33 47 -2 18 0 0.00 0.0 M 2.0 12 50 M M 0 8 13 50
7 55 41 48 -1 17 0 0.39 0.0 M 6.9 17 100 M M 5 1 23 100
8 50 43 47 -2 18 0 0.01 0.0 M 9.3 18 290 M M 10 1 24 280
9 44 39 42 -7 23 0 0.00 0.0 M 9.2 18 330 M M 10 22 320
10 50 30 40 -9 25 0 0.00 0.0 M 3.3 12 330 M M 2 1 14 330
11 55 39 47 -2 18 0 0.31 0.0 M 5.6 12 340 M M 8 1 15 10
12 54 45 50 1 15 0 0.00 0.0 0 7.3 14 330 M M 10 1 18 320
13 49 35 42 -7 23 0 0.00 0.0 0 5.0 10 210 M M 7 1 15 190
14 61 29 45 -4 20 0 0.00 0.0 M 4.1 15 210 M M 0 1 19 210
15 64 40 52 3 13 0 0.05 0.0 M 7.1 16 250 M M 3 1 22 290
16 53 31 42 -7 23 0 0.00 0.0 M 7.1 22 280 M M 0 30 280
17 58 26 42 -7 23 0 0.00 M M 4.2 15 250 M M 0 19 290
18 61 32 47 -2 18 0 0.00 0.0 M 4.6 17 260 M M 1 22 250
19 66 30 48 -1 17 0 0.00 0.0 0 1.8 8 240 M M 0 11 200
20 70 42 56 7 9 0 0.00 0.0 0 4.8 15 330 M M 2 20 290
21 65 49 57 8 8 0 T 0.0 0 5.5 20 220 M M 8 1 25 220
22 63 53 58 9 7 0 0.57 0.0 0 4.0 9 30 M M 9 1 13 240
23 66 41 54 4 11 0 0.00 0.0 0 3.6 10 40 M M 2 12 14 30
24 65 48 57 7 8 0 0.00 M M 4.6 10 160 M M 8 13 160
25 80 56 68 18 0 3 0.00 M M 8.7 24 210 M M 6 33 220
26 74 66 70 20 0 5 0.43 0.0 M 6.8 18 200 M M 10 12 24 200
27 67 54 61 11 4 0 1.17 0.0 M 8.6 21 320 M M 8 123 33 310
28 58 39 49 -1 16 0 0.00 0.0 M 9.9 22 340 M M 0 28 320
29 60 29 45 -5 20 0 0.00 0.0 M 1.9 12 20 M M 0 16 20
30 64 33 49 -1 16 0 0.00 0.0 M 4.5 15 140 M M 1 22 140
31 67 47 57 7 8 0 1.01 0.0 M 9.1 23 250 M M 9 123 28 250
================================================================================
SM 1911 1288 423 14 5.92 0.0 181.0 M 141
================================================================================
AV 61.6 41.5 5.8 FASTST M M 5 MAX(MPH)
MISC ----> 28 200 35 200
================================================================================
NOTES:
# LAST OF SEVERAL OCCURRENCES
COLUMN 17 PEAK WIND IN M.P.H.
PRELIMINARY LOCAL CLIMATOLOGICAL DATA (WS FORM: F-6) , PAGE 2
STATION: ALBANY
MONTH: JANUARY
YEAR: 2021
LATITUDE: 31 31 N
LONGITUDE: 84 11 W
[TEMPERATURE DATA] [PRECIPITATION DATA] SYMBOLS USED IN COLUMN 16
AVERAGE MONTHLY: 51.6 TOTAL FOR MONTH: 5.92 1 = FOG OR MIST
DPTR FM NORMAL: 2.3 DPTR FM NORMAL: 1.10 2 = FOG REDUCING VISIBILITY
HIGHEST: 80 ON 25 GRTST 24HR 1.50 ON 26-27 TO 1/4 MILE OR LESS
LOWEST: 26 ON 17 3 = THUNDER
SNOW, ICE PELLETS, HAIL 4 = ICE PELLETS
TOTAL MONTH: 0.0 INCH 5 = HAIL
GRTST 24HR 0.0 6 = FREEZING RAIN OR DRIZZLE
GRTST DEPTH: 0 7 = DUSTSTORM OR SANDSTORM:
VSBY 1/2 MILE OR LESS
8 = SMOKE OR HAZE
[NO. OF DAYS WITH] [WEATHER - DAYS WITH] 9 = BLOWING SNOW
X = TORNADO
MAX 32 OR BELOW: 0 0.01 INCH OR MORE: 10
MAX 90 OR ABOVE: 0 0.10 INCH OR MORE: 8
MIN 32 OR BELOW: 7 0.50 INCH OR MORE: 5
MIN 0 OR BELOW: 0 1.00 INCH OR MORE: 3
[HDD (BASE 65) ]
TOTAL THIS MO. 423 CLEAR (SCALE 0-3) 15
DPTR FM NORMAL -68 PTCLDY (SCALE 4-7) 6
TOTAL FM JUL 1 975 CLOUDY (SCALE 8-10) 10
DPTR FM NORMAL -227
[CDD (BASE 65) ]
TOTAL THIS MO. 14
DPTR FM NORMAL 10 [PRESSURE DATA]
TOTAL FM JAN 1 14 HIGHEST SLP 30.43 ON 29
DPTR FM NORMAL 10 LOWEST SLP 29.73 ON 15
[REMARKS]
#FINAL-01-21#