441
CXUS52 KTAE 010900
CF6ABY
PRELIMINARY LOCAL CLIMATOLOGICAL DATA (WS FORM: F-6)
STATION: ALBANY
MONTH: OCTOBER
YEAR: 2020
LATITUDE: 31 31 N
LONGITUDE: 84 11 W
TEMPERATURE IN F: :PCPN: SNOW: WIND :SUNSHINE: SKY :PK WND
================================================================================
1 2 3 4 5 6A 6B 7 8 9 10 11 12 13 14 15 16 17 18
12Z AVG MX 2MIN
DY MAX MIN AVG DEP HDD CDD WTR SNW DPTH SPD SPD DIR MIN PSBL S-S WX SPD DR
================================================================================
1 85 54 70 -3 0 5 0.00 0.0 M 2.9 9 270 M M 0 13 280
2 77 57 67 -6 0 2 0.00 0.0 M 7.2 15 20 M M 0 22 40
3 78 53 66 -6 0 1 0.00 0.0 M 5.5 15 60 M M 0 19 50
4 75 54 65 -7 0 0 0.00 0.0 M 5.2 15 50 M M 0 18 60
5 81 53 67 -5 0 2 0.00 0.0 0 6.3 16 50 M M 2 21 60
6 83 67 75 3 0 10 0.00 0.0 0 7.1 13 70 M M 8 16 20
7 91 70 81 10 0 16 0.00 0.0 M 3.3 9 70 M M 4 1 14 80
8 91 71 81 10 0 16 T 0.0 M 4.0 9 60 M M 4 13 70
9 86 74 80 10 0 15 0.90 0.0 M 6.7 18 120 M M 9 1 22 130
10 89 75 82 12 0 17 0.17 0.0 M 10.6 24 170 M M 8 1 31 180
11 84 72 78 8 0 13 T 0.0 M 8.1 17 220 M M 8 24 220
12 84 69 77 8 0 12 0.00 0.0 M 4.1 15 280 M M 7 22 260
13 89 66 78 9 0 13 0.00 0.0 M 3.4 12 280 M M 1 12 16 320
14 88 58 73 4 0 8 0.00 0.0 M 3.0 10 160 M M 1 14 150
15 87 69 78 10 0 13 0.00 0.0 M 3.5 10 260 M M 5 1 13 220
16 81 59 70 2 0 5 0.00 0.0 M 5.7 16 330 M M 2 1 20 340
17 77 50 64 -4 1 0 0.00 0.0 M 7.7 20 50 M M 0 24 70
18 83 56 70 3 0 5 0.00 0.0 M 6.9 13 40 M M 2 18 50
19 84 61 73 6 0 8 0.00 0.0 M 7.4 15 50 M M 0 19 60
20 87 65 76 9 0 11 0.00 0.0 M 8.9 20 60 M M 6 24 70
21 85 68 77 11 0 12 T 0.0 M 7.7 15 30 M M 5 3 27 30
22 88 68 78 12 0 13 T 0.0 M 7.4 16 70 M M 4 1 19 70
23 86 68 77 11 0 12 0.00 0.0 M 5.2 12 100 M M 4 1 16 60
24 84 66 75 9 0 10 0.38 0.0 M 3.5 15 240 M M 5 12 21 240
25 81 65 73 8 0 8 0.00 0.0 M 2.1 8 350 M M 7 12 14 70
26 86 64 75 10 0 10 0.00 0.0 M 4.2 10 50 M M 6 13 30
27 81 71 76 11 0 11 0.21 0.0 M 7.4 12 70 M M 9 1 15 90
28 88 72 80 16 0 15 0.00 0.0 M 6.6 16 170 M M 4 22 160
29 86 58 72 8 0 7 0.65 0.0 M 12.8 23 190 M M 5 1 32 170
30 72 48 60 -4 5 0 0.00 0.0 M 7.6 20 330 M M 0 23 340
31 75 52 64 1 1 0 0.00 0.0 M 10.1 17 50 M M 5 22 60
================================================================================
SM 2592 1953 7 270 2.31 0.0 192.1 M 121
================================================================================
AV 83.6 63.0 6.2 FASTST M M 4 MAX(MPH)
MISC ----> 24 170 32 170
================================================================================
NOTES:
# LAST OF SEVERAL OCCURRENCES
COLUMN 17 PEAK WIND IN M.P.H.
PRELIMINARY LOCAL CLIMATOLOGICAL DATA (WS FORM: F-6) , PAGE 2
STATION: ALBANY
MONTH: OCTOBER
YEAR: 2020
LATITUDE: 31 31 N
LONGITUDE: 84 11 W
[TEMPERATURE DATA] [PRECIPITATION DATA] SYMBOLS USED IN COLUMN 16
AVERAGE MONTHLY: 73.3 TOTAL FOR MONTH: 2.31 1 = FOG OR MIST
DPTR FM NORMAL: 5.2 DPTR FM NORMAL: -0.28 2 = FOG REDUCING VISIBILITY
HIGHEST: 91 ON 8, 7 GRTST 24HR 0.90 ON 9- 9 TO 1/4 MILE OR LESS
LOWEST: 48 ON 30 3 = THUNDER
SNOW, ICE PELLETS, HAIL 4 = ICE PELLETS
TOTAL MONTH: 0.0 INCH 5 = HAIL
GRTST 24HR 0.0 6 = FREEZING RAIN OR DRIZZLE
GRTST DEPTH: 0 7 = DUSTSTORM OR SANDSTORM:
VSBY 1/2 MILE OR LESS
8 = SMOKE OR HAZE
[NO. OF DAYS WITH] [WEATHER - DAYS WITH] 9 = BLOWING SNOW
X = TORNADO
MAX 32 OR BELOW: 0 0.01 INCH OR MORE: 5
MAX 90 OR ABOVE: 2 0.10 INCH OR MORE: 5
MIN 32 OR BELOW: 0 0.50 INCH OR MORE: 2
MIN 0 OR BELOW: 0 1.00 INCH OR MORE: 0
[HDD (BASE 65) ]
TOTAL THIS MO. 7 CLEAR (SCALE 0-3) 12
DPTR FM NORMAL -42 PTCLDY (SCALE 4-7) 15
TOTAL FM JUL 1 7 CLOUDY (SCALE 8-10) 4
DPTR FM NORMAL -42
[CDD (BASE 65) ]
TOTAL THIS MO. 270
DPTR FM NORMAL 123 [PRESSURE DATA]
TOTAL FM JAN 1 2995 HIGHEST SLP 30.31 ON 31
DPTR FM NORMAL 492 LOWEST SLP 29.69 ON 29
[REMARKS]
#FINAL-10-20#