000
CXAK56 PAFC 011033
CF6ADQ
PRELIMINARY LOCAL CLIMATOLOGICAL DATA (WS FORM: F-6)
STATION: KODIAK
MONTH: JANUARY
YEAR: 2023
LATITUDE: 57 45 N
LONGITUDE: 152 31 W
TEMPERATURE IN F: :PCPN: SNOW: WIND :SUNSHINE: SKY :PK WND
================================================================================
1 2 3 4 5 6A 6B 7 8 9 10 11 12 13 14 15 16 17 18
12Z AVG MX 2MIN
DY MAX MIN AVG DEP HDD CDD WTR SNW DPTH SPD SPD DIR MIN PSBL S-S WX SPD DR
================================================================================
1 41 38 40 9 25 0 0.17 M M 9.6 16 80 M M 10 1 19 80
2 38 34 36 5 29 0 0.06 M M 4.2 17 180 M M 9 1 21 170
3 36 28 32 1 33 0 0.70 M M 7.3 17 300 M M 8 16 25 290
4 36 30 33 2 32 0 0.26 M M 5.9 18 290 M M 9 1 25 280
5 34 21 28 -3 37 0 0.00 M M 5.8 9 270 M M 1 11 310
6 30 17 24 -7 41 0 0.00 M M 6.5 10 280 M M 0 11 270
7 33 18 26 -5 39 0 0.00 M M 16.0 26 300 M M 0 34 300
8 39 29 34 3 31 0 0.24 M M 15.9 30 290 M M 4 1 36 280
9 41 39 40 9 25 0 0.29 M M 20.7 30 90 M M 10 1 36 90
10 39 31 35 4 30 0 0.01 M M 4.0 23 120 M M 10 1 27 110
11 35 29 32 1 33 0 T M M 4.7 10 310 M M 8 1 14 310
12 40 30 35 4 30 0 0.07 M M 8.0 15 40 M M 9 1 19 340
13 41 39 40 9 25 0 1.20 M M 12.5 22 30 M M 10 1 27 30
14 40 29 35 4 30 0 1.09 M M 7.8 21 40 M M 7 1 26 50
15 40 30 35 4 30 0 0.46 M M 17.6 31 90 M M 9 1 38 100
16 38 32 35 4 30 0 0.52 M M 8.5 24 110 M M 10 1 31 70
17 35 29 32 1 33 0 0.10 M M 9.2 24 280 M M 5 1 30 300
18 36 21 29 -2 36 0 0.16 M M 7.1 27 40 M M 4 1 32 40
19 39 34 37 6 28 0 0.30 M M 11.6 26 40 M M 10 1 32 40
20 36 33 35 4 30 0 0.18 M M 17.5 31 280 M M 9 1 43 290
21 37 28 33 2 32 0 0.00 M M 14.8 35 290 M M 1 48 300
22 38 30 34 3 31 0 0.84 M M 18.5 33 50 M M 10 1 40 50
23 42 33 38 7 27 0 0.00 M M 4.0 14 210 M M 9 1 21 200
24 40 33 37 6 28 0 0.07 M M 4.6 13 100 M M 8 1 14 100
25 43 32 38 7 27 0 0.16 M M 7.8 22 180 M M 5 25 180
26 41 24 33 1 32 0 0.00 M M 5.9 15 170 M M 0 17 170
27 40 24 32 0 33 0 0.00 M M 3.9 10 60 M M 8 1 14 100
28 38 31 35 3 30 0 0.00 M M 3.3 8 210 M M 9 12 9 270
29 40 33 37 5 28 0 0.20 M M 3.9 12 80 M M 10 12 13 100
30 42 38 40 8 25 0 0.30 M M 6.0 14 30 M M 10 1 17 320
31 40 37 39 7 26 0 T M M 7.2 15 310 M M 10 1 18 310
================================================================================
SM 1188 934 946 0 7.38 M 280.3 M 222
================================================================================
AV 38.3 30.1 9.0 FASTST M M 7 MAX(MPH)
MISC ----> 35 290 48 300
================================================================================
NOTES:
# LAST OF SEVERAL OCCURRENCES
COLUMN 17 PEAK WIND IN M.P.H.
PRELIMINARY LOCAL CLIMATOLOGICAL DATA (WS FORM: F-6) , PAGE 2
STATION: KODIAK
MONTH: JANUARY
YEAR: 2023
LATITUDE: 57 45 N
LONGITUDE: 152 31 W
[TEMPERATURE DATA] [PRECIPITATION DATA] SYMBOLS USED IN COLUMN 16
AVERAGE MONTHLY: 34.2 TOTAL FOR MONTH: 7.38 1 = FOG OR MIST
DPTR FM NORMAL: 3.0 DPTR FM NORMAL: -0.97 2 = FOG REDUCING VISIBILITY
HIGHEST: 43 ON 25 GRTST 24HR 1.20 ON 13-13 TO 1/4 MILE OR LESS
LOWEST: 17 ON 6 3 = THUNDER
SNOW, ICE PELLETS, HAIL 4 = ICE PELLETS
TOTAL MONTH: M 5 = HAIL
GRTST 24HR M ON M 6 = FREEZING RAIN OR DRIZZLE
GRTST DEPTH: M ON M 7 = DUSTSTORM OR SANDSTORM:
VSBY 1/2 MILE OR LESS
8 = SMOKE OR HAZE
[NO. OF DAYS WITH] [WEATHER - DAYS WITH] 9 = BLOWING SNOW
X = TORNADO
MAX 32 OR BELOW: 1 0.01 INCH OR MORE: 21
MAX 90 OR ABOVE: 0 0.10 INCH OR MORE: 17
MIN 32 OR BELOW: 20 0.50 INCH OR MORE: 5
MIN 0 OR BELOW: 0 1.00 INCH OR MORE: 2
[HDD (BASE 65) ]
TOTAL THIS MO. 946 CLEAR (SCALE 0-3) 5
DPTR FM NORMAL -103 PTCLDY (SCALE 4-7) 7
TOTAL FM JUL 1 4304 CLOUDY (SCALE 8-10) 19
DPTR FM NORMAL -332
[CDD (BASE 65) ]
TOTAL THIS MO. 0
DPTR FM NORMAL 0 [PRESSURE DATA]
TOTAL FM JAN 1 0 HIGHEST SLP M ON M
DPTR FM NORMAL 0 LOWEST SLP 28.40 ON 1
[REMARKS]
#FINAL-01-23#