000
CXAK56 PAFC 010959
CF6ADQ
PRELIMINARY LOCAL CLIMATOLOGICAL DATA (WS FORM: F-6)
STATION: KODIAK
MONTH: JANUARY
YEAR: 2022
LATITUDE: 57 45 N
LONGITUDE: 152 31 W
TEMPERATURE IN F: :PCPN: SNOW: WIND :SUNSHINE: SKY :PK WND
================================================================================
1 2 3 4 5 6A 6B 7 8 9 10 11 12 13 14 15 16 17 18
12Z AVG MX 2MIN
DY MAX MIN AVG DEP HDD CDD WTR SNW DPTH SPD SPD DIR MIN PSBL S-S WX SPD DR
================================================================================
1 38 13 26 -5 39 0 T M M 26.2 33 280 M M 6 8 60 310
2 20 17 19 -12 46 0 T M M 24.9 35 300 M M 10 52 290
3 22 17 20 -11 45 0 T M M 18.3 27 300 M M 9 38 300
4 37 22 30 -1 35 0 0.20 M M 18.1 27 50 M M 10 1 35 40
5 37 33 35 4 30 0 0.07 M M 21.1 35 90 M M 10 1 41 90
6 35 19 27 -4 38 0 0.05 M M 9.1 18 70 M M 8 1 M M
7 33 16 25 -6 40 0 T M M 13.3 21 300 M M 1 30 290
8 37 27 32 1 33 0 0.24 M M 14.8 24 80 M M 10 1 38 80
9 36 28 32 1 33 0 0.02 M M 22.0 33 300 M M 9 45 30
10 M M M M M M M M M 11.2 32 300 M M 7 45 280
11 39 21 30 -1 35 0 0.11 M M 7.8 30 110 M M 9 1 34 110
12 40 27 34 3 31 0 T M M 8.1 26 60 M M 4 41 60
13 40 34 37 6 28 0 1.61 M M 14.6 31 50 M M 10 1 41 60
14 39 30 35 4 30 0 0.00 M M 3.9 10 280 M M 4 1 11 270
15 37 26 32 1 33 0 0.00 M M 4.6 23 260 M M 3 27 260
16 34 19 27 -4 38 0 0.00 M M 5.9 17 280 M M 1 19 270
17 32 19 26 -5 39 0 0.00 M M 3.6 9 260 M M 4 10 270
18 37 28 33 2 32 0 0.24 M M 7.6 21 90 M M 10 1 24 80
19 38 26 32 1 33 0 0.10 M M 9.7 21 290 M M 7 1 26 290
20 40 22 31 0 34 0 0.76 M M 12.7 32 90 M M 6 1 38 110
21 46 37 42 11 23 0 0.57 M M 10.9 37 170 M M 10 18 52 180
22 41 34 38 7 27 0 0.15 M M 4.1 12 50 M M 9 12 13 50
23 43 34 39 8 26 0 0.88 M M 12.9 33 120 M M 9 1 42 120
24 42 40 41 10 24 0 0.25 M M 9.6 23 140 M M 10 1 30 140
25 37 25 31 0 34 0 0.00 M M 9.3 22 290 M M 1 27 300
26 37 30 34 2 31 0 2.07 M M 11.8 20 360 M M 10 1 30 350
27 38 35 37 5 28 0 0.82 M M 14.2 24 290 M M 10 1 33 300
28 35 26 31 -1 34 0 0.01 M M 16.7 30 290 M M 9 38 290
29 37 27 32 0 33 0 T M M 19.1 30 310 M M 4 8 37 300
30 28 25 27 -5 38 0 0.00 M M 11.4 18 310 M M 2 25 310
31 36 16 26 -6 39 0 0.26 M M 7.6 18 50 M M 6 18 22 50
================================================================================
SM 1091 773 1009 0 8.41 M 385.1 M 218
================================================================================
AV 36.4 25.8 12.4 FASTST M M 7 MAX(MPH)
MISC ----> 37 170 60 310
================================================================================
NOTES:
# LAST OF SEVERAL OCCURRENCES
COLUMN 17 PEAK WIND IN M.P.H.
PRELIMINARY LOCAL CLIMATOLOGICAL DATA (WS FORM: F-6) , PAGE 2
STATION: KODIAK
MONTH: JANUARY
YEAR: 2022
LATITUDE: 57 45 N
LONGITUDE: 152 31 W
[TEMPERATURE DATA] [PRECIPITATION DATA] SYMBOLS USED IN COLUMN 16
AVERAGE MONTHLY: 31.1 TOTAL FOR MONTH: 8.41 1 = FOG OR MIST
DPTR FM NORMAL: -0.1 DPTR FM NORMAL: 0.06 2 = FOG REDUCING VISIBILITY
HIGHEST: 46 ON 21 GRTST 24HR 2.07 ON 26-26 TO 1/4 MILE OR LESS
LOWEST: 13 ON 1 3 = THUNDER
SNOW, ICE PELLETS, HAIL 4 = ICE PELLETS
TOTAL MONTH: M 5 = HAIL
GRTST 24HR M ON M 6 = FREEZING RAIN OR DRIZZLE
GRTST DEPTH: M ON M 7 = DUSTSTORM OR SANDSTORM:
VSBY 1/2 MILE OR LESS
8 = SMOKE OR HAZE
[NO. OF DAYS WITH] [WEATHER - DAYS WITH] 9 = BLOWING SNOW
X = TORNADO
MAX 32 OR BELOW: 4 0.01 INCH OR MORE: 18
MAX 90 OR ABOVE: 0 0.10 INCH OR MORE: 14
MIN 32 OR BELOW: 23 0.50 INCH OR MORE: 6
MIN 0 OR BELOW: 0 1.00 INCH OR MORE: 2
[HDD (BASE 65) ]
TOTAL THIS MO. 1009 CLEAR (SCALE 0-3) 4
DPTR FM NORMAL -40 PTCLDY (SCALE 4-7) 11
TOTAL FM JUL 1 3449 CLOUDY (SCALE 8-10) 16
DPTR FM NORMAL -1187
[CDD (BASE 65) ]
TOTAL THIS MO. 0
DPTR FM NORMAL 0 [PRESSURE DATA]
TOTAL FM JAN 1 0 HIGHEST SLP M ON M
DPTR FM NORMAL 0 LOWEST SLP 28.95 ON 13
[REMARKS]
#FINAL-01-22#