411
CXUS54 KLCH 010807
CF6AEX
PRELIMINARY LOCAL CLIMATOLOGICAL DATA (WS FORM: F-6)
STATION: ALEXANDRIA
MONTH: JUNE
YEAR: 2020
LATITUDE: 31 19 N
LONGITUDE: 92 33 W
TEMPERATURE IN F: :PCPN: SNOW: WIND :SUNSHINE: SKY :PK WND
================================================================================
1 2 3 4 5 6A 6B 7 8 9 10 11 12 13 14 15 16 17 18
12Z AVG MX 2MIN
DY MAX MIN AVG DEP HDD CDD WTR SNW DPTH SPD SPD DIR MIN PSBL S-S WX SPD DR
================================================================================
1 89 63 76 -2 0 11 T 0.0 0 3.2 9 90 M M 1 13 80
2 90 69 80 2 0 15 T 0.0 0 2.4 9 40 M M 1 13 360
3 92 72 82 4 0 17 0.26 0.0 0 3.3 23 160 M M 1 13 31 160
4 90 69 80 2 0 15 0.03 0.0 0 4.0 16 240 M M 3 12 21 250
5 93 71 82 3 0 17 0.00 0.0 0 3.7 18 70 M M 1 1 30 50
6 93 70 82 3 0 17 0.00 0.0 0 6.4 14 70 M M 1 20 120
7 84 74 79 0 0 14 0.13 0.0 0 8.6 16 30 M M 8 1 25 20
8 92 73 83 4 0 18 0.53 0.0 0 12.9 31 310 M M 6 138 48 330
9 93 77 85 6 0 20 0.00 0.0 0 11.1 16 190 M M M 8 26 190
10 88 64 76 -3 0 11 1.02 0.0 0 7.2 26 310 M M 1 13 36 320
11 87 61 74 -6 0 9 0.00 0.0 0 4.3 14 10 M M 0 20 20
12 89 62 76 -4 0 11 0.00 0.0 0 8.1 16 50 M M 0 28 50
13 91 63 77 -3 0 12 0.00 0.0 0 7.1 16 50 M M 0 8 25 20
14 93 65 79 -1 0 14 0.00 0.0 0 3.8 12 140 M M 1 15 140
15 93 70 82 2 0 17 0.08 0.0 0 1.7 20 70 M M 1 13 31 80
16 95 69 82 2 0 17 0.00 0.0 0 3.9 10 40 M M 2 12 15 40
17 91 64 78 -2 0 13 0.00 0.0 0 2.6 10 50 M M 0 18 60
18 96 66 81 0 0 16 0.00 0.0 0 3.1 10 120 M M 0 18 14 160
19 93 69 81 0 0 16 0.00 0.0 0 4.3 13 110 M M 0 18 19 140
20 91 69 80 -1 0 15 0.00 0.0 0 5.8 14 190 M M 0 18 23 160
21 92 73 83 2 0 18 0.27 0.0 0 5.6 23 220 M M 1 138 31 230
22 84 71 78 -3 0 13 1.72 0.0 0 7.1 26 220 M M 4 138 40 220
23 92 69 81 0 0 16 0.29 0.0 0 4.9 20 110 M M 2 13 27 110
24 85 72 79 -2 0 14 0.34 0.0 0 5.4 18 210 M M 7 138 28 220
25 81 72 77 -4 0 12 0.34 0.0 0 5.9 25 180 M M 9 138 37 180
26 83 73 78 -4 0 13 0.19 0.0 0 5.4 14 140 M M 7 18 17 130
27 90 76 83 1 0 18 0.08 0.0 0 7.0 18 190 M M 2 18 27 200
28 90 77 84 2 0 19 0.08 0.0 0 6.7 24 230 M M 5 13 33 230
29 90 77 84 2 0 19 0.00 0.0 0 7.7 15 170 M M 2 1 22 170
30 88 78 83 1 0 18 T 0.0 0 6.1 13 190 M M 4 1 18 170
================================================================================
SM 2698 2098 0 455 5.36 0.0 169.3 M 70
================================================================================
AV 89.9 69.9 5.6 FASTST M M 2 MAX(MPH)
MISC ----> # 31 310 # 48 330
================================================================================
NOTES:
# LAST OF SEVERAL OCCURRENCES
COLUMN 17 PEAK WIND IN M.P.H.
PRELIMINARY LOCAL CLIMATOLOGICAL DATA (WS FORM: F-6) , PAGE 2
STATION: ALEXANDRIA
MONTH: JUNE
YEAR: 2020
LATITUDE: 31 19 N
LONGITUDE: 92 33 W
[TEMPERATURE DATA] [PRECIPITATION DATA] SYMBOLS USED IN COLUMN 16
AVERAGE MONTHLY: 79.9 TOTAL FOR MONTH: 5.36 1 = FOG OR MIST
DPTR FM NORMAL: -0.2 DPTR FM NORMAL: 0.26 2 = FOG REDUCING VISIBILITY
HIGHEST: 96 ON 18 GRTST 24HR 1.72 ON 22-22 TO 1/4 MILE OR LESS
LOWEST: 61 ON 11 3 = THUNDER
SNOW, ICE PELLETS, HAIL 4 = ICE PELLETS
TOTAL MONTH: 0.0 INCH 5 = HAIL
GRTST 24HR 0.0 6 = FREEZING RAIN OR DRIZZLE
GRTST DEPTH: 0 7 = DUSTSTORM OR SANDSTORM:
VSBY 1/2 MILE OR LESS
8 = SMOKE OR HAZE
[NO. OF DAYS WITH] [WEATHER - DAYS WITH] 9 = BLOWING SNOW
X = TORNADO
MAX 32 OR BELOW: 0 0.01 INCH OR MORE: 14
MAX 90 OR ABOVE: 20 0.10 INCH OR MORE: 10
MIN 32 OR BELOW: 0 0.50 INCH OR MORE: 3
MIN 0 OR BELOW: 0 1.00 INCH OR MORE: 2
[HDD (BASE 65) ]
TOTAL THIS MO. 0 CLEAR (SCALE 0-3) 20
DPTR FM NORMAL 0 PTCLDY (SCALE 4-7) 8
TOTAL FM JUL 1 1660 CLOUDY (SCALE 8-10) 1
DPTR FM NORMAL -291
[CDD (BASE 65) ]
TOTAL THIS MO. 455
DPTR FM NORMAL 2 [PRESSURE DATA]
TOTAL FM JAN 1 936 HIGHEST SLP 30.21 ON 12
DPTR FM NORMAL 29 LOWEST SLP 29.48 ON 8
[REMARKS]
#FINAL-06-20#