000
CXUS54 KFWD 010830
CF6AFW
PRELIMINARY LOCAL CLIMATOLOGICAL DATA (WS FORM: F-6)
STATION: FORT WORTH ALLIANCE
MONTH: FEBRUARY
YEAR: 2023
LATITUDE: 32 58 N
LONGITUDE: 97 19 W
TEMPERATURE IN F: :PCPN: SNOW: WIND :SUNSHINE: SKY :PK WND
================================================================================
1 2 3 4 5 6A 6B 7 8 9 10 11 12 13 14 15 16 17 18
12Z AVG MX 2MIN
DY MAX MIN AVG DEP HDD CDD WTR SNW DPTH SPD SPD DIR MIN PSBL S-S WX SPD DR
================================================================================
1 30 26 28 -20 37 0 0.30 M M 8.3 15 350 M M 10 16 18 360
2 33 29 31 -17 34 0 0.22 M M 7.2 13 350 M M 9 16 15 350
3 53 27 40 -8 25 0 0.00 M M 4.8 12 360 M M 0 1 16 350
4 58 32 45 -4 20 0 0.00 M M 10.3 25 190 M M 5 18 34 200
5 69 39 54 5 11 0 0.00 M M 8.1 15 170 M M 1 1 26 160
6 74 50 62 13 3 0 0.00 M M 17.3 32 170 M M 6 1 41 170
7 63 46 55 6 10 0 0.49 M M 13.1 22 160 M M 10 13 29 170
8 47 36 42 -7 23 0 0.72 M M 11.3 23 280 M M 8 13 30 280
9 62 34 48 -2 17 0 0.00 M M 6.6 20 350 M M 1 29 330
10 48 33 41 -9 24 0 0.00 M M 14.0 25 330 M M 9 33 340
11 55 31 43 -7 22 0 0.00 M M 7.7 14 350 M M 2 20 340
12 67 34 51 1 14 0 0.00 M M 7.5 17 180 M M 2 24 190
13 64 43 54 4 11 0 T M M 12.3 40 150 M M 8 53 140
14 69 52 61 11 4 0 0.65 M M 18.3 38 270 M M 7 13 59 270
15 77 45 61 11 4 0 0.00 M M 13.9 31 300 M M 5 41 300
16 50 34 42 -9 23 0 0.00 M M 19.1 28 330 M M 7 36 310
17 51 28 40 -11 25 0 0.00 M M 7.4 21 340 M M 2 27 340
18 51 33 42 -9 23 0 0.00 M M 11.2 23 190 M M 7 33 180
19 72 46 59 8 6 0 0.00 M M 13.2 23 210 M M 8 33 230
20 81 61 71 19 0 6 0.00 M M 12.4 25 210 M M 9 32 220
21 88 61 75 23 0 10 0.00 M M 15.0 35 180 M M 8 45 190
22 79 58 69 17 0 4 0.27 M M 15.6 37 180 M M 5 13 46 180
23 65 40 53 1 12 0 0.00 M M 13.1 24 360 M M 5 34 280
24 46 39 43 -9 22 0 0.01 M M 12.2 18 360 M M 10 1 26 360
25 47 37 42 -11 23 0 0.01 M M 5.6 14 340 M M 10 1 16 40
26 76 45 61 8 4 0 0.26 M M 12.2 40 290 M M 9 128 55 290
27 73 51 62 9 3 0 0.00 M M 10.4 24 250 M M 4 18 33 240
28 82 48 65 11 0 0 0.00 M M 9.2 15 220 M M 4 20 230
================================================================================
SM 1730 1138 400 20 2.93 M 317.3 M 171
================================================================================
AV 61.8 40.6 11.3 FASTST M M 6 MAX(MPH)
MISC ----> # 40 150 59 270
================================================================================
NOTES:
# LAST OF SEVERAL OCCURRENCES
COLUMN 17 PEAK WIND IN M.P.H.
PRELIMINARY LOCAL CLIMATOLOGICAL DATA (WS FORM: F-6) , PAGE 2
STATION: FORT WORTH ALLIANCE
MONTH: FEBRUARY
YEAR: 2023
LATITUDE: 32 58 N
LONGITUDE: 97 19 W
[TEMPERATURE DATA] [PRECIPITATION DATA] SYMBOLS USED IN COLUMN 16
AVERAGE MONTHLY: 51.2 TOTAL FOR MONTH: 2.93 1 = FOG OR MIST
DPTR FM NORMAL: 0.6 DPTR FM NORMAL: 0.70 2 = FOG REDUCING VISIBILITY
HIGHEST: 88 ON 21 GRTST 24HR 1.20 ON 7- 8 TO 1/4 MILE OR LESS
LOWEST: 26 ON 1 3 = THUNDER
SNOW, ICE PELLETS, HAIL 4 = ICE PELLETS
TOTAL MONTH: M 5 = HAIL
GRTST 24HR M ON M 6 = FREEZING RAIN OR DRIZZLE
GRTST DEPTH: M ON M 7 = DUSTSTORM OR SANDSTORM:
VSBY 1/2 MILE OR LESS
8 = SMOKE OR HAZE
[NO. OF DAYS WITH] [WEATHER - DAYS WITH] 9 = BLOWING SNOW
X = TORNADO
MAX 32 OR BELOW: 1 0.01 INCH OR MORE: 9
MAX 90 OR ABOVE: 0 0.10 INCH OR MORE: 7
MIN 32 OR BELOW: 6 0.50 INCH OR MORE: 2
MIN 0 OR BELOW: 0 1.00 INCH OR MORE: 0
[HDD (BASE 65) ]
TOTAL THIS MO. 400 CLEAR (SCALE 0-3) 6
DPTR FM NORMAL -13 PTCLDY (SCALE 4-7) 13
TOTAL FM JUL 1 1734 CLOUDY (SCALE 8-10) 9
DPTR FM NORMAL -135
[CDD (BASE 65) ]
TOTAL THIS MO. 20
DPTR FM NORMAL 10 [PRESSURE DATA]
TOTAL FM JAN 1 30 HIGHEST SLP 30.65 ON 3
DPTR FM NORMAL 23 LOWEST SLP 29.39 ON 22
[REMARKS]
#FINAL-02-23#