000
CXUS52 KCAE 011500
CF6AGS
PRELIMINARY LOCAL CLIMATOLOGICAL DATA (WS FORM: F-6)
STATION: AUGUSTA BUSH FIELD GA
MONTH: FEBRUARY
YEAR: 2023
LATITUDE: 33 22 N
LONGITUDE: 81 58 W
TEMPERATURE IN F: :PCPN: SNOW: WIND :SUNSHINE: SKY :PK WND
================================================================================
1 2 3 4 5 6A 6B 7 8 9 10 11 12 13 14 15 16 17 18
12Z AVG MX 2MIN
DY MAX MIN AVG DEP HDD CDD WTR SNW DPTH SPD SPD DIR MIN PSBL S-S WX SPD DR
================================================================================
1 74 51 63 15 2 0 0.00 0.0 0 5.5 15 260 M M 7 12 19 240
2 57 49 53 5 12 0 0.39 0.0 M 5.4 10 20 M M 10 1 14 10
3 60 40 50 1 15 0 0.33 0.0 M 6.8 16 340 M M 5 1 19 320
4 51 30 41 -8 24 0 0.00 0.0 M 4.6 14 80 M M 0 20 100
5 63 35 49 0 16 0 0.00 0.0 0 2.5 7 80 M M 3 12 10 160
6 67 32 50 1 15 0 0.00 0.0 0 1.8 12 330 M M 1 12 14 350
7 71 29 50 1 15 0 0.00 0.0 0 2.4 15 220 M M 0 128 22 230
8 76 38 57 8 8 0 0.00 0.0 0 2.2 10 350 M M 1 128 13 220
9 77 45 61 11 4 0 0.03 0.0 0 6.3 26 190 M M 3 1 36 200
10 70 52 61 11 4 0 0.03 0.0 0 3.5 17 320 M M 8 12 21 330
11 55 44 50 0 15 0 1.47 0.0 0 10.0 23 60 M M 9 13 27 40
12 48 39 44 -6 21 0 0.19 0.0 0 7.4 17 310 M M 8 1 22 310
13 70 30 50 0 15 0 0.00 0.0 0 4.6 16 250 M M 0 12 21 260
14 73 31 52 1 13 0 0.00 0.0 0 3.7 14 130 M M 0 1 18 140
15 77 37 57 6 8 0 0.00 0.0 0 3.5 18 220 M M 1 12 26 230
16 80 45 63 12 2 0 0.00 0.0 0 4.8 16 200 M M 5 12 20 200
17 68 39 54 3 11 0 0.24 0.0 0 12.4 24 320 M M 4 1 33 320
18 58 27 43 -8 22 0 0.00 0.0 0 3.6 14 320 M M 0 18 330
19 69 30 50 -2 15 0 0.00 0.0 0 2.1 14 220 M M 3 1 17 210
20 76 36 56 4 9 0 0.00 0.0 0 7.6 20 220 M M 1 12 26 220
21 79 56 68 16 0 3 T 0.0 0 8.1 25 320 M M 5 12 32 310
22 83 53 68 16 0 3 0.00 0.0 0 8.5 21 190 M M 3 12 27 180
23 84 65 75 22 0 10 0.00 0.0 0 10.0 21 220 M M 4 28 220
24 80 54 67 14 0 2 2.31 0.0 0 6.4 22 60 M M 5 1 30 60
25 61 51 56 3 9 0 0.09 0.0 0 3.2 16 70 M M 10 1 20 70
26 80 52 66 13 0 1 0.00 0.0 0 6.2 24 280 M M 4 1 32 290
27 78 51 65 11 0 0 0.00 0.0 0 9.0 23 220 M M 5 12 34 260
28 83 52 68 14 0 3 0.00 0.0 0 8.1 21 290 M M 0 29 230
================================================================================
SM 1968 1193 255 22 5.08 0.0 160.2 M 105
================================================================================
AV 70.3 42.6 5.7 FASTST M M 4 MAX(MPH)
MISC ----> 26 190 36 200
================================================================================
NOTES:
# LAST OF SEVERAL OCCURRENCES
COLUMN 17 PEAK WIND IN M.P.H.
PRELIMINARY LOCAL CLIMATOLOGICAL DATA (WS FORM: F-6) , PAGE 2
STATION: AUGUSTA BUSH FIELD GA
MONTH: FEBRUARY
YEAR: 2023
LATITUDE: 33 22 N
LONGITUDE: 81 58 W
[TEMPERATURE DATA] [PRECIPITATION DATA] SYMBOLS USED IN COLUMN 16
AVERAGE MONTHLY: 56.4 TOTAL FOR MONTH: 5.08 1 = FOG OR MIST
DPTR FM NORMAL: 5.6 DPTR FM NORMAL: 1.41 2 = FOG REDUCING VISIBILITY
HIGHEST: 84 ON 23 GRTST 24HR 2.40 ON 24-25 TO 1/4 MILE OR LESS
LOWEST: 27 ON 18 3 = THUNDER
SNOW, ICE PELLETS, HAIL 4 = ICE PELLETS
TOTAL MONTH: 0.0 INCH 5 = HAIL
GRTST 24HR 0.0 6 = FREEZING RAIN OR DRIZZLE
GRTST DEPTH: 0 7 = DUSTSTORM OR SANDSTORM:
VSBY 1/2 MILE OR LESS
8 = SMOKE OR HAZE
[NO. OF DAYS WITH] [WEATHER - DAYS WITH] 9 = BLOWING SNOW
X = TORNADO
MAX 32 OR BELOW: 0 0.01 INCH OR MORE: 9
MAX 90 OR ABOVE: 0 0.10 INCH OR MORE: 6
MIN 32 OR BELOW: 7 0.50 INCH OR MORE: 2
MIN 0 OR BELOW: 0 1.00 INCH OR MORE: 2
[HDD (BASE 65) ]
TOTAL THIS MO. 255 CLEAR (SCALE 0-3) 11
DPTR FM NORMAL -148 PTCLDY (SCALE 4-7) 12
TOTAL FM JUL 1 1617 CLOUDY (SCALE 8-10) 5
DPTR FM NORMAL -204
[CDD (BASE 65) ]
TOTAL THIS MO. 22
DPTR FM NORMAL 16 [PRESSURE DATA]
TOTAL FM JAN 1 22 HIGHEST SLP 30.63 ON 4
DPTR FM NORMAL 18 LOWEST SLP 29.67 ON 27
[REMARKS]
#FINAL-02-23#