000
CXUS55 KCAE 011400
CF6AGS
PRELIMINARY LOCAL CLIMATOLOGICAL DATA (WS FORM: F-6)
STATION: AUGUSTA BUSH FIELD GA
MONTH: MARCH
YEAR: 2021
LATITUDE: 33 22 N
LONGITUDE: 81 58 W
TEMPERATURE IN F: :PCPN: SNOW: WIND :SUNSHINE: SKY :PK WND
================================================================================
1 2 3 4 5 6A 6B 7 8 9 10 11 12 13 14 15 16 17 18
12Z AVG MX 2MIN
DY MAX MIN AVG DEP HDD CDD WTR SNW DPTH SPD SPD DIR MIN PSBL S-S WX SPD DR
================================================================================
1 77 61 69 17 0 4 0.04 0.0 0 10.6 29 280 M M 7 8 38 250
2 61 43 52 -1 13 0 0.26 0.0 0 7.5 17 70 M M 6 1 22 70
3 66 40 53 0 12 0 1.07 0.0 0 6.5 18 350 M M 6 1 22 360
4 74 34 54 1 11 0 0.00 0.0 0 3.4 15 320 M M 0 1 20 320
5 68 35 52 -1 13 0 0.00 0.0 0 3.9 14 50 M M 0 20 30
6 56 33 45 -9 20 0 0.00 0.0 0 6.6 17 30 M M 7 22 70
7 61 31 46 -8 19 0 0.00 0.0 0 5.8 20 350 M M 0 26 320
8 68 27 48 -6 17 0 0.00 0.0 0 1.1 9 20 M M 0 16 60
9 75 30 53 -1 12 0 0.00 0.0 0 2.2 14 180 M M 0 1 18 190
10 77 34 56 1 9 0 0.00 0.0 0 3.6 14 240 M M 0 1 19 250
11 79 40 60 5 5 0 0.00 0.0 0 3.9 15 210 M M 0 12 20 240
12 83 44 64 9 1 0 0.00 0.0 0 3.5 14 240 M M 0 12 19 210
13 85 47 66 11 0 1 0.00 0.0 0 3.7 12 50 M M 2 128 18 20
14 82 52 67 11 0 2 0.00 0.0 M 2.6 9 10 M M 2 12 330
15 75 56 66 10 0 1 0.00 0.0 M 9.3 18 130 M M 6 24 140
16 60 50 55 -1 10 0 0.13 0.0 0 6.1 13 20 M M 10 18 16 70
17 72 51 62 6 3 0 T 0.0 0 4.5 13 160 M M 10 1 17 160
18 82 59 71 15 0 6 T 0.0 0 13.8 28 200 M M 8 38 220
19 68 48 58 1 7 0 0.00 0.0 0 12.1 23 300 M M 5 32 280
20 62 41 52 -5 13 0 T 0.0 0 12.3 22 40 M M 5 28 60
21 68 46 57 0 8 0 0.19 0.0 0 9.6 21 40 M M 9 27 60
22 78 50 64 7 1 0 0.00 0.0 0 9.6 17 40 M M 1 25 40
23 79 49 64 6 1 0 0.00 0.0 0 3.9 10 140 M M 3 18 60
24 79 58 69 11 0 4 0.01 0.0 0 3.1 16 190 M M 5 21 190
25 89 59 74 16 0 9 T 0.0 0 9.1 25 190 M M 2 31 170
26 75 65 70 12 0 5 2.03 0.0 0 5.7 23 280 M M 8 123 27 290
27 85 61 73 15 0 8 0.24 0.0 0 3.6 18 220 M M 6 12 23 210
28 84 60 72 13 0 7 0.24 0.0 0 10.3 32 290 M M 4 18 43 300
29 73 47 60 1 5 0 0.00 0.0 0 5.8 14 320 M M 0 16 10
30 74 42 58 -1 7 0 T 0.0 0 3.5 12 80 M M 6 1 15 70
31 88 64 76 17 0 11 0.49 0.0 0 9.2 30 330 M M 9 138 33 340
================================================================================
SM 2303 1457 187 58 4.70 0.0 196.4 M 127
================================================================================
AV 74.3 47.0 6.3 FASTST M M 4 MAX(MPH)
MISC ----> 32 290 43 300
================================================================================
NOTES:
# LAST OF SEVERAL OCCURRENCES
COLUMN 17 PEAK WIND IN M.P.H.
PRELIMINARY LOCAL CLIMATOLOGICAL DATA (WS FORM: F-6) , PAGE 2
STATION: AUGUSTA BUSH FIELD GA
MONTH: MARCH
YEAR: 2021
LATITUDE: 33 22 N
LONGITUDE: 81 58 W
[TEMPERATURE DATA] [PRECIPITATION DATA] SYMBOLS USED IN COLUMN 16
AVERAGE MONTHLY: 60.6 TOTAL FOR MONTH: 4.70 1 = FOG OR MIST
DPTR FM NORMAL: 4.7 DPTR FM NORMAL: 0.52 2 = FOG REDUCING VISIBILITY
HIGHEST: 89 ON 25 GRTST 24HR 2.27 ON 26-27 TO 1/4 MILE OR LESS
LOWEST: 27 ON 8 3 = THUNDER
SNOW, ICE PELLETS, HAIL 4 = ICE PELLETS
TOTAL MONTH: 0.0 INCH 5 = HAIL
GRTST 24HR 0.0 6 = FREEZING RAIN OR DRIZZLE
GRTST DEPTH: 0 7 = DUSTSTORM OR SANDSTORM:
VSBY 1/2 MILE OR LESS
8 = SMOKE OR HAZE
[NO. OF DAYS WITH] [WEATHER - DAYS WITH] 9 = BLOWING SNOW
X = TORNADO
MAX 32 OR BELOW: 0 0.01 INCH OR MORE: 10
MAX 90 OR ABOVE: 0 0.10 INCH OR MORE: 8
MIN 32 OR BELOW: 3 0.50 INCH OR MORE: 2
MIN 0 OR BELOW: 0 1.00 INCH OR MORE: 2
[HDD (BASE 65) ]
TOTAL THIS MO. 187 CLEAR (SCALE 0-3) 14
DPTR FM NORMAL -109 PTCLDY (SCALE 4-7) 13
TOTAL FM JUL 1 1840 CLOUDY (SCALE 8-10) 4
DPTR FM NORMAL -489
[CDD (BASE 65) ]
TOTAL THIS MO. 58
DPTR FM NORMAL 43 [PRESSURE DATA]
TOTAL FM JAN 1 70 HIGHEST SLP 30.59 ON 9
DPTR FM NORMAL 52 LOWEST SLP 29.59 ON 18
[REMARKS]
#FINAL-03-21#